NOAA-Style Climate Reports
Select a Year or Month report
2024: Ene Feb Mar Abr May Jun Jul Ago Sep Oct Nov Dic
2023: Ene Feb Mar Abr May Jun Jul Ago Sep Oct Nov Dic
2022: Ene Feb Mar Abr May Jun Jul Ago Sep Oct Nov Dic
2021: Ene Feb Mar Abr May Jun Jul Ago Sep Oct Nov Dic
2020: Ene Feb Mar Abr May Jun Jul Ago Sep Oct Nov Dic
2019: Ene Feb Mar Abr May Jun Jul Ago Sep Oct Nov Dic
2018: Ene Feb Mar Abr May Jun Jul Ago Sep Oct Nov Dic
2024: Ene Feb Mar Abr May Jun Jul Ago Sep Oct Nov Dic
2023: Ene Feb Mar Abr May Jun Jul Ago Sep Oct Nov Dic
2022: Ene Feb Mar Abr May Jun Jul Ago Sep Oct Nov Dic
2021: Ene Feb Mar Abr May Jun Jul Ago Sep Oct Nov Dic
2020: Ene Feb Mar Abr May Jun Jul Ago Sep Oct Nov Dic
2019: Ene Feb Mar Abr May Jun Jul Ago Sep Oct Nov Dic
2018: Ene Feb Mar Abr May Jun Jul Ago Sep Oct Nov Dic
Report for 2021 Enero
MONTHLY CLIMATOLOGICAL SUMMARY for Jan 2021 NAME: Segura de Toro ELEV: 630 meters LAT: 40-13.45 N LONG: 005-56.95 W TEMPERATURE (C), RAIN (cm), WIND SPEED (km/h) HEAT COOL AVG MEAN DEG DEG WIND DOM DAY TEMP HIGH TIME LOW TIME DAYS DAYS RAIN SPEED HIGH TIME DIR --------------------------------------------------------------------------------------- 01 4.7 6.4 16:26 2.5 08:16 13.6 0.0 0.00 0.0 0.0 00:00 N/A 02 3.8 6.1 14:50 1.5 07:55 14.5 0.0 0.00 0.0 0.0 00:00 N/A 03 4.2 8.3 14:20 0.5 08:07 14.2 0.0 0.00 0.0 3.6 13:39 292 04 4.6 8.0 14:59 1.8 08:24 13.8 0.0 0.00 0.0 6.1 09:14 76 05 3.9 8.0 15:18 0.9 09:50 14.5 0.0 0.00 0.1 9.7 13:42 207 06 3.9 7.2 15:18 1.8 09:37 14.5 0.0 0.00 0.2 17.3 12:36 228 07 4.0 8.5 14:40 1.1 23:49 14.4 0.0 0.00 0.0 5.0 17:08 106 08 1.6 3.7 14:03 -0.2 07:15 16.7 0.0 0.00 0.0 0.0 00:00 N/A 09 1.5 2.2 00:48 1.0 07:47 16.8 0.0 0.00 0.0 0.0 00:00 N/A 10 2.5 5.0 10:56 -0.3 05:06 15.8 0.0 0.00 0.0 0.0 00:01 N/A 11 3.0 5.6 13:06 1.8 20:20 15.3 0.0 0.17 0.2 8.6 22:28 105 12 4.8 9.5 16:01 2.1 00:31 13.6 0.0 0.00 0.0 2.5 17:26 90 13 5.7 10.6 15:35 1.9 09:47 12.7 0.0 0.00 0.0 0.0 00:00 N/A 14 8.0 15.0 15:16 3.1 08:12 10.3 0.0 0.00 0.1 6.1 06:02 110 15 8.4 13.1 14:45 6.1 01:17 9.9 0.0 0.00 0.0 5.0 17:18 47 16 9.7 15.8 15:21 6.2 09:06 8.6 0.0 0.00 0.0 6.1 16:29 281 17 9.5 13.7 15:37 6.9 07:52 8.8 0.0 0.00 0.4 9.7 18:32 100 18 10.4 15.2 15:27 7.8 03:37 7.9 0.0 0.00 0.0 0.0 00:02 N/A 19 7.4 9.7 14:45 4.5 08:53 10.9 0.0 0.00 0.1 7.2 10:52 344 20 9.5 11.2 13:53 7.3 06:27 8.8 0.0 1.59 0.3 52.6 08:14 145 21 10.0 11.5 18:41 8.7 06:11 8.3 0.0 1.55 0.1 41.8 14:48 167 22 8.0 11.1 00:05 5.7 12:22 10.4 0.0 0.93 0.0 0.0 00:00 N/A 23 8.7 11.8 18:12 5.9 01:49 9.7 0.0 1.48 0.0 0.0 00:00 N/A 24 9.9 12.4 13:44 8.0 07:53 8.5 0.0 0.07 0.0 0.0 00:00 N/A 25 11.5 12.8 18:15 9.6 00:00 6.8 0.0 1.14 0.0 8.6 01:14 180 26 12.3 13.4 22:00 11.2 05:33 6.0 0.0 0.17 0.1 9.7 23:41 137 27 14.8 19.3 15:02 12.2 23:51 3.5 0.0 0.03 2.3 18.4 09:08 67 28 11.0 12.8 00:25 9.1 23:58 7.4 0.0 0.00 0.0 6.1 12:51 212 29 9.0 10.8 23:54 7.4 05:20 9.3 0.0 0.07 0.0 3.6 04:43 199 30 10.2 12.2 14:11 9.0 09:24 8.1 0.0 0.62 0.0 6.1 10:22 180 31 10.4 12.6 18:26 7.5 07:08 7.9 0.0 0.97 0.0 0.0 00:00 N/A --------------------------------------------------------------------------------------- 7.3 19.3 27 -0.3 10 341.5 0.0 8.80 0.1 52.6 20 90