NOAA-Style Climate Reports
Select a Year or Month report
2024: Ene Feb Mar Abr May Jun Jul Ago Sep Oct Nov Dic
2023: Ene Feb Mar Abr May Jun Jul Ago Sep Oct Nov Dic
2022: Ene Feb Mar Abr May Jun Jul Ago Sep Oct Nov Dic
2021: Ene Feb Mar Abr May Jun Jul Ago Sep Oct Nov Dic
2020: Ene Feb Mar Abr May Jun Jul Ago Sep Oct Nov Dic
2019: Ene Feb Mar Abr May Jun Jul Ago Sep Oct Nov Dic
2018: Ene Feb Mar Abr May Jun Jul Ago Sep Oct Nov Dic
2024: Ene Feb Mar Abr May Jun Jul Ago Sep Oct Nov Dic
2023: Ene Feb Mar Abr May Jun Jul Ago Sep Oct Nov Dic
2022: Ene Feb Mar Abr May Jun Jul Ago Sep Oct Nov Dic
2021: Ene Feb Mar Abr May Jun Jul Ago Sep Oct Nov Dic
2020: Ene Feb Mar Abr May Jun Jul Ago Sep Oct Nov Dic
2019: Ene Feb Mar Abr May Jun Jul Ago Sep Oct Nov Dic
2018: Ene Feb Mar Abr May Jun Jul Ago Sep Oct Nov Dic
Report for 2020 Diciembre
MONTHLY CLIMATOLOGICAL SUMMARY for Dec 2020 NAME: Segura de Toro ELEV: 630 meters LAT: 40-13.45 N LONG: 005-56.95 W TEMPERATURE (C), RAIN (cm), WIND SPEED (km/h) HEAT COOL AVG MEAN DEG DEG WIND DOM DAY TEMP HIGH TIME LOW TIME DAYS DAYS RAIN SPEED HIGH TIME DIR --------------------------------------------------------------------------------------- 01 12.1 16.1 14:20 9.7 21:17 6.2 0.0 0.00 0.0 0.0 00:00 N/A 02 10.4 13.5 12:20 6.4 23:28 7.9 0.0 0.00 0.0 7.2 22:43 94 03 7.6 10.6 14:10 4.9 05:53 10.7 0.0 0.00 0.1 9.7 14:05 208 04 5.7 8.0 00:00 3.7 23:42 12.6 0.0 0.34 0.0 11.2 13:52 197 05 5.4 9.1 15:11 3.1 07:45 12.9 0.0 0.03 0.6 18.4 15:37 11 06 5.8 7.5 13:17 3.6 06:01 12.5 0.0 0.00 0.3 15.8 04:42 38 07 9.1 10.7 16:40 7.2 00:00 9.2 0.0 0.14 0.0 0.0 00:00 N/A 08 7.9 10.7 14:46 6.2 21:07 10.4 0.0 0.28 0.0 3.6 13:16 N/A 09 7.0 10.1 13:19 4.5 04:19 11.4 0.0 0.00 0.0 0.0 00:00 N/A 10 11.2 13.2 10:54 7.3 00:03 7.1 0.0 0.52 0.0 0.0 00:00 N/A 11 13.3 14.2 19:06 12.4 23:57 5.0 0.0 1.21 0.8 25.6 08:03 188 12 12.1 15.0 15:14 10.1 05:58 6.2 0.0 0.00 0.0 8.6 16:47 90 13 10.9 12.7 12:02 7.5 06:49 7.4 0.0 0.00 0.0 3.6 16:58 180 14 12.1 14.4 11:52 9.6 23:34 6.3 0.0 0.52 0.0 0.0 00:00 N/A 15 9.3 11.8 14:03 7.5 07:40 9.1 0.0 0.00 0.0 0.0 00:00 N/A 16 10.1 11.1 15:00 9.0 17:50 8.3 0.0 2.45 0.0 0.0 00:00 N/A 17 9.7 13.7 15:33 7.1 08:14 8.6 0.0 0.00 0.0 2.5 12:52 N/A 18 8.3 10.8 23:44 7.2 07:47 10.1 0.0 0.00 0.0 0.0 00:00 N/A 19 9.5 11.7 06:47 7.5 23:13 8.8 0.0 0.55 0.0 3.6 15:15 263 20 9.4 12.9 15:23 7.2 01:47 9.0 0.0 0.00 0.1 9.7 12:24 169 21 10.4 12.5 14:44 9.2 08:13 7.9 0.0 0.00 0.0 6.1 18:16 196 22 9.3 10.0 00:00 8.9 09:00 9.1 0.0 0.07 0.0 2.5 13:55 248 23 9.6 10.7 14:09 8.6 04:36 8.8 0.0 0.24 0.0 8.6 12:16 212 24 8.5 10.2 12:04 7.0 22:57 9.8 0.0 0.03 0.0 0.0 00:00 N/A 25 7.0 12.0 14:10 3.9 23:53 11.4 0.0 0.00 0.0 5.0 12:42 225 26 5.4 10.5 15:13 2.6 05:24 12.9 0.0 0.00 0.0 0.0 00:00 N/A 27 5.8 7.8 14:25 3.5 08:43 12.5 0.0 0.00 0.0 0.0 00:00 N/A 28 7.0 8.4 12:03 5.1 23:50 11.4 0.0 0.59 0.0 0.0 00:00 N/A 29 5.2 8.4 14:33 3.5 06:07 13.2 0.0 0.07 0.0 0.0 00:00 N/A 30 5.4 8.6 14:20 3.0 02:40 12.9 0.0 0.00 0.0 14.8 15:34 94 31 5.4 6.9 06:38 3.1 07:45 12.9 0.0 0.41 0.0 2.5 10:03 45 --------------------------------------------------------------------------------------- 8.6 16.1 01 2.6 26 302.5 0.0 7.45 0.1 25.6 11 167