NOAA-Style Climate Reports
Select a Year or Month report
2024: Ene Feb Mar Abr May Jun Jul Ago Sep Oct Nov Dic
2023: Ene Feb Mar Abr May Jun Jul Ago Sep Oct Nov Dic
2022: Ene Feb Mar Abr May Jun Jul Ago Sep Oct Nov Dic
2021: Ene Feb Mar Abr May Jun Jul Ago Sep Oct Nov Dic
2020: Ene Feb Mar Abr May Jun Jul Ago Sep Oct Nov Dic
2019: Ene Feb Mar Abr May Jun Jul Ago Sep Oct Nov Dic
2018: Ene Feb Mar Abr May Jun Jul Ago Sep Oct Nov Dic
2024: Ene Feb Mar Abr May Jun Jul Ago Sep Oct Nov Dic
2023: Ene Feb Mar Abr May Jun Jul Ago Sep Oct Nov Dic
2022: Ene Feb Mar Abr May Jun Jul Ago Sep Oct Nov Dic
2021: Ene Feb Mar Abr May Jun Jul Ago Sep Oct Nov Dic
2020: Ene Feb Mar Abr May Jun Jul Ago Sep Oct Nov Dic
2019: Ene Feb Mar Abr May Jun Jul Ago Sep Oct Nov Dic
2018: Ene Feb Mar Abr May Jun Jul Ago Sep Oct Nov Dic
Report for 2020 Noviembre
MONTHLY CLIMATOLOGICAL SUMMARY for Nov 2020 NAME: Segura de Toro ELEV: 630 meters LAT: 40-13.45 N LONG: 005-56.95 W TEMPERATURE (C), RAIN (cm), WIND SPEED (km/h) HEAT COOL AVG MEAN DEG DEG WIND DOM DAY TEMP HIGH TIME LOW TIME DAYS DAYS RAIN SPEED HIGH TIME DIR --------------------------------------------------------------------------------------- 01 16.9 20.1 13:07 14.9 03:14 1.5 0.0 0.00 0.0 3.6 09:31 90 02 16.6 18.8 13:03 15.3 07:03 1.7 0.0 0.00 0.1 9.7 12:48 216 03 14.7 17.8 01:07 12.0 23:58 3.6 0.0 0.00 0.0 17.3 16:52 90 04 10.4 12.8 22:00 8.4 08:23 8.0 0.0 1.62 0.0 12.2 13:19 355 05 14.4 16.3 23:50 12.4 16:21 4.0 0.0 3.76 0.0 33.1 16:07 136 06 16.3 19.2 13:19 11.7 21:15 2.1 0.0 1.00 1.7 47.9 14:11 126 07 13.1 15.2 15:51 11.3 08:15 5.2 0.0 2.07 0.0 5.0 15:02 206 08 14.1 15.6 18:02 12.5 23:06 4.2 0.0 1.04 0.0 15.8 09:24 186 09 12.7 15.8 14:51 11.0 05:58 5.6 0.0 0.00 0.0 9.7 12:30 229 10 13.5 18.3 15:40 11.0 07:13 4.9 0.0 0.00 1.0 9.7 12:46 94 11 13.0 16.9 15:08 9.9 07:08 5.3 0.0 0.00 0.2 9.7 02:10 101 12 13.4 15.8 14:35 11.5 20:25 4.9 0.0 0.00 0.0 3.6 16:51 90 13 13.0 15.1 23:59 11.8 06:06 5.3 0.0 0.00 0.0 5.0 08:17 90 14 13.8 15.7 02:58 12.1 07:30 4.6 0.0 0.03 0.0 0.0 00:00 N/A 15 15.6 17.8 14:32 12.8 00:51 2.7 0.0 0.03 0.0 8.6 04:09 212 16 15.7 19.4 13:52 12.9 23:59 2.6 0.0 0.00 0.0 1.1 09:00 N/A 17 14.8 18.9 15:43 12.0 07:11 3.6 0.0 0.00 0.0 3.6 16:40 135 18 16.1 20.2 14:38 13.0 07:10 2.2 0.0 0.00 0.0 3.6 08:58 90 19 18.1 23.3 14:12 14.5 02:23 0.2 0.0 0.00 0.0 7.2 01:47 90 20 15.0 19.3 15:05 11.4 08:50 3.3 0.0 0.00 1.1 11.2 02:20 91 21 13.2 17.2 14:53 9.9 06:02 5.2 0.0 0.00 0.5 8.6 00:48 87 22 12.4 16.6 15:34 10.1 09:06 5.9 0.0 0.00 0.2 6.1 21:28 91 23 12.0 16.0 14:40 9.2 08:13 6.4 0.0 0.00 0.8 9.7 08:07 90 24 11.1 14.8 14:59 9.1 06:45 7.2 0.0 0.00 2.3 19.4 19:17 152 25 11.6 12.5 16:58 10.6 10:10 6.7 0.0 1.86 4.2 46.4 06:09 153 26 10.2 11.8 05:07 8.9 21:15 8.2 0.0 4.80 0.0 2.5 20:47 68 27 10.4 12.2 13:57 8.7 03:52 7.9 0.0 0.21 0.0 5.0 21:32 128 28 10.5 12.3 20:45 8.5 07:10 7.9 0.0 0.00 0.0 0.0 00:00 N/A 29 11.9 15.3 12:36 9.2 06:18 6.4 0.0 2.14 0.0 5.0 01:34 N/A 30 11.9 16.4 15:37 9.6 07:43 6.4 0.0 0.14 0.0 5.0 15:45 225 --------------------------------------------------------------------------------------- 13.5 23.3 19 8.4 04 143.6 0.0 18.70 0.4 47.9 06 129