NOAA-Style Climate Reports
Select a Year or Month report
2024: Ene Feb Mar Abr May Jun Jul Ago Sep Oct Nov Dic
2023: Ene Feb Mar Abr May Jun Jul Ago Sep Oct Nov Dic
2022: Ene Feb Mar Abr May Jun Jul Ago Sep Oct Nov Dic
2021: Ene Feb Mar Abr May Jun Jul Ago Sep Oct Nov Dic
2020: Ene Feb Mar Abr May Jun Jul Ago Sep Oct Nov Dic
2019: Ene Feb Mar Abr May Jun Jul Ago Sep Oct Nov Dic
2018: Ene Feb Mar Abr May Jun Jul Ago Sep Oct Nov Dic
2024: Ene Feb Mar Abr May Jun Jul Ago Sep Oct Nov Dic
2023: Ene Feb Mar Abr May Jun Jul Ago Sep Oct Nov Dic
2022: Ene Feb Mar Abr May Jun Jul Ago Sep Oct Nov Dic
2021: Ene Feb Mar Abr May Jun Jul Ago Sep Oct Nov Dic
2020: Ene Feb Mar Abr May Jun Jul Ago Sep Oct Nov Dic
2019: Ene Feb Mar Abr May Jun Jul Ago Sep Oct Nov Dic
2018: Ene Feb Mar Abr May Jun Jul Ago Sep Oct Nov Dic
Report for 2020 Octubre
MONTHLY CLIMATOLOGICAL SUMMARY for Oct 2020 NAME: Segura de Toro ELEV: 630 meters LAT: 40-13.45 N LONG: 005-56.95 W TEMPERATURE (C), RAIN (cm), WIND SPEED (km/h) HEAT COOL AVG MEAN DEG DEG WIND DOM DAY TEMP HIGH TIME LOW TIME DAYS DAYS RAIN SPEED HIGH TIME DIR --------------------------------------------------------------------------------------- 01 18.1 22.0 15:37 14.0 01:00 0.3 0.0 0.00 7.4 31.7 07:54 207 02 13.0 14.8 09:04 10.2 23:24 5.3 0.0 0.28 12.0 52.6 07:57 226 03 12.2 15.8 17:40 9.0 05:35 6.1 0.0 0.00 3.1 35.6 07:50 45 04 13.3 18.0 15:17 10.2 05:06 5.0 0.0 0.07 0.1 9.7 10:59 62 05 15.8 20.8 17:13 11.8 04:40 2.5 0.0 0.00 0.0 0.0 01:01 N/A 06 19.3 25.2 16:15 14.2 06:23 0.0 1.0 0.00 0.1 19.4 16:45 360 07 21.2 27.7 17:00 15.6 05:28 0.0 2.8 0.00 0.1 9.7 03:17 93 08 22.1 28.1 15:03 18.6 07:57 0.0 3.8 0.00 1.2 11.2 23:09 96 09 22.5 28.0 16:14 18.6 08:34 0.0 4.2 0.00 2.8 27.0 00:10 80 10 20.5 24.0 16:17 16.6 00:50 0.0 2.2 0.03 8.3 40.3 23:20 55 11 15.6 19.7 14:06 11.3 08:32 2.7 0.0 0.00 4.2 34.2 14:31 61 12 14.8 20.9 14:53 9.7 08:35 3.5 0.0 0.00 2.8 34.2 17:06 61 13 18.2 24.2 15:32 13.5 07:39 0.2 0.0 0.00 5.2 43.9 00:06 51 14 13.8 18.0 16:12 10.8 07:07 4.6 0.0 0.00 8.9 36.7 01:06 44 15 14.0 18.5 15:17 10.0 08:04 4.3 0.0 0.00 4.9 23.4 15:53 68 16 13.6 18.6 16:08 9.4 07:51 4.7 0.0 0.00 2.4 15.8 21:34 133 17 15.3 19.8 15:35 11.6 07:15 3.0 0.0 0.00 2.3 14.8 16:26 95 18 16.9 21.7 16:36 13.1 05:23 1.4 0.0 0.00 2.7 17.3 23:14 103 19 19.5 22.8 14:27 15.6 00:45 0.0 1.2 1.69 10.6 66.2 09:38 155 20 16.2 17.4 04:29 13.5 22:38 2.2 0.0 16.73 12.2 82.1 02:38 151 21 14.4 18.1 14:49 13.2 04:45 3.9 0.0 1.00 0.8 30.6 11:27 182 22 13.1 15.9 12:49 11.7 00:51 5.2 0.0 3.79 0.8 15.8 20:44 163 23 12.5 16.1 15:58 10.2 06:40 5.8 0.0 0.35 0.6 15.8 05:29 191 24 12.3 15.2 13:50 8.5 08:24 6.1 0.0 0.00 0.2 22.0 13:45 215 25 12.7 14.5 13:27 9.5 23:29 5.7 0.0 1.10 0.0 9.7 17:45 247 26 10.2 13.0 16:03 8.2 05:20 8.1 0.0 0.00 0.0 7.2 17:27 107 27 10.9 14.4 12:55 7.1 07:19 7.5 0.0 0.10 0.0 11.2 09:58 209 28 13.0 15.1 14:22 11.5 04:25 5.3 0.0 0.14 0.1 8.6 12:06 193 29 14.5 19.2 15:41 11.2 00:18 3.9 0.0 0.00 0.4 8.6 00:14 94 30 16.7 21.9 15:31 13.6 06:55 1.7 0.0 0.00 0.0 6.1 09:58 137 31 17.6 22.2 14:10 14.7 07:22 0.7 0.0 0.00 0.1 11.2 11:05 199 --------------------------------------------------------------------------------------- 15.6 28.1 08 7.1 27 99.8 15.1 25.29 3.0 82.1 20 105