NOAA-Style Climate Reports
Select a Year or Month report
2024: Ene Feb Mar Abr May Jun Jul Ago Sep Oct Nov Dic
2023: Ene Feb Mar Abr May Jun Jul Ago Sep Oct Nov Dic
2022: Ene Feb Mar Abr May Jun Jul Ago Sep Oct Nov Dic
2021: Ene Feb Mar Abr May Jun Jul Ago Sep Oct Nov Dic
2020: Ene Feb Mar Abr May Jun Jul Ago Sep Oct Nov Dic
2019: Ene Feb Mar Abr May Jun Jul Ago Sep Oct Nov Dic
2018: Ene Feb Mar Abr May Jun Jul Ago Sep Oct Nov Dic
2024: Ene Feb Mar Abr May Jun Jul Ago Sep Oct Nov Dic
2023: Ene Feb Mar Abr May Jun Jul Ago Sep Oct Nov Dic
2022: Ene Feb Mar Abr May Jun Jul Ago Sep Oct Nov Dic
2021: Ene Feb Mar Abr May Jun Jul Ago Sep Oct Nov Dic
2020: Ene Feb Mar Abr May Jun Jul Ago Sep Oct Nov Dic
2019: Ene Feb Mar Abr May Jun Jul Ago Sep Oct Nov Dic
2018: Ene Feb Mar Abr May Jun Jul Ago Sep Oct Nov Dic
Report for 2020 Septiembre
MONTHLY CLIMATOLOGICAL SUMMARY for Sep 2020 NAME: Segura de Toro ELEV: 630 meters LAT: 40-13.45 N LONG: 005-56.95 W TEMPERATURE (C), RAIN (cm), WIND SPEED (km/h) HEAT COOL AVG MEAN DEG DEG WIND DOM DAY TEMP HIGH TIME LOW TIME DAYS DAYS RAIN SPEED HIGH TIME DIR --------------------------------------------------------------------------------------- 01 24.0 30.1 16:59 19.4 07:40 0.0 5.7 0.00 4.7 25.6 15:46 153 02 25.1 31.2 17:51 18.2 06:10 0.0 6.7 0.00 6.1 30.6 02:20 157 03 27.3 32.9 17:51 21.9 08:06 0.0 9.0 0.00 5.6 22.0 14:37 162 04 28.0 33.4 16:57 23.6 06:58 0.0 9.7 0.00 6.7 25.6 03:21 150 05 28.9 34.1 17:20 23.7 08:11 0.0 10.6 0.00 8.0 27.0 15:25 148 06 27.5 33.4 15:46 20.7 07:42 0.0 9.2 0.00 6.0 30.6 21:54 87 07 23.0 27.5 17:23 16.5 08:07 0.0 4.7 0.00 9.9 41.8 16:24 61 08 21.5 28.1 16:52 15.4 05:23 0.0 3.2 0.00 5.1 20.9 16:35 169 09 25.0 30.0 14:58 19.4 08:05 0.0 6.7 0.00 5.9 23.4 13:34 172 10 26.4 31.2 15:31 21.5 07:31 0.0 8.0 0.00 6.4 28.1 17:38 93 11 27.3 32.4 17:19 22.8 07:50 0.0 8.9 0.00 5.2 18.4 13:37 148 12 28.4 33.1 15:18 24.0 07:48 0.0 10.0 0.00 7.3 27.0 22:54 125 13 28.7 32.5 16:54 25.0 05:49 0.0 10.4 0.00 8.7 35.6 03:48 114 14 25.1 29.7 14:05 20.9 08:05 0.0 6.8 0.00 6.3 51.5 14:12 196 15 23.1 28.3 17:44 18.3 08:16 0.0 4.8 0.00 4.8 37.8 14:32 201 16 24.4 28.9 14:35 20.6 06:05 0.0 6.0 0.07 5.3 28.1 13:43 144 17 21.9 25.6 16:18 17.0 22:48 0.0 3.6 0.07 12.3 56.2 10:22 116 18 17.6 22.3 13:25 15.1 07:00 0.7 0.0 2.14 11.2 52.6 17:45 148 19 16.3 19.1 15:19 14.9 06:33 2.0 0.0 1.17 10.1 54.0 02:49 192 20 18.0 22.5 16:31 16.2 06:21 0.3 0.0 0.07 6.4 28.1 07:06 194 21 18.6 23.5 15:49 14.4 06:48 0.0 0.2 0.00 1.9 15.8 20:40 83 22 19.4 24.2 16:11 14.8 07:06 0.0 1.1 0.03 2.4 20.9 21:54 150 23 17.8 20.8 15:08 15.6 08:00 0.6 0.0 0.10 1.0 17.3 01:55 187 24 17.7 22.2 15:25 13.9 23:23 0.7 0.0 0.17 6.0 29.5 23:44 211 25 14.9 18.5 16:41 12.2 08:24 3.4 0.0 0.03 14.7 47.9 08:23 39 26 15.9 20.6 15:35 11.3 07:59 2.5 0.0 0.00 9.3 43.9 00:10 28 27 18.4 22.7 16:50 15.0 07:27 0.0 0.0 0.00 11.5 40.3 01:54 46 28 19.8 25.3 16:19 14.8 08:19 0.0 1.4 0.00 2.1 17.3 01:09 92 29 21.7 27.0 17:19 17.4 06:45 0.0 3.3 0.00 2.6 18.4 00:00 96 30 22.2 27.3 16:50 17.5 08:26 0.0 3.9 0.00 4.7 27.0 17:24 175 --------------------------------------------------------------------------------------- 22.5 34.1 05 11.3 26 10.2 134.0 3.86 6.6 56.2 17 124