SEGURA DE TORO     Extremadura     España

21°C


Latitud: 40° 07.80 N Longitud: 5° 34.20 W Altitud: 630 metros
Idioma:  Español
Actualización11/08/2020 07:20
 

NOAA-Style Climate Reports

Select a Year or Month report
2020: Ene Feb Mar Abr May Jun Jul Ago Sep Oct Nov Dic
2019: Ene Feb Mar Abr May Jun Jul Ago Sep Oct Nov Dic
2018: Ene Feb Mar Abr May Jun Jul Ago Sep Oct Nov Dic
2017: Ene Feb Mar Abr May Jun Jul Ago Sep Oct Nov Dic

Report for 2020 Julio
                   MONTHLY CLIMATOLOGICAL SUMMARY for jul 2020


NAME: Segura de Toro                  
ELEV: 630 meter    LAT: 40-13.45 N    LONG: 005-56.95 W


                   TEMPERATURE (°C), RAIN (mm), WIND SPEED (m/s)

                                         HEAT   COOL         AVG
      MEAN                               DEG    DEG          WIND                   DOM
DAY   TEMP   HIGH   TIME    LOW   TIME   DAYS   DAYS   RAIN  SPEED   HIGH   TIME    DIR
---------------------------------------------------------------------------------------
 01   26,7   33,2  15:51   19,4  05:17    0,0    8,3    0,0    2,0    8,8  14:39    195
 02   24,2   29,6  15:12   19,1  05:36    0,0    5,9    0,0    3,1   10,2  23:16     34
 03   24,3   31,1  15:25   15,9  06:04    0,0    6,0    0,0    2,0   11,2  00:33     61
 04   28,1   33,3  13:40   22,7  05:31    0,0    9,8    0,0    1,7    7,1  22:44     72
 05   30,7   36,4  14:50   25,0  04:57    0,0   12,3    0,0    1,4    6,1  23:48    143
 06   31,5   37,5  15:37   26,5  04:39    0,0   13,2    0,0    1,3    6,8  21:38    111
 07   31,2   37,2  16:29   24,7  03:54    0,0   12,8    0,0    1,8    8,8  15:21    190
 08   29,8   35,4  14:31   24,2  23:54    0,0   11,5    0,0    2,2   10,9  11:37    195
 09   26,9   33,5  15:22   19,7  06:00    0,0    8,5    0,0    1,4   10,5  20:47    178
 10   28,2   33,3  15:37   22,5  06:05    0,0    9,8    0,0    1,8    8,8  14:21     61
 11   29,7   36,9  16:17   23,8  04:55    0,0   11,4    0,0    2,0   11,9  21:09     96
 12   27,0   32,9  15:11   23,1  04:51    0,0    8,7    0,0    3,0   14,3  01:22     50
 13   28,0   32,7  15:29   22,2  05:23    0,0    9,6    0,0    1,8    8,2  12:07     24
 14   28,0   32,3  15:05   22,5  06:05    0,0    9,6    0,0    2,0    8,2  13:07     42
 15   26,6   32,7  14:52   18,4  06:05    0,0    8,2    0,0    1,7    8,2  18:44     49
 16   29,3   35,1  14:33   23,1  03:15    0,0   11,0    0,0    1,5    7,1  22:22     68
 17   29,4   34,1  14:54   23,2  05:48    0,0   11,1    0,0    1,9    9,5  15:56     47
 18   30,4   37,2  16:40   24,2  06:40    0,0   12,1    0,0    1,3    6,1  12:19    159
 19   29,2   34,7  15:37   24,1  06:46    0,0   10,9    0,0    2,2   10,5  14:18    208
 20   29,9   36,3  17:03   23,5  06:12    0,0   11,6    0,0    1,5    8,2  12:09    171
 21   27,2   32,2  11:05   19,4  22:24    0,0    8,9    5,5    1,9   10,9  03:17    112
 22   26,0   32,7  17:58   18,9  00:52    0,0    7,6    3,4    1,6    7,5  01:59    132
 23   29,9   36,0  15:25   24,6  03:33    0,0   11,6    0,0    1,7    8,5  22:30    142
 24   29,9   35,7  16:38   24,4  06:34    0,0   11,5    0,0    2,3    9,2  01:13     68
 25   30,3   36,3  16:49   24,1  06:07    0,0   12,0    0,0    1,9    9,2  21:44    154
 26   31,1   36,9  16:19   24,8  04:23    0,0   12,8    0,0    2,4   10,9  01:22    117
 27   31,6   36,3  17:20   27,5  06:33    0,0   13,3    0,0    1,9   10,9  11:01    199
 28   29,9   36,3  16:07   24,1  06:38    0,0   11,6    0,0    1,7    7,5  02:55    176
 29   31,7   37,7  15:54   25,4  04:54    0,0   13,4    0,0    1,6    9,5  15:33    160
 30   30,5   34,8  15:56   25,4  05:32    0,0   12,2    0,0    1,9    9,5  12:00    196
 31   30,1   35,6  17:15   24,7  04:53    0,0   11,7    0,0    1,6    8,2  11:49    221
---------------------------------------------------------------------------------------
      28,9   37,7     29   15,9     03    0,0  329,1    9,0    1,9   14,3     12    117