SEGURA DE TORO     Extremadura     España

21°C


Latitud: 40° 07.80 N Longitud: 5° 34.20 W Altitud: 630 metros
Idioma:  Español
Actualización11/08/2020 07:15
 

NOAA-Style Climate Reports

Select a Year or Month report
2020: Ene Feb Mar Abr May Jun Jul Ago Sep Oct Nov Dic
2019: Ene Feb Mar Abr May Jun Jul Ago Sep Oct Nov Dic
2018: Ene Feb Mar Abr May Jun Jul Ago Sep Oct Nov Dic
2017: Ene Feb Mar Abr May Jun Jul Ago Sep Oct Nov Dic

Report for 2020 Junio
                   MONTHLY CLIMATOLOGICAL SUMMARY for jun 2020


NAME: Segura de Toro                  
ELEV: 630 meter    LAT: 40-13.45 N    LONG: 005-56.95 W


                   TEMPERATURE (°C), RAIN (mm), WIND SPEED (m/s)

                                         HEAT   COOL         AVG
      MEAN                               DEG    DEG          WIND                   DOM
DAY   TEMP   HIGH   TIME    LOW   TIME   DAYS   DAYS   RAIN  SPEED   HIGH   TIME    DIR
---------------------------------------------------------------------------------------
 01   22,3   27,7  13:52   18,0  06:00    0,0    3,9    0,0    1,4    9,2  14:22    181
 02   22,8   28,1  14:05   18,3  06:03    0,0    4,4    0,0    1,1    8,2  12:25    183
 03   20,7   26,1  14:36   16,6  05:11    0,0    2,4    0,0    0,9    9,2  17:05    211
 04   19,0   22,8  13:56   16,0  05:11    0,0    0,6    0,0    1,8    7,8  11:33      9
 05   21,1   27,2  16:44   14,7  04:55    0,0    2,8    0,0    0,9    6,8  00:06    159
 06   20,1   25,3  16:31   14,2  05:21    0,0    1,8    0,0    2,0   10,2  14:47    211
 07   18,3   23,0  16:41   14,2  05:02    0,1    0,0    0,0    1,4    7,5  01:47    339
 08   17,4   21,7  16:46   12,4  04:37    0,9    0,0    0,0    2,4    9,2  02:25     40
 09   19,3   24,5  12:59   13,4  03:25    0,0    0,9    0,0    1,2    5,8  12:44     85
 10   21,2   26,9  16:26   16,4  04:10    0,0    2,9    0,0    1,3    8,8  13:10    207
 11   16,9   22,0  14:39   11,8  23:58    1,4    0,0    0,0    2,7   15,0  16:47    215
 12   13,4   18,6  14:48   10,0  06:37    5,0    0,0    0,3    1,8   11,6  15:07    200
 13   16,3   21,2  14:16   10,4  05:26    2,0    0,0    0,0    1,5    7,5  17:01    198
 14   18,6   24,9  15:46   12,6  05:37    0,0    0,2    0,0    1,2   10,9  22:35     55
 15   19,4   25,6  16:30   14,2  04:47    0,0    1,1    0,0    1,4    8,2  23:06     52
 16   19,3   24,4  15:41   14,9  06:17    0,0    1,0    0,0    1,4    9,5  00:12     44
 17   19,1   25,4  15:27   12,8  05:53    0,0    0,8    0,0    1,5   10,2  04:22     55
 18   21,8   27,6  16:52   15,3  05:23    0,0    3,4    0,0    1,4    8,8  02:47     55
 19   22,9   29,1  16:33   16,6  04:19    0,0    4,6    0,0    1,3   10,9  00:52     58
 20   24,7   30,8  15:22   18,6  04:22    0,0    6,4    0,0    1,1    8,5  02:26     64
 21   25,4   31,2  16:21   19,1  05:57    0,0    7,1    0,0    1,9   10,9  21:49     53
 22   28,6   35,3  16:25   21,3  05:07    0,0   10,3    0,0    1,9   10,9  00:16     96
 23   30,9   36,4  17:31   25,6  05:58    0,0   12,5    0,0    1,0    4,8  00:00    127
 24   29,0   34,7  15:25   23,3  05:51    0,0   10,6    0,0    1,5    8,8  13:50    185
 25   26,6   31,7  15:20   21,7  05:44    0,0    8,2    0,0    1,9    9,2  15:02    211
 26   22,3   28,6  15:33   16,0  06:26    0,0    4,0    0,0    1,8    9,5  11:46    211
 27   23,8   30,7  15:51   17,9  05:43    0,0    5,4    0,0    2,4    9,9  23:42     50
 28   25,9   33,0  15:38   18,9  05:31    0,0    7,6    0,0    2,5   10,5  01:23     44
 29   28,2   34,7  17:28   21,0  05:41    0,0    9,9    0,0    2,3   13,3  00:39    108
 30   29,7   34,6  16:00   24,3  05:52    0,0   11,4    0,0    1,8    9,2  14:06    219
---------------------------------------------------------------------------------------
      22,1   36,4     23   10,0     12    9,4  124,3    0,3    1,6   15,0     11    114