SEGURA DE TORO     Extremadura     España

21°C


Latitud: 40° 07.80 N Longitud: 5° 34.20 W Altitud: 630 metros
Idioma:  Español
Actualización11/08/2020 07:10
 

NOAA-Style Climate Reports

Select a Year or Month report
2020: Ene Feb Mar Abr May Jun Jul Ago Sep Oct Nov Dic
2019: Ene Feb Mar Abr May Jun Jul Ago Sep Oct Nov Dic
2018: Ene Feb Mar Abr May Jun Jul Ago Sep Oct Nov Dic
2017: Ene Feb Mar Abr May Jun Jul Ago Sep Oct Nov Dic

Report for 2020 Mayo
                   MONTHLY CLIMATOLOGICAL SUMMARY for may 2020


NAME: Segura de Toro                  
ELEV: 630 meter    LAT: 40-13.45 N    LONG: 005-56.95 W


                   TEMPERATURE (°C), RAIN (mm), WIND SPEED (m/s)

                                         HEAT   COOL         AVG
      MEAN                               DEG    DEG          WIND                   DOM
DAY   TEMP   HIGH   TIME    LOW   TIME   DAYS   DAYS   RAIN  SPEED   HIGH   TIME    DIR
---------------------------------------------------------------------------------------
 01   15,8   20,2  16:17   11,8  06:06    2,6    0,0    0,3    0,0    0,0  00:00     90
 02   18,9   24,3  15:28   13,7  06:05    0,0    0,6    0,0    0,0    0,3  18:59     90
 03   23,1   29,7  15:25   16,8  01:42    0,0    4,8    0,0    0,0    2,7  18:46     46
 04   22,9   27,4  11:03   15,0  23:41    0,0    4,6    0,0    0,3    6,1  18:34    188
 05   16,4   21,7  14:21   11,6  06:20    1,9    0,0    0,0    0,1    3,4  00:10    172
 06   18,5   23,6  17:05   13,3  06:14    0,0    0,2    0,0    0,0    0,7  11:05     90
 07   21,6   28,3  14:50   17,4  02:55    0,0    3,2    0,0    0,0    1,4  07:58    180
 08   20,9   26,0  15:50   17,3  05:35    0,0    2,6    0,7    0,0    0,7  08:11     90
 09   15,1   20,1  14:25   11,3  23:59    3,2    0,0    1,7    0,0   11,6  16:05    180
 10   12,9   16,7  17:47   10,3  03:37    5,4    0,0    1,0    0,0    3,4  21:31    174
 11   13,5   17,0  11:09   11,0  06:06    4,9    0,0   17,9    0,0    1,0  08:51    180
 12   12,4   15,0  12:54   11,1  03:12    5,9    0,0    4,5    0,0    1,4  11:15    225
 13   13,3   18,3  13:29   10,6  00:00    5,1    0,0    6,2    0,0    3,7  08:56    220
 14   12,2   17,6  15:57    8,3  04:54    6,1    0,0    7,6    0,0    0,7  16:52     90
 15   13,9   18,1  17:45   11,0  03:35    4,5    0,0    2,8    0,0    0,0  00:01     90
 16   15,3   20,5  14:42   10,5  02:37    3,0    0,0    0,0    0,1    4,8  21:34     49
 17   17,4   22,5  13:51   11,7  03:36    1,0    0,0    0,0    0,0    2,7  11:32     92
 18   21,0   25,9  16:24   15,1  01:24    0,0    2,7    0,0    0,0    0,3  06:15     90
 19   23,6   28,0  15:11   19,2  06:08    0,0    5,2    0,0    0,0    3,4  06:32    134
 20   24,5   30,2  15:26   20,0  06:03    0,0    6,1    0,0    0,0    0,7  05:26    225
 21   23,8   28,8  15:35   18,8  04:27    0,0    5,4    0,0    0,0    2,7  10:21    131
 22   24,1   29,2  15:58   18,5  05:52    0,0    5,8    0,0    0,5    7,1  13:05     96
 23   25,3   31,3  15:55   20,3  06:05    0,0    7,0    0,0    1,1    9,2  02:40     53
 24   24,4   30,4  18:11   19,0  04:15    0,0    6,0    0,0    0,5    6,1  21:49     87
 25   25,7   30,8  14:20   22,0  05:58    0,0    7,4    0,0    0,7    9,5  21:59     94
 26   22,8   28,9  13:52   17,9  05:14    0,0    4,5    0,0    0,6    6,5  15:34    108
 27   25,1   31,8  14:41   19,0  05:58    0,0    6,8    0,0    1,4   11,6  23:27    122
 28   24,6   29,7  14:09   19,3  05:36    0,0    6,3    0,0    1,1    9,9  00:12    143
 29   25,3   31,5  16:28   20,8  05:18    0,0    6,9    0,0    0,8    4,8  21:26     92
 30   25,6   31,6  13:40   22,2  03:26    0,0    7,2    0,0    1,0    6,5  14:22     93
 31   23,7   29,9  14:59   18,5  23:56    0,0    5,4    0,0    1,7   11,9  19:03     95
---------------------------------------------------------------------------------------
      20,1   31,8     27    8,3     14   43,5   98,8   42,8    0,3   11,9     31    104