SEGURA DE TORO     Extremadura     España

20°C


Latitud: 40° 07.80 N Longitud: 5° 34.20 W Altitud: 630 metros
Idioma:  Español
Actualización01/06/2020 22:50
 

NOAA-Style Climate Reports

Select a Year or Month report
2020: Ene Feb Mar Abr May Jun Jul Ago Sep Oct Nov Dic
2019: Ene Feb Mar Abr May Jun Jul Ago Sep Oct Nov Dic
2018: Ene Feb Mar Abr May Jun Jul Ago Sep Oct Nov Dic
2017: Ene Feb Mar Abr May Jun Jul Ago Sep Oct Nov Dic

Report for 2020 Abril
                   MONTHLY CLIMATOLOGICAL SUMMARY for abr 2020


NAME: Segura de Toro                  
ELEV: 630 meter    LAT: 40-13.45 N    LONG: 005-56.95 W


                   TEMPERATURE (°C), RAIN (mm), WIND SPEED (m/s)

                                         HEAT   COOL         AVG
      MEAN                               DEG    DEG          WIND                   DOM
DAY   TEMP   HIGH   TIME    LOW   TIME   DAYS   DAYS   RAIN  SPEED   HIGH   TIME    DIR
---------------------------------------------------------------------------------------
 01    9,0   14,7  17:18    5,3  00:52    9,3    0,0    0,0    0,0    1,0  08:46     90
 02   11,0   16,1  15:58    6,1  07:06    7,3    0,0    0,0    0,0    0,0  00:00     90
 03   14,0   19,0  15:35    8,9  05:40    4,3    0,0    0,0    0,0    1,0  08:44    191
 04   14,8   18,4  11:24   10,6  06:37    3,5    0,0    0,0    0,3    9,5  19:59    197
 05   14,8   17,3  13:08   12,8  00:00    3,5    0,0    3,8    0,0    0,3  19:34     90
 06   13,0   15,8  13:08   11,1  05:49    5,3    0,0    1,4    0,0    0,7  07:15    180
 07   14,3   19,3  14:42   11,6  06:05    4,0    0,0    0,7    0,0    0,0  00:00     90
 08   16,3   20,9  14:10   12,2  05:56    2,1    0,0    0,0    0,0    0,0  00:00     90
 09   13,8   16,7  00:18   12,2  23:27    4,5    0,0   10,3    0,0    0,3  23:02     90
 10   14,7   19,7  14:37   12,1  03:45    3,7    0,0    0,7    0,0    2,0  11:57    222
 11   15,8   20,6  14:32   12,5  05:07    2,6    0,0   13,8    0,0    0,0  00:00     90
 12   14,6   19,4  16:48   11,3  02:31    3,7    0,0    2,1    0,0    2,7  09:16    227
 13   14,1   18,5  13:54   10,4  07:20    4,2    0,0    1,0    0,0    0,0  00:00     90
 14   14,4   20,0  14:53   10,8  06:40    4,0    0,0    5,9    0,0    0,3  22:09     90
 15   13,2   15,6  12:41   10,2  03:53    5,1    0,0   22,4    0,0    1,7  03:43     90
 16   12,7   15,6  16:41   10,3  12:34    5,6    0,0   32,1    0,0    0,0  00:00     90
 17   12,7   15,4  10:35   11,5  12:12    5,6    0,0   12,1    0,0    0,0  00:00     90
 18   14,3   18,7  15:51   11,0  05:11    4,0    0,0    0,0    0,0    0,0  00:00     90
 19   14,7   19,0  11:06   11,9  06:49    3,6    0,0    3,8    0,0    3,1  11:54     68
 20   11,4   16,3  15:21    7,9  22:41    7,0    0,0   10,7    0,0    0,7  21:24     90
 21   11,8   16,1  16:45    7,4  01:10    6,5    0,0    2,1    0,0    0,3  01:09     90
 22   15,4   20,3  13:13   10,7  06:25    2,9    0,0    0,0    0,0    1,0  17:08      0
 23   16,9   21,1  14:29   12,5  04:23    1,4    0,0    0,0    0,0    0,0  00:00     90
 24   18,0   23,3  15:45   14,7  07:29    0,3    0,0    0,0    0,0    1,4  06:09     90
 25   16,2   21,3  12:39   12,7  23:52    2,1    0,0   10,0    0,0    0,3  02:38     90
 26   12,3   15,2  13:00    9,1  06:50    6,1    0,0    0,0    0,0    0,0  00:00     90
 27   11,6   16,6  13:13    9,5  05:55    6,7    0,0    6,9    0,0    0,0  00:00     90
 28   11,8   16,3  16:04    8,3  04:56    6,5    0,0    0,3    0,0    2,0  10:51    225
 29   12,3   15,4  13:16    9,2  05:13    6,0    0,0    0,0    0,0    0,0  00:00     90
 30   13,1   16,0  15:50   10,1  05:42    5,2    0,0    0,0    0,0    0,0  00:00     90
---------------------------------------------------------------------------------------
      13,8   23,3     24    5,3     01  136,8    0,0  140,1    0,0    9,5     04    197