SEGURA DE TORO     Extremadura     España

29°C


Latitud: 40° 07.80 N Longitud: 5° 34.20 W Altitud: 630 metros
Idioma:  Español
Actualización10/07/2020 22:35
 

NOAA-Style Climate Reports

Select a Year or Month report
2020: Ene Feb Mar Abr May Jun Jul Ago Sep Oct Nov Dic
2019: Ene Feb Mar Abr May Jun Jul Ago Sep Oct Nov Dic
2018: Ene Feb Mar Abr May Jun Jul Ago Sep Oct Nov Dic
2017: Ene Feb Mar Abr May Jun Jul Ago Sep Oct Nov Dic

Report for 2020 Marzo
                   MONTHLY CLIMATOLOGICAL SUMMARY for mar 2020


NAME: Segura de Toro                  
ELEV: 630 meter    LAT: 40-13.45 N    LONG: 005-56.95 W


                   TEMPERATURE (°C), RAIN (mm), WIND SPEED (m/s)

                                         HEAT   COOL         AVG
      MEAN                               DEG    DEG          WIND                   DOM
DAY   TEMP   HIGH   TIME    LOW   TIME   DAYS   DAYS   RAIN  SPEED   HIGH   TIME    DIR
---------------------------------------------------------------------------------------
 01   11,1   14,5  13:59    8,6  06:41    7,3    0,0    7,2    0,2    6,8  10:36    200
 02    9,8   11,4  04:43    7,5  23:58    8,6    0,0    8,3    0,0    4,4  11:39    197
 03    9,8   13,3  19:58    6,7  02:52    8,5    0,0    3,5    0,1    3,7  12:36    168
 04   12,6   15,0  15:41   10,3  07:11    5,8    0,0    0,7    0,0    1,4  12:45    155
 05   11,4   14,7  15:43    8,3  23:59    6,9    0,0    4,8    0,0    5,8  08:53    152
 06    8,9   12,1  15:44    6,5  04:40    9,4    0,0    1,4    0,0    4,4  17:37      0
 07   11,6   17,7  16:46    7,0  01:25    6,8    0,0    0,0    0,0    1,7  12:15    225
 08   12,3   16,6  13:21    9,2  06:31    6,0    0,0    0,0    0,0    2,7  12:44    192
 09   13,2   18,2  14:07    8,2  07:25    5,1    0,0    0,0    0,0    3,7  11:43     91
 10   16,5   21,8  16:08   11,8  01:43    1,9    0,0    0,0    0,0    2,4  19:18     91
 11   19,5   24,6  15:11   16,4  07:30    0,0    1,1    0,0    0,0    0,7  20:12     90
 12   19,8   24,2  14:09   16,6  08:18    0,0    1,4    0,0    0,0    1,7  08:27    178
 13   16,0   20,3  14:53   11,9  06:53    2,4    0,0    0,0    1,3   11,2  23:22     61
 14   17,2   22,6  16:03   12,8  04:44    1,1    0,0    0,0    1,1    9,5  00:15     84
 15   14,5   19,3  13:23    5,6  23:55    3,8    0,0    0,7    1,2   10,5  22:31    104
 16    4,0    5,6  00:00    3,0  07:27   14,3    0,0   34,2    1,4   11,2  00:09     43
 17   10,5   16,6  15:58    4,1  02:19    7,8    0,0    0,0    0,1    3,7  16:14    237
 18   14,2   18,8  15:00   10,7  05:08    4,1    0,0    0,0    0,0    2,4  13:20    332
 19   13,2   15,3  15:35   11,4  06:55    5,1    0,0    0,0    0,0    2,0  13:11    247
 20   11,6   13,5  18:50   10,0  10:33    6,7    0,0   10,0    0,0    1,7  18:50    161
 21    9,1   12,6  17:19    6,4  08:10    9,2    0,0   30,0    0,0    1,7  12:10    251
 22   10,1   14,6  14:42    7,3  05:55    8,3    0,0    0,7    0,0    2,4  08:24    211
 23   11,3   14,5  16:30    8,2  06:55    7,0    0,0    1,7    0,1    3,4  13:34    200
 24   13,3   17,2  17:12    9,7  05:30    5,0    0,0    0,0    0,0    4,1  11:46    217
 25   13,4   18,7  16:02    9,3  07:07    5,0    0,0    0,0    0,0    4,1  16:07    223
 26   13,8   17,5  14:48   10,0  07:09    4,6    0,0    0,0    0,0    0,0  00:00     90
 27    9,4   14,2  16:33    5,7  07:43    8,9    0,0    0,0    0,0    1,4  10:12    135
 28   10,9   16,5  15:15    6,0  05:12    7,4    0,0    0,0    0,0    0,7  08:23     90
 29   14,2   19,7  13:19   10,4  06:45    4,1    0,0    0,0    0,0    1,7  18:57    166
 30    6,9   12,9  00:25    3,4  23:22   11,4    0,0    0,7    1,2   10,9  04:21     50
 31    7,1   11,1  17:10    3,0  05:59   11,3    0,0    2,8    0,0    0,7  09:26    135
---------------------------------------------------------------------------------------
      12,2   24,6     11    3,0     16  193,6    2,6  106,6    0,2   11,2     13     66