SEGURA DE TORO     Extremadura     España

28°C


Latitud: 40° 07.80 N Longitud: 5° 34.20 W Altitud: 630 metros
Idioma:  Español
Actualización10/07/2020 22:30
 

NOAA-Style Climate Reports

Select a Year or Month report
2020: Ene Feb Mar Abr May Jun Jul Ago Sep Oct Nov Dic
2019: Ene Feb Mar Abr May Jun Jul Ago Sep Oct Nov Dic
2018: Ene Feb Mar Abr May Jun Jul Ago Sep Oct Nov Dic
2017: Ene Feb Mar Abr May Jun Jul Ago Sep Oct Nov Dic

Report for 2020 Febrero
                   MONTHLY CLIMATOLOGICAL SUMMARY for feb 2020


NAME: Segura de Toro                  
ELEV: 630 meter    LAT: 40-13.45 N    LONG: 005-56.95 W


                   TEMPERATURE (°C), RAIN (mm), WIND SPEED (m/s)

                                         HEAT   COOL         AVG
      MEAN                               DEG    DEG          WIND                   DOM
DAY   TEMP   HIGH   TIME    LOW   TIME   DAYS   DAYS   RAIN  SPEED   HIGH   TIME    DIR
---------------------------------------------------------------------------------------
 01   13,0   15,1  14:47   11,9  07:12    5,3    0,0    1,4    0,0    3,1  14:28    234
 02   13,6   16,8  16:17   12,3  04:55    4,7    0,0    0,7    0,0    0,7  10:13     90
 03   12,5   17,6  16:49    9,2  07:33    5,8    0,0    0,3    0,0    0,3  15:05     90
 04   14,6   18,5  16:26   11,3  08:29    3,7    0,0    0,0    0,0    0,0  00:00     90
 05   12,7   16,7  16:34   10,3  05:26    5,6    0,0    0,0    0,2    3,7  17:16    103
 06   10,1   13,4  15:17    7,9  08:52    8,2    0,0    0,0    0,2    5,8  04:57     96
 07   11,1   14,5  14:48    8,9  00:10    7,3    0,0    0,0    0,0    1,4  08:29    178
 08   11,4   14,9  16:45    9,6  09:46    6,9    0,0    1,4    0,0    0,3  00:05     90
 09   11,0   13,0  15:08    9,7  04:10    7,3    0,0    1,4    0,0    0,0  00:00     90
 10   13,3   17,8  15:48   10,3  02:37    5,1    0,0    0,0    0,0    0,0  00:00     90
 11   13,0   18,7  16:01    9,3  07:24    5,3    0,0    0,0    0,0    0,7  09:14     90
 12   11,3   12,6  13:25   10,2  07:42    7,0    0,0    0,0    0,0    1,4  09:32    201
 13   11,6   14,9  15:08    9,9  07:40    6,7    0,0    0,7    0,0    0,3  21:14     90
 14   12,1   16,5  15:57    8,4  07:46    6,2    0,0    0,0    0,0    1,7  16:35     90
 15   11,8   16,6  15:54    8,9  06:12    6,5    0,0    0,0    0,1    3,7  16:54    238
 16   12,5   16,8  15:00    9,5  07:19    5,8    0,0    0,0    0,0    3,4  12:28    138
 17   11,8   14,8  15:43   10,4  23:56    6,5    0,0    0,0    0,0    0,3  04:34     90
 18   10,4   13,6  15:58    8,3  03:34    7,9    0,0    0,0    0,0    0,3  08:36     90
 19   11,2   17,1  15:59    6,8  05:34    7,2    0,0    0,0    0,1    2,7  10:48    215
 20   12,1   18,3  15:45    6,8  07:03    6,2    0,0    0,0    0,0    1,7  08:30     97
 21   14,3   19,9  17:10   10,2  06:44    4,0    0,0    0,0    0,3    2,7  23:11     90
 22   16,5   21,6  16:23   12,7  07:34    1,8    0,0    0,0    0,5    3,7  18:31     97
 23   17,6   22,5  15:56   14,3  08:15    0,7    0,0    0,0    0,3    3,1  02:21     95
 24   16,9   21,2  15:19   13,6  23:59    1,4    0,0    0,0    0,5    6,8  21:12     93
 25   13,9   16,5  01:16   10,3  23:57    4,5    0,0    0,0    0,3    3,7  05:49     94
 26   10,5   15,4  16:25    7,1  07:36    7,8    0,0    0,7    0,2   11,6  09:30     47
 27   13,3   18,1  15:13    8,0  06:52    5,0    0,0    0,0    0,5    8,2  20:48     53
 28   14,9   20,3  15:30   11,4  02:50    3,5    0,0    0,0    1,6    9,9  20:01    165
 29   11,3   15,5  14:23    7,8  04:06    7,0    0,0    0,3    1,7   11,6  03:33    187
---------------------------------------------------------------------------------------
      12,8   22,5     23    6,8     19  161,1    0,0    6,9    0,2   11,6     26    136