SEGURA DE TORO     Extremadura     España

13°C


Latitud: 40° 07.80 N Longitud: 5° 34.20 W Altitud: 630 metros
Idioma:  Español
Actualización04/04/2020 02:25
 

NOAA-Style Climate Reports

Select a Year or Month report
2020: Ene Feb Mar Abr May Jun Jul Ago Sep Oct Nov Dic
2019: Ene Feb Mar Abr May Jun Jul Ago Sep Oct Nov Dic
2018: Ene Feb Mar Abr May Jun Jul Ago Sep Oct Nov Dic
2017: Ene Feb Mar Abr May Jun Jul Ago Sep Oct Nov Dic

Report for 2020 Enero
                   MONTHLY CLIMATOLOGICAL SUMMARY for ene 2020


NAME: Segura de Toro                  
ELEV: 630 meter    LAT: 40-13.45 N    LONG: 005-56.95 W


                   TEMPERATURE (°C), RAIN (mm), WIND SPEED (m/s)

                                         HEAT   COOL         AVG
      MEAN                               DEG    DEG          WIND                   DOM
DAY   TEMP   HIGH   TIME    LOW   TIME   DAYS   DAYS   RAIN  SPEED   HIGH   TIME    DIR
---------------------------------------------------------------------------------------
 01   10,2   13,9  15:30    8,1  07:40    8,1    0,0    0,0    0,2    1,7  17:52     99
 02    8,6   12,3  15:17    6,4  07:02    9,8    0,0    0,0    0,1    2,4  12:36    174
 03    9,3   12,6  15:33    6,3  06:31    9,1    0,0    0,0    1,2    9,2  17:33     56
 04    7,6   11,0  15:15    4,7  08:32   10,8    0,0    0,0    0,6    7,8  18:01     70
 05    8,7   13,1  15:21    6,2  08:08    9,6    0,0    0,0    0,1    2,4  12:28    207
 06    9,3   13,3  16:02    6,6  09:37    9,0    0,0    0,0    0,3    3,1  12:02    132
 07   10,4   14,6  15:35    8,3  07:21    7,9    0,0    0,0    0,2    1,7  00:45    111
 08    9,9   13,9  15:41    6,8  05:45    8,4    0,0    0,0    0,3    1,7  00:30    109
 09   10,5   13,8  14:41    7,4  07:02    7,9    0,0    0,0    0,4    3,7  13:03    126
 10    8,1   11,4  12:48    5,3  08:09   10,3    0,0    0,0    0,0    6,1  17:25     80
 11    7,8   11,7  15:05    5,1  08:58   10,5    0,0    0,0    0,4    4,1  18:53     96
 12    7,9   11,5  15:12    5,3  05:25   10,4    0,0    0,0    0,6    3,1  11:59    118
 13    6,2   10,0  15:51    3,7  08:19   12,1    0,0    0,0    0,7    5,1  14:28    107
 14    7,1   10,4  18:21    4,4  02:27   11,3    0,0    3,4    2,1   17,0  21:12    171
 15   10,7   12,6  18:30    8,7  12:33    7,6    0,0   13,1    2,5   16,7  04:46    179
 16   11,9   14,2  15:15    9,7  23:39    6,4    0,0    1,0    0,0    1,7  03:12     90
 17    9,9   13,5  16:15    8,3  02:05    8,4    0,0    0,7    0,0    2,7  12:21    270
 18    9,4   11,5  16:20    7,9  03:44    8,9    0,0    6,2    0,0    1,4  07:59     90
 19    7,1    9,1  14:13    3,9  23:43   11,2    0,0  260,1    0,0    1,0  20:23     90
 20    4,0    5,8  12:48    2,2  08:18   14,3    0,0   17,2    0,0    0,0  00:03     90
 21    5,3    7,0  12:22    2,6  06:59   13,1    0,0    0,3    0,0    0,0  00:00     90
 22    7,7   10,0  15:54    5,2  03:43   10,7    0,0    2,1    0,0    0,3  07:58     90
 23    8,6   10,1  00:36    7,0  05:22    9,7    0,0    5,2    0,0    5,4  11:49    352
 24    8,1   10,5  13:35    6,1  07:05   10,3    0,0    2,1    0,1    3,1  09:32    117
 25    7,6    9,5  14:24    6,3  06:24   10,7    0,0    9,3    0,0    2,0  11:50    137
 26    8,2   11,6  14:04    5,5  05:32   10,1    0,0    0,0    0,0    0,7  00:00     90
 27    9,4   10,8  18:53    7,4  04:03    9,0    0,0    0,0    0,0    6,8  18:38    206
 28   10,9   11,6  16:06   10,3  00:53    7,4    0,0    5,2    0,0    3,4  20:58    214
 29   10,7   11,6  15:49   10,0  04:50    7,6    0,0    1,0    0,0   14,3  14:08    193
 30   10,3   11,0  15:05    9,4  07:34    8,0    0,0    0,3    0,0    1,0  09:46    135
 31   11,9   13,6  15:15   10,6  00:12    6,5    0,0    2,4    0,0    4,8  22:25    310
---------------------------------------------------------------------------------------
       8,8   14,6     07    2,2     20  294,9    0,0  329,8    0,3   17,0     14    145