NOAA-Style Climate Reports
Select a Year or Month report
2024: Ene Feb Mar Abr May Jun Jul Ago Sep Oct Nov Dic
2023: Ene Feb Mar Abr May Jun Jul Ago Sep Oct Nov Dic
2022: Ene Feb Mar Abr May Jun Jul Ago Sep Oct Nov Dic
2021: Ene Feb Mar Abr May Jun Jul Ago Sep Oct Nov Dic
2020: Ene Feb Mar Abr May Jun Jul Ago Sep Oct Nov Dic
2019: Ene Feb Mar Abr May Jun Jul Ago Sep Oct Nov Dic
2018: Ene Feb Mar Abr May Jun Jul Ago Sep Oct Nov Dic
2024: Ene Feb Mar Abr May Jun Jul Ago Sep Oct Nov Dic
2023: Ene Feb Mar Abr May Jun Jul Ago Sep Oct Nov Dic
2022: Ene Feb Mar Abr May Jun Jul Ago Sep Oct Nov Dic
2021: Ene Feb Mar Abr May Jun Jul Ago Sep Oct Nov Dic
2020: Ene Feb Mar Abr May Jun Jul Ago Sep Oct Nov Dic
2019: Ene Feb Mar Abr May Jun Jul Ago Sep Oct Nov Dic
2018: Ene Feb Mar Abr May Jun Jul Ago Sep Oct Nov Dic
Report for 2019 Diciembre
MONTHLY CLIMATOLOGICAL SUMMARY for Dec 2019 NAME: Segura de Toro ELEV: 630 meters LAT: 40-13.45 N LONG: 005-56.95 W TEMPERATURE (C), RAIN (cm), WIND SPEED (km/h) HEAT COOL AVG MEAN DEG DEG WIND DOM DAY TEMP HIGH TIME LOW TIME DAYS DAYS RAIN SPEED HIGH TIME DIR --------------------------------------------------------------------------------------- 01 9.4 12.1 14:39 7.4 01:40 8.9 0.0 0.00 5.9 39.2 08:10 181 02 9.1 11.7 15:49 6.6 23:58 9.2 0.0 0.00 0.0 0.0 00:00 N/A 03 6.6 10.5 15:11 3.4 06:40 11.8 0.0 0.00 0.0 2.5 07:30 N/A 04 8.5 11.3 19:18 6.6 00:32 9.8 0.0 0.00 0.0 1.1 17:17 N/A 05 9.9 13.2 13:52 7.0 06:06 8.4 0.0 0.00 0.0 1.1 23:11 N/A 06 10.7 14.6 13:52 8.3 05:34 7.7 0.0 0.00 0.0 2.5 03:56 N/A 07 10.5 14.5 15:18 8.0 07:38 7.8 0.0 0.00 0.0 0.0 00:00 N/A 08 10.0 12.8 22:20 8.4 01:42 8.3 0.0 0.00 0.0 2.5 16:25 221 09 11.4 14.3 14:30 8.4 05:24 6.9 0.0 0.00 0.0 5.0 23:12 102 10 8.0 11.0 01:05 4.9 07:02 10.4 0.0 0.00 0.0 1.1 23:06 N/A 11 8.3 10.9 14:23 5.9 08:15 10.0 0.0 0.00 0.0 3.6 03:36 135 12 8.2 10.4 23:35 6.2 07:48 10.1 0.0 0.00 0.7 19.4 11:47 193 13 11.7 13.5 16:20 10.4 00:00 6.7 0.0 0.00 0.0 1.1 05:27 N/A 14 10.5 11.4 00:00 9.0 08:12 7.9 0.0 0.00 0.0 1.1 08:02 N/A 15 10.9 13.4 12:00 9.5 02:59 7.4 0.0 0.00 0.0 0.0 00:00 N/A 16 10.7 12.1 11:33 9.6 21:59 7.6 0.0 0.00 0.0 0.0 00:00 N/A 17 7.8 10.0 00:45 6.0 08:27 10.5 0.0 0.00 0.1 20.9 05:26 78 18 9.8 13.2 23:41 5.8 08:06 8.6 0.0 0.00 0.1 37.8 13:00 177 19 13.1 14.8 19:59 11.8 02:45 5.2 0.0 10.35 2.0 55.1 19:54 189 20 12.5 13.9 19:25 11.1 12:56 5.8 0.0 9.28 18.5 57.6 03:39 198 21 13.0 14.9 13:52 11.0 21:17 5.3 0.0 3.35 13.2 60.1 10:12 198 22 11.4 14.5 15:12 8.5 22:39 7.0 0.0 0.00 0.0 0.0 00:00 N/A 23 10.1 14.1 15:22 7.5 09:34 8.3 0.0 0.00 0.0 0.0 00:00 N/A 24 12.5 16.0 15:40 9.6 00:00 5.8 0.0 0.00 0.0 0.0 00:00 N/A 25 13.2 16.4 14:26 11.2 02:02 5.1 0.0 0.00 0.0 0.0 00:00 N/A 26 12.6 16.1 15:35 10.0 07:50 5.8 0.0 0.00 0.0 0.0 00:00 N/A 27 12.1 15.7 14:58 9.6 09:52 6.2 0.0 0.00 0.0 0.0 00:00 N/A 28 14.1 19.0 15:39 10.8 08:41 4.2 0.0 0.00 0.7 9.7 17:29 108 29 13.7 17.2 15:03 10.8 07:45 4.6 0.0 0.00 1.1 8.6 00:58 99 30 11.4 14.5 15:19 9.0 08:10 6.9 0.0 0.00 0.6 8.6 23:35 106 31 10.1 14.4 14:57 7.5 08:03 8.3 0.0 0.00 0.7 7.2 09:12 108 --------------------------------------------------------------------------------------- 10.7 19.0 28 3.4 03 236.5 0.0 22.98 1.4 60.1 21 191