SEGURA DE TORO     Extremadura     España

11°C


Latitud: 40° 07.80 N Longitud: 5° 34.20 W Altitud: 630 metros
Idioma:  Español
Actualización11/12/2019 15:25
 

NOAA-Style Climate Reports


Report for 2019 Noviembre
                   MONTHLY CLIMATOLOGICAL SUMMARY for nov 2019


NAME: Segura de Toro                  
ELEV: 630 meter    LAT: 40-13.45 N    LONG: 005-56.95 W


                   TEMPERATURE (°C), RAIN (mm), WIND SPEED (m/s)

                                         HEAT   COOL         AVG
      MEAN                               DEG    DEG          WIND                   DOM
DAY   TEMP   HIGH   TIME    LOW   TIME   DAYS   DAYS   RAIN  SPEED   HIGH   TIME    DIR
---------------------------------------------------------------------------------------
 01   16,6   18,7  16:07   14,6  06:50    1,8    0,0    0,0    2,0    8,8  23:43    188
 02   14,8   16,2  12:01   12,6  23:25    3,6    0,0    0,0    3,4   10,2  05:35    185
 03   13,6   16,4  16:30   12,3  01:30    4,8    0,0    0,0    2,3    9,2  00:47    194
 04   12,4   14,0  13:35    9,3  23:54    5,9    0,0    0,0    3,7   12,9  14:54    189
 05   10,6   13,9  14:57    8,3  06:43    7,8    0,0    0,0    1,7   10,5  22:32     83
 06   11,3   13,8  13:51    9,0  05:06    7,0    0,0    0,0    0,4    9,5  00:04     44
 07    9,8   12,1  13:58    6,7  22:20    8,5    0,0    0,0    0,6   10,9  07:56     47
 08    8,1   12,1  14:17    5,7  05:06   10,2    0,0    0,0    0,0    0,3  18:55     90
 09    8,9   11,0  20:56    7,2  07:07    9,5    0,0    0,0    0,0    0,0  00:00     90
 10    8,4   10,1  00:00    7,2  06:07   10,0    0,0    0,0    0,0    0,0  00:00     90
 11   10,7   15,0  15:07    7,9  08:19    7,6    0,0    0,0    0,1    5,8  15:07      1
 12   10,4   14,3  14:40    7,0  04:51    7,9    0,0    0,0    0,1    2,4  15:18    190
 13   12,8   17,2  14:19    9,5  23:16    5,5    0,0    0,0    0,3    7,8  11:13    353
 14    7,5   10,2  01:30    5,7  07:43   10,9    0,0    0,0    0,0    0,3  06:15     90
 15    5,9    8,4  16:02    4,1  08:14   12,4    0,0    0,0    0,0    0,3  00:21     90
 16    6,6   11,1  15:35    2,5  07:25   11,7    0,0    0,0    0,1    3,4  17:50     76
 17    6,9    9,5  20:11    4,6  05:24   11,5    0,0    0,0    0,1    3,1  02:18     83
 18    8,5   12,2  14:29    5,7  08:27    9,9    0,0    0,0    0,0    0,0  00:00     90
 19    7,9    9,1  13:06    6,5  02:10   10,5    0,0    0,0    0,0    0,0  00:00     90
 20    6,7    8,5  13:05    5,7  09:11   11,7    0,0    0,0    0,0    0,0  00:00     90
 21    8,8   12,2  15:35    6,2  02:34    9,5    0,0    0,0    1,0    7,5  23:58    193
 22   11,4   15,4  13:55    7,4  23:53    6,9    0,0    0,0    5,7   20,7  08:50    172
 23    8,9   12,1  16:32    7,0  22:12    9,5    0,0    0,0    0,9    7,1  09:25    246
 24    9,1   12,4  23:56    6,1  04:11    9,2    0,0    0,0    0,0    0,7  23:57     90
 25   12,9   15,5  13:41   11,4  08:00    5,5    0,0    0,0    1,3    9,5  01:16    189
 26   13,2   15,4  15:17   11,2  05:11    5,2    0,0    0,0    4,0   17,3  15:51    184
 27   10,6   11,6  00:00    9,0  07:25    7,7    0,0    0,0    1,9    7,1  00:47    185
 28   11,7   13,4  20:01   10,1  01:04    6,6    0,0    0,0    2,8   10,2  21:25    186
 29   12,9   13,8  19:25   12,4  02:02    5,4    0,0    0,0    2,4    7,5  03:44    185
 30   11,8   13,8  12:00    8,5  21:48    6,5    0,0    0,0    3,3   12,9  12:31    177
---------------------------------------------------------------------------------------
      10,3   18,7     01    2,5     16  240,3    0,0    0,0    1,3   20,7     22    181