SEGURA DE TORO     Extremadura     España

11°C


Latitud: 40° 07.80 N Longitud: 5° 34.20 W Altitud: 630 metros
Idioma:  Español
Actualización11/12/2019 15:25
 

NOAA-Style Climate Reports


Report for 2019 Octubre
                   MONTHLY CLIMATOLOGICAL SUMMARY for oct 2019


NAME: Segura de Toro                  
ELEV: 630 meter    LAT: 40-13.45 N    LONG: 005-56.95 W


                   TEMPERATURE (°C), RAIN (mm), WIND SPEED (m/s)

                                         HEAT   COOL         AVG
      MEAN                               DEG    DEG          WIND                   DOM
DAY   TEMP   HIGH   TIME    LOW   TIME   DAYS   DAYS   RAIN  SPEED   HIGH   TIME    DIR
---------------------------------------------------------------------------------------
 01   20,7   24,8  15:13   16,9  07:09    0,0    2,4    0,0    2,0    8,5  07:42     23
 02   19,0   24,6  15:33   14,3  07:34    0,0    0,6    0,0    2,5   12,9  06:09     21
 03   21,7   28,4  16:19   16,9  00:58    0,0    3,4    0,0    1,3   10,9  23:46     25
 04   21,9   26,7  15:39   17,6  05:06    0,0    3,6    0,0    1,4    8,5  00:52     66
 05   21,7   27,0  16:15   17,0  06:15    0,0    3,4    0,0    0,8    7,5  22:31     60
 06   22,7   29,0  15:58   17,4  05:53    0,0    4,4    0,0    2,2    8,8  03:36     23
 07   24,6   31,2  15:44   19,3  05:21    0,0    6,3    0,0    1,7    7,5  03:26     94
 08   25,5   30,4  14:46   21,4  06:05    0,0    7,1    0,0    1,4    6,1  12:48    161
 09   22,7   28,7  14:06   18,4  07:08    0,0    4,4    0,0    3,2   14,6  04:42     24
 10   22,3   27,9  16:35   16,9  05:35    0,0    3,9    0,0    1,0    5,4  14:50    118
 11   23,5   27,5  13:43   19,6  07:25    0,0    5,2    0,0    2,2   13,3  21:55    146
 12   22,6   27,8  13:59   17,0  23:56    0,0    4,3    0,0    2,7   14,3  14:55    182
 13   19,2   22,9  14:52   14,7  07:15    0,0    0,9    8,3    4,1   16,3  17:30    181
 14   13,4   21,0  00:00    9,0  23:56    5,0    0,0   32,8    2,8   18,7  06:16    193
 15   12,4   16,4  14:06    8,9  00:05    6,0    0,0    0,0    0,7    5,8  13:49    207
 16   14,3   17,7  15:15   10,1  06:35    4,0    0,0    0,0    1,8    8,2  11:20    209
 17   14,8   16,9  19:55   12,7  06:50    3,5    0,0   12,8    1,1    9,5  22:20    194
 18   16,5   19,6  14:35   13,4  23:53    1,9    0,0    1,4    2,9    9,9  01:15    199
 19   13,4   16,1  16:39   10,3  23:59    4,9    0,0    4,8    0,1    6,8  08:43    197
 20   10,4   13,6  15:50    8,6  07:33    7,9    0,0    1,0    0,7    8,5  13:14     37
 21   11,3   15,6  13:42    8,7  06:46    7,0    0,0    0,7    0,2    5,1  13:02    239
 22   11,5   14,9  11:32    8,7  07:17    6,8    0,0    0,0    1,2   10,2  23:07     50
 23    9,6   10,8  23:02    8,8  04:42    8,7    0,0    9,3    0,9    9,2  00:07     56
 24   13,3   18,8  15:22    9,0  05:22    5,1    0,0    0,0    0,3    2,7  13:47    218
 25   15,8   21,7  16:07   11,0  05:47    2,5    0,0    0,0    0,1    2,7  17:42     82
 26   18,3   23,8  15:34   13,5  07:58    0,1    0,0    0,0    0,3    4,1  17:04    105
 27   19,1   24,3  14:16   16,7  06:27    0,0    0,8    0,0    0,1    5,8  15:07    217
 28   15,3   17,5  00:00   13,3  06:37    3,0    0,0    0,0    0,0    1,0  08:47    213
 29   16,7   21,5  14:20   13,8  02:15    1,6    0,0    1,4    0,2    3,7  12:06    219
 30   16,2   17,1  10:07   14,8  07:55    2,1    0,0    0,0    0,1    3,4  20:00    160
 31   16,9   20,5  15:25   14,5  03:38    1,4    0,0    0,0    0,8    4,4  15:56    127
---------------------------------------------------------------------------------------
      17,7   31,2     07    8,6     20   71,5   50,5   72,4    1,3   18,7     14    129