SEGURA DE TORO     Extremadura     España

14°C


Latitud: 40° 07.80 N Longitud: 5° 34.20 W Altitud: 630 metros
Idioma:  Español
Actualización21/10/2019 13:15
 

NOAA-Style Climate Reports

Select a Year or Month report
2019: Ene Feb Mar Abr May Jun Jul Ago Sep Oct Nov Dic
2018: Ene Feb Mar Abr May Jun Jul Ago Sep Oct Nov Dic
2017: Ene Feb Mar Abr May Jun Jul Ago Sep Oct Nov Dic

Report for 2019 Septiembre
                   MONTHLY CLIMATOLOGICAL SUMMARY for sep 2019


NAME: Segura de Toro                  
ELEV: 630 meter    LAT: 40-13.45 N    LONG: 005-56.95 W


                   TEMPERATURE (°C), RAIN (mm), WIND SPEED (m/s)

                                         HEAT   COOL         AVG
      MEAN                               DEG    DEG          WIND                   DOM
DAY   TEMP   HIGH   TIME    LOW   TIME   DAYS   DAYS   RAIN  SPEED   HIGH   TIME    DIR
---------------------------------------------------------------------------------------
 01   27,5   31,6  13:07   23,5  06:35    0,0    9,2    0,0    1,9    9,5  13:49    159
 02   25,9   32,7  15:55   18,1  06:42    0,0    7,5    0,0    1,4    6,8  19:21    190
 03   27,5   33,7  14:57   21,4  05:45    0,0    9,1    0,0    1,6    6,1  15:31     67
 04   28,9   33,8  15:30   23,5  05:29    0,0   10,6    0,0    2,1    8,2  22:21    134
 05   23,3   28,7  14:33   18,6  06:15    0,0    5,0    0,0    4,4   13,6  15:30     25
 06   20,9   28,5  15:38   13,8  06:29    0,0    2,5    0,0    2,1   10,2  22:10     20
 07   22,0   29,9  16:54   13,4  06:06    0,0    3,6    0,0    1,7    9,9  00:34     16
 08   23,9   30,0  15:09   18,1  03:01    0,0    5,5    0,0    1,4    6,1  15:19    163
 09   23,3   27,4  14:07   18,3  06:14    0,0    4,9    0,0    2,7   10,2  15:29    177
 10   18,4   22,8  16:43   14,6  06:30    0,0    0,1    0,0    4,1   16,3  09:55     18
 11   20,3   25,4  16:10   15,8  00:28    0,0    1,9    0,0    4,3   15,6  08:25     16
 12   22,5   28,9  14:31   16,0  05:56    0,0    4,2    0,0    1,5   10,2  16:59     87
 13   22,6   27,0  11:45   20,0  23:03    0,0    4,3    0,0    2,5   12,2  13:36     85
 14   20,7   24,2  14:35   17,8  23:56    0,0    2,4    0,7    1,3   10,2  15:43    109
 15   20,4   26,1  17:00   16,2  06:55    0,0    2,1    6,6    1,0    6,1  02:10     95
 16   21,7   24,9  15:01   18,9  07:20    0,0    3,4    0,0    0,8    7,1  23:31     98
 17   23,0   28,6  13:06   17,6  18:44    0,0    4,6    3,1    1,9   10,9  16:41     74
 18   22,8   28,1  15:41   17,4  04:25    0,0    4,5    0,0    1,3    4,8  14:28    133
 19   24,2   28,9  15:07   20,5  07:40    0,0    5,8    0,0    1,5    7,1  15:15    153
 20   21,3   25,9  13:38   18,0  06:25    0,0    3,0    0,0    2,1   11,6  10:19    167
 21   18,8   20,2  19:22   16,8  23:35    0,0    0,4    5,9    1,9   15,3  09:25    130
 22   16,9   20,5  15:19   13,7  07:59    1,4    0,0    2,8    1,8    7,8  01:57    182
 23   18,5   23,5  15:53   14,1  06:07    0,0    0,2    0,0    1,1    6,1  14:46    189
 24   19,2   22,9  17:07   15,2  07:17    0,0    0,9    0,0    1,0    7,5  13:41    179
 25   19,3   25,1  15:54   14,2  06:09    0,0    1,0    0,0    2,8   12,2  06:39     21
 26   21,8   27,2  16:00   17,0  03:58    0,0    3,4    0,0    0,4    5,1  23:40     93
 27   23,1   28,4  15:42   17,9  06:17    0,0    4,7    0,0    2,3   10,2  22:30     22
 28   23,0   28,4  16:15   18,2  00:19    0,0    4,7    0,0    1,3    6,1  00:01    168
 29   24,4   29,3  15:52   21,0  04:29    0,0    6,0    0,0    1,4    6,5  22:55    135
 30   24,1   29,3  14:45   20,0  06:40    0,0    5,8    0,0    1,9    8,5  00:29    177
---------------------------------------------------------------------------------------
      22,3   33,8     04   13,4     07    1,4  121,3   19,0    1,9   16,3     10     68