SEGURA DE TORO     Extremadura     España

14°C


Latitud: 40° 07.80 N Longitud: 5° 34.20 W Altitud: 630 metros
Idioma:  Español
Actualización21/10/2019 13:15
 

NOAA-Style Climate Reports

Select a Year or Month report
2019: Ene Feb Mar Abr May Jun Jul Ago Sep Oct Nov Dic
2018: Ene Feb Mar Abr May Jun Jul Ago Sep Oct Nov Dic
2017: Ene Feb Mar Abr May Jun Jul Ago Sep Oct Nov Dic

Report for 2019 Agosto
                   MONTHLY CLIMATOLOGICAL SUMMARY for ago 2019


NAME: Segura de Toro                  
ELEV: 630 meter    LAT: 40-13.45 N    LONG: 005-56.95 W


                   TEMPERATURE (°C), RAIN (mm), WIND SPEED (m/s)

                                         HEAT   COOL         AVG
      MEAN                               DEG    DEG          WIND                   DOM
DAY   TEMP   HIGH   TIME    LOW   TIME   DAYS   DAYS   RAIN  SPEED   HIGH   TIME    DIR
---------------------------------------------------------------------------------------
 01   26,8   32,1  16:19   21,6  06:27    0,0    8,5    0,0    2,1    8,5  15:14    193
 02   27,5   33,5  17:29   21,4  06:15    0,0    9,1    0,0    1,9    8,5  01:44    205
 03   28,2   33,2  17:06   23,1  05:32    0,0    9,8    0,0    2,2    8,5  12:39    208
 04   27,5   32,8  16:07   22,2  06:28    0,0    9,1    0,0    2,6    8,8  13:10    203
 05   26,7   32,9  16:30   19,5  06:37    0,0    8,4    0,0    1,9   10,5  13:23    212
 06   26,9   31,7  15:04   21,8  07:17    0,0    8,5    0,0    2,5   11,2  13:07    195
 07   21,9   24,6  17:47   19,8  12:34    0,0    3,6    0,5    1,7    5,4  13:10    184
 08   25,1   30,4  15:30   20,5  06:34    0,0    6,8    0,0    3,7   12,2  15:45    195
 09   19,7   23,1  10:30   16,8  15:46    0,0    1,4   13,9    3,3   12,2  07:08    179
 10   22,0   27,6  15:49   16,3  05:24    0,0    3,7    0,0    1,9    8,5  01:55    123
 11   21,2   25,8  16:49   16,7  05:32    0,0    2,9    0,0    2,4   13,3  23:05     15
 12   20,8   26,8  15:57   14,8  06:06    0,0    2,5    0,0    4,3   11,9  01:10     11
 13   24,1   30,1  18:09   17,7  05:53    0,0    5,7    0,0    1,5    5,8  14:33     18
 14   27,3   33,0  16:13   20,6  05:33    0,0    9,0    0,0    1,8    9,2  22:41     95
 15   29,1   35,4  15:32   22,0  06:28    0,0   10,7    0,0    2,2   10,5  03:46     21
 16   29,0   34,4  17:29   23,5  06:41    0,0   10,7    0,0    2,4   10,2  01:29      6
 17   29,1   34,4  15:39   23,6  06:09    0,0   10,7    0,0    2,7   10,9  00:06    182
 18   26,3   30,8  14:25   21,5  05:17    0,0    7,9    0,0    2,5    8,2  23:59    173
 19   23,8   28,3  13:36   19,3  06:11    0,0    5,5    0,0    2,6   10,9  00:15     22
 20   24,5   31,1  15:32   17,8  05:45    0,0    6,2    0,0    3,5   10,5  03:31     16
 21   25,5   31,4  16:38   20,0  05:16    0,0    7,2    0,0    1,7    8,2  00:14    155
 22   27,5   32,8  17:13   22,3  05:27    0,0    9,2    0,0    1,8    8,2  13:29    141
 23   29,0   33,6  16:13   23,2  04:21    0,0   10,6    0,0    2,1    8,2  15:11    152
 24   29,5   34,2  14:11   25,4  06:42    0,0   11,2    0,0    1,9    8,2  15:06    160
 25   27,0   32,0  14:42   20,4  23:59    0,0    8,6    1,2    2,9   16,0  21:44     81
 26   20,7   26,5  15:07   16,7  07:46    0,0    2,3    8,4    2,1   12,6  19:57     80
 27   23,1   29,0  15:21   17,7  04:58    0,0    4,8    0,0    1,1    5,1  15:40    147
 28   26,0   30,6  16:35   21,8  05:32    0,0    7,7    0,0    1,5    7,8  12:31    187
 29   27,8   33,0  15:13   22,8  05:45    0,0    9,5    0,0    2,0   12,2  12:07    199
 30   28,2   33,6  15:56   24,0  03:01    0,0    9,8    0,0    1,9   14,3  17:59    126
 31   28,2   33,2  15:08   23,4  06:07    0,0    9,8    0,0    1,9    8,2  14:40    196
---------------------------------------------------------------------------------------
      25,8   35,4     15   14,8     12    0,0  231,7   24,0    2,3   16,0     25    157