SEGURA DE TORO     Extremadura     España

6°C


Latitud: 40° 07.80 N Longitud: 5° 34.20 W Altitud: 630 metros
Idioma:  Español
Actualización15/11/2019 01:30
 

NOAA-Style Climate Reports

Select a Year or Month report
2019: Ene Feb Mar Abr May Jun Jul Ago Sep Oct Nov Dic
2018: Ene Feb Mar Abr May Jun Jul Ago Sep Oct Nov Dic
2017: Ene Feb Mar Abr May Jun Jul Ago Sep Oct Nov Dic

Report for 2019 Julio
                   MONTHLY CLIMATOLOGICAL SUMMARY for jul 2019


NAME: Segura de Toro                  
ELEV: 630 meter    LAT: 40-13.45 N    LONG: 005-56.95 W


                   TEMPERATURE (°C), RAIN (mm), WIND SPEED (m/s)

                                         HEAT   COOL         AVG
      MEAN                               DEG    DEG          WIND                   DOM
DAY   TEMP   HIGH   TIME    LOW   TIME   DAYS   DAYS   RAIN  SPEED   HIGH   TIME    DIR
---------------------------------------------------------------------------------------
 01   25,1   31,2  17:44   18,1  05:08    0,0    6,7    0,0    0,4    7,8  12:29    148
 02   25,1   31,0  14:26   18,2  05:55    0,0    6,8    0,0    0,8    6,5  18:12    162
 03   25,1   30,8  14:43   20,0  03:27    0,0    6,8    0,0    1,1    8,5  17:08    181
 04   23,5   27,9  16:11   19,0  06:09    0,0    5,2    0,0    1,0    6,5  18:37    165
 05   23,5   29,0  15:45   17,0  05:54    0,0    5,1    0,0    1,5    9,5  13:58    175
 06   23,9   28,9  16:10   18,7  05:20    0,0    5,6    0,0    0,6    5,4  23:59    149
 07   23,2   29,0  16:15   17,9  06:50    0,0    4,9    0,0    0,9    7,1  19:20    163
 08   20,6   25,7  14:41   16,5  06:00    0,0    2,3    0,0    1,6   12,9  15:36    144
 09   23,2   28,8  15:33   16,4  06:08    0,0    4,9    0,0    1,3   10,9  05:42     34
 10   26,7   32,9  17:39   20,3  06:20    0,0    8,3    0,0    0,5    4,8  16:10     96
 11   30,9   36,1  16:54   25,3  06:18    0,0   12,5    0,0    1,5    6,1  23:52    138
 12   29,1   32,5  20:18   24,6  04:55    0,0   10,7    0,0    1,6    7,5  19:16    131
 13   25,3   29,4  00:00   20,8  06:43    0,0    7,0    0,0    1,7    9,9  17:05    189
 14   26,9   33,7  16:36   20,5  03:10    0,0    8,5    0,0    1,5    7,8  04:17     21
 15   28,9   34,6  15:52   23,9  06:20    0,0   10,5    0,0    1,4    8,8  02:43     34
 16   27,8   33,1  15:41   22,0  06:14    0,0    9,5    0,0    1,6   10,9  14:36    187
 17   24,1   29,6  16:30   17,6  05:33    0,0    5,8    0,0    0,8    6,5  11:25    177
 18   28,6   34,1  16:58   23,4  03:54    0,0   10,3    0,0    0,9    6,5  01:30     51
 19   30,4   34,9  15:36   25,2  05:56    0,0   12,0    0,0    1,4   10,2  16:14    167
 20   29,6   34,9  15:16   24,9  06:21    0,0   11,3    0,0    2,5   10,5  01:46     41
 21   30,2   36,5  16:28   24,7  05:00    0,0   11,9    0,0    1,9   10,9  01:05     29
 22   31,7   37,9  15:20   26,4  07:40    0,0   13,4    0,0    1,9   11,6  23:59    110
 23   29,2   34,0  16:30   23,3  03:03    0,0   10,9    6,0    3,1   15,6  02:55    150
 24   29,5   34,6  15:39   23,9  06:19    0,0   11,2    0,0    2,0   11,2  13:37    180
 25   26,7   31,3  15:28   22,3  07:28    0,0    8,4    0,0    2,9   11,9  15:34    200
 26   23,1   28,2  16:06   18,8  06:16    0,0    4,8    0,0    2,7    8,2  03:14    327
 27   20,6   25,6  18:40   16,7  06:41    0,0    2,3    0,0    2,0    8,8  23:48    212
 28   24,2   29,5  16:40   18,2  05:09    0,0    5,9    0,0    1,7    6,5  00:00    196
 29   23,8   29,0  15:45   18,6  23:58    0,0    5,5    0,0    2,6   11,6  23:50    334
 30   22,2   28,8  16:53   14,6  05:20    0,0    3,9    0,0    4,4   16,0  04:53     20
 31   25,9   32,0  15:56   19,1  06:29    0,0    7,5    0,0    1,9    9,9  13:49    118
---------------------------------------------------------------------------------------
      26,1   37,9     22   14,6     30    0,0  240,5    6,0    1,7   16,0     30    141