SEGURA DE TORO     Extremadura     España

6°C


Latitud: 40° 07.80 N Longitud: 5° 34.20 W Altitud: 630 metros
Idioma:  Español
Actualización15/11/2019 01:30
 

NOAA-Style Climate Reports

Select a Year or Month report
2019: Ene Feb Mar Abr May Jun Jul Ago Sep Oct Nov Dic
2018: Ene Feb Mar Abr May Jun Jul Ago Sep Oct Nov Dic
2017: Ene Feb Mar Abr May Jun Jul Ago Sep Oct Nov Dic

Report for 2019 Junio
                   MONTHLY CLIMATOLOGICAL SUMMARY for jun 2019


NAME: Segura de Toro                  
ELEV: 630 meter    LAT: 40-13.45 N    LONG: 005-56.95 W


                   TEMPERATURE (°C), RAIN (mm), WIND SPEED (m/s)

                                         HEAT   COOL         AVG
      MEAN                               DEG    DEG          WIND                   DOM
DAY   TEMP   HIGH   TIME    LOW   TIME   DAYS   DAYS   RAIN  SPEED   HIGH   TIME    DIR
---------------------------------------------------------------------------------------
 01   27,4   32,5  16:37   22,3  06:00    0,0    9,0    0,0    1,0    7,1  22:14     83
 02   27,3   32,0  15:42   23,1  05:50    0,0    9,0    0,0    1,1    8,8  15:51     68
 03   24,8   30,0  15:38   20,1  05:36    0,0    6,4    0,0    3,1   11,9  17:40    190
 04   18,4   22,5  15:57   14,5  06:35    0,0    0,1    0,0    2,8   11,6  16:33    198
 05   15,1   20,6  17:08   10,8  05:26    3,3    0,0    0,0    2,1   12,2  16:14    322
 06   14,8   20,6  15:26    9,4  05:59    3,5    0,0    1,2    4,8   17,7  20:25    177
 07   15,1   21,1  16:00    9,5  03:08    3,2    0,0    0,0    1,8    8,8  23:58      9
 08   19,0   25,4  15:36   11,5  05:45    0,0    0,7    0,0    1,5   10,5  00:15    106
 09   18,8   24,5  15:45   12,7  05:53    0,0    0,4    0,0    1,8    9,5  23:58    195
 10   19,3   25,8  15:09   12,7  06:10    0,0    1,0    0,0    1,7   11,9  22:21     22
 11   17,5   21,6  16:07   13,1  06:10    0,8    0,0    0,0    3,7   13,3  12:22     17
 12   18,4   24,1  15:38   12,0  05:45    0,0    0,0    0,0    2,3    8,8  12:28    199
 13   18,6   24,1  15:24   12,0  05:40    0,0    0,3    0,0    2,7   10,5  14:09    185
 14   15,7   20,2  16:20   10,1  06:10    2,6    0,0    0,0    3,3   12,6  11:07    195
 15   18,3   24,8  17:16   11,9  02:26    0,1    0,0    0,0    1,9    6,1  05:38    175
 16   22,6   28,4  17:13   16,5  06:08    0,0    4,3    0,0    1,7    8,2  18:49    131
 17   23,1   28,2  15:38   17,4  06:10    0,0    4,8    0,0    2,0   11,6  14:18    159
 18   20,4   23,2  00:00   16,0  06:11    0,0    2,0    0,0    4,1   12,2  11:28    182
 19   19,6   23,1  16:46   15,7  06:55    0,0    1,2    0,0    2,8    9,2  15:11    186
 20   20,5   25,1  15:39   17,0  06:57    0,0    2,2    0,0    1,6    8,5  14:18    142
 21   21,9   28,0  16:49   15,2  05:56    0,0    3,6    0,0    1,0    7,1  00:08      3
 22   24,5   29,5  15:35   20,0  02:36    0,0    6,2    0,0    1,3    9,2  12:37    160
 23   23,4   28,2  14:43   18,3  06:40    0,0    5,0    0,0    2,5   10,5  13:26    170
 24   21,2   24,6  14:24   18,2  20:07    0,0    2,9    0,0    2,1    9,2  13:57    193
 25   22,8   29,2  16:14   15,5  04:00    0,0    4,4    0,0    0,4    9,5  13:12    165
 26   24,5   29,6  17:49   18,1  05:59    0,0    6,2    0,0    1,0   11,2  11:58    178
 27   25,0   30,0  14:42   19,4  04:44    0,0    6,7    0,0    0,1    4,4  08:17    193
 28   28,6   36,9  16:30   20,7  03:22    0,0   10,3    0,0    1,1   11,9  14:38    172
 29   29,4   35,9  16:14   23,0  04:57    0,0   11,0    0,0    0,6    7,5  15:33     95
 30   27,8   33,3  15:23   21,9  06:06    0,0    9,4    0,0    0,4    8,2  18:13    147
---------------------------------------------------------------------------------------
      21,5   36,9     28    9,4     06   13,6  107,1    1,2    1,9   17,7     06    174