SEGURA DE TORO     Extremadura     España

 


Latitud: 40° 07.80 N Longitud: 5° 34.20 W Altitud: 630 metros
Idioma:  Español
Actualización 14:26
 

NOAA-Style Climate Reports

Select a Year or Month report
2019: Ene Feb Mar Abr May Jun Jul Ago Sep Oct Nov Dic
2018: Ene Feb Mar Abr May Jun Jul Ago Sep Oct Nov Dic
2017: Ene Feb Mar Abr May Jun Jul Ago Sep Oct Nov Dic

Report for 2019 Mayo
                   MONTHLY CLIMATOLOGICAL SUMMARY for may 2019


NAME: Segura de Toro                  
ELEV: 630 meter    LAT: 40-13.45 N    LONG: 005-56.95 W


                   TEMPERATURE (°C), RAIN (mm), WIND SPEED (m/s)

                                         HEAT   COOL         AVG
      MEAN                               DEG    DEG          WIND                   DOM
DAY   TEMP   HIGH   TIME    LOW   TIME   DAYS   DAYS   RAIN  SPEED   HIGH   TIME    DIR
---------------------------------------------------------------------------------------
 01   21,7   26,1  15:44   18,3  04:36    0,0    3,3    0,0    0,1    8,5  23:30     23
 02   20,0   26,5  14:44   12,6  06:14    0,0    1,7    0,0    0,6    8,2  20:55     31
 03   18,1   22,6  14:44   13,9  05:45    0,2    0,0    0,0    0,4    8,2  18:17     37
 04   18,0   24,5  16:44   12,5  04:31    0,3    0,0    0,6    0,5    5,1  14:55    209
 05   19,2   24,6  16:17   12,9  06:33    0,0    0,9    0,0    0,1    3,7  12:06    118
 06   17,4   21,7  16:27   13,0  06:35    1,0    0,0    0,0    0,1    7,1  16:27    121
 07   14,9   18,4  14:06   11,4  05:29    3,4    0,0    0,6    0,0    0,0  00:00     90
 08   14,7   17,8  16:21   12,5  07:37    3,7    0,0    2,4    3,2   14,3  05:12    174
 09   13,9   17,1  15:56   10,4  06:16    4,5    0,0    3,0    1,4   11,6  21:44    174
 10   17,4   22,5  17:04   14,4  03:24    1,0    0,0    0,0    3,2   10,9  06:54    175
 11   20,6   26,6  16:20   14,9  01:34    0,0    2,3    0,0    0,0    1,0  23:59     55
 12   21,9   28,7  14:43   15,9  06:22    0,0    3,6    0,0    0,1    6,1  19:35     38
 13   23,0   28,5  13:32   16,7  04:33    0,0    4,6    0,0    0,0    2,4  03:51     49
 14   23,2   29,5  16:39   17,7  06:21    0,0    4,9    0,0    0,0    2,0  04:53     69
 15   25,9   31,0  15:18   19,9  05:03    0,0    7,6    0,0    0,1    5,4  20:07     77
 16   21,0   26,2  13:12   12,1  23:55    0,0    2,6    0,0    0,8   10,5  22:45    347
 17   13,6   19,5  16:42    9,8  05:35    4,8    0,0    0,0    2,1   12,6  00:47     10
 18   13,2   19,0  16:07    8,3  05:55    5,2    0,0    0,0    2,4   10,9  08:33     18
 19   15,0   20,7  15:34    9,6  05:50    3,3    0,0    0,0    1,9   11,2  05:47     21
 20   16,4   21,5  17:19   11,7  05:30    2,0    0,0    0,0    1,3    5,8  02:55     40
 21   19,4   25,3  16:47   13,8  04:41    0,0    1,1    0,0    1,3    9,9  02:09     37
 22   21,8   27,0  16:17   15,5  06:20    0,0    3,4    1,8    0,6    7,1  12:53    199
 23   21,5   26,7  15:56   16,6  07:47    0,0    3,2    0,0    0,1    6,8  00:07    129
 24   19,5   24,4  16:25   14,0  05:25    0,0    1,1    0,0    0,5   10,9  08:21     16
 25   18,7   24,6  15:53   11,7  05:37    0,0    0,4    0,0    0,8    6,5  19:41     47
 26   21,6   27,1  16:45   14,3  05:33    0,0    3,3    0,0    0,7    6,8  18:04     67
 27   23,8   29,3  15:14   17,9  05:10    0,0    5,4    0,0    0,9    7,5  06:44     36
 28   21,5   26,5  15:16   15,7  06:15    0,0    3,1    0,0    1,0   10,5  22:40     37
 29   21,3   27,7  15:06   13,9  06:15    0,0    3,0    0,0    1,0    9,5  20:55     21
 30   24,3   31,4  16:14   17,9  05:47    0,0    5,9    0,0    1,0    6,1  23:54     79
 31   26,9   32,8  16:33   21,3  05:54    0,0    8,6    0,0    0,9    5,1  00:16    101
---------------------------------------------------------------------------------------
      19,7   32,8     31    8,3     18   29,2   70,1    8,4    0,9   14,3     08     73