SEGURA DE TORO     Extremadura     España

24°C


Latitud: 40° 07.80 N Longitud: 5° 34.20 W Altitud: 630 metros
Idioma:  Español
Actualización18/09/2019 23:05
 

NOAA-Style Climate Reports

Select a Year or Month report
2019: Ene Feb Mar Abr May Jun Jul Ago Sep Oct Nov Dic
2018: Ene Feb Mar Abr May Jun Jul Ago Sep Oct Nov Dic
2017: Ene Feb Mar Abr May Jun Jul Ago Sep Oct Nov Dic

Report for 2019 Abril
                   MONTHLY CLIMATOLOGICAL SUMMARY for abr 2019


NAME: Segura de Toro                  
ELEV: 630 meter    LAT: 40-13.45 N    LONG: 005-56.95 W


                   TEMPERATURE (°C), RAIN (mm), WIND SPEED (m/s)

                                         HEAT   COOL         AVG
      MEAN                               DEG    DEG          WIND                   DOM
DAY   TEMP   HIGH   TIME    LOW   TIME   DAYS   DAYS   RAIN  SPEED   HIGH   TIME    DIR
---------------------------------------------------------------------------------------
 01
 02
 03
 04
 05    5,1    5,2  23:33    4,9  23:53   13,3    0,0    0,0    0,0    0,0  23:33     90
 06    6,1    9,1  14:21    4,3  02:16   12,2    0,0    3,6    1,6   10,5  14:21    176
 07    8,4   11,1  19:50    5,4  03:05   10,0    0,0    4,8    0,1    7,5  12:48    185
 08   10,8   15,0  14:39    8,2  23:49    7,5    0,0    6,0    1,1    8,2  14:24    183
 09    9,4   13,5  15:59    7,2  06:14    8,9    0,0    4,8    0,1    5,4  13:24    180
 10   10,3   15,4  16:50    7,7  06:39    8,0    0,0    3,6    0,0    3,7  12:13    360
 11   12,1   16,9  16:05    6,9  07:03    6,3    0,0    0,0    0,0    2,4  17:41     21
 12   14,6   20,1  15:33    9,5  05:22    3,7    0,0    0,0    0,6    6,8  23:12     65
 13   16,2   21,1  15:55   11,0  02:39    2,1    0,0    0,0    0,4    6,1  00:19     90
 14   17,1   22,2  16:55   12,1  07:05    1,3    0,0    0,0    0,0    5,4  15:29    206
 15   15,6   18,8  13:34   11,9  15:11    2,8    0,0    3,6    0,0    0,0  00:00     90
 16   15,2   20,7  16:49    9,7  05:04    3,2    0,0    0,0    0,0    0,0  00:00     90
 17   15,1   18,3  15:09    9,8  20:39    3,2    0,0   36,0    0,0    0,0  00:00     90
 18   11,0   14,6  14:11    9,0  06:15    7,3    0,0   21,6    0,0    0,3  14:29     90
 19   11,8   14,3  13:04    8,7  06:19    6,5    0,0    6,0    0,2    3,7  13:26    199
 20   15,7   22,0  14:20    9,9  02:48    2,6    0,0    1,2    0,2    4,4  10:50    166
 21   13,7   18,4  15:03    9,9  05:51    4,7    0,0    0,0    0,0    0,0  00:00     90
 22   14,0   18,9  15:33    9,7  05:03    4,3    0,0    0,0    0,0    0,0  00:00     90
 23    7,7   11,9  00:05    5,4  13:49   10,6    0,0   19,2    3,2   14,3  13:36    172
 24    9,7   14,1  13:33    6,1  01:08    8,6    0,0   34,2    7,5   25,5  06:54    161
 25    9,3   12,5  17:45    7,3  07:00    9,0    0,0    2,4    6,0   15,0  02:42    173
 26   12,3   18,1  17:27    7,4  05:48    6,1    0,0    0,0    0,1    3,4  10:51    202
 27   15,8   21,9  17:03    9,5  03:33    2,5    0,0    0,0    0,0    0,0  00:00     90
 28   19,8   24,9  15:25   15,3  06:38    0,0    1,5    0,0    0,2    3,4  20:23    107
 29   21,1   25,6  15:56   17,6  04:34    0,0    2,8    0,0    0,0    2,4  16:11    175
 30   22,0   26,6  15:26   17,3  06:15    0,0    3,6    0,0    0,0    3,4  17:39     45
---------------------------------------------------------------------------------------
      13,4   26,6     30    4,3     06  144,5    7,9  147,0    0,9   25,5     24    166