NOAA-Style Climate Reports
Select a Year or Month report
2024: Ene Feb Mar Abr May Jun Jul Ago Sep Oct Nov Dic
2023: Ene Feb Mar Abr May Jun Jul Ago Sep Oct Nov Dic
2022: Ene Feb Mar Abr May Jun Jul Ago Sep Oct Nov Dic
2021: Ene Feb Mar Abr May Jun Jul Ago Sep Oct Nov Dic
2020: Ene Feb Mar Abr May Jun Jul Ago Sep Oct Nov Dic
2019: Ene Feb Mar Abr May Jun Jul Ago Sep Oct Nov Dic
2018: Ene Feb Mar Abr May Jun Jul Ago Sep Oct Nov Dic
2024: Ene Feb Mar Abr May Jun Jul Ago Sep Oct Nov Dic
2023: Ene Feb Mar Abr May Jun Jul Ago Sep Oct Nov Dic
2022: Ene Feb Mar Abr May Jun Jul Ago Sep Oct Nov Dic
2021: Ene Feb Mar Abr May Jun Jul Ago Sep Oct Nov Dic
2020: Ene Feb Mar Abr May Jun Jul Ago Sep Oct Nov Dic
2019: Ene Feb Mar Abr May Jun Jul Ago Sep Oct Nov Dic
2018: Ene Feb Mar Abr May Jun Jul Ago Sep Oct Nov Dic
Report for 2019 Abril
MONTHLY CLIMATOLOGICAL SUMMARY for Apr 2019 NAME: Segura de Toro ELEV: 630 meters LAT: 40-13.45 N LONG: 005-56.95 W TEMPERATURE (C), RAIN (cm), WIND SPEED (km/h) HEAT COOL AVG MEAN DEG DEG WIND DOM DAY TEMP HIGH TIME LOW TIME DAYS DAYS RAIN SPEED HIGH TIME DIR --------------------------------------------------------------------------------------- 01 02 03 04 05 5.1 5.2 00:33 4.9 00:53 13.3 0.0 0.00 0.0 0.0 00:33 N/A 06 6.1 9.1 15:21 4.3 03:16 12.2 0.0 0.36 5.7 37.8 15:21 176 07 8.4 11.1 20:50 5.4 04:05 10.0 0.0 0.48 0.5 27.0 13:48 185 08 10.8 15.0 15:39 8.2 00:49 7.5 0.0 0.60 4.0 29.5 15:24 183 09 9.4 13.5 16:59 7.2 07:14 8.9 0.0 0.48 0.5 19.4 14:24 180 10 10.3 15.4 17:50 7.7 07:39 8.0 0.0 0.36 0.0 13.3 13:13 360 11 12.1 16.9 17:05 6.9 08:03 6.3 0.0 0.00 0.0 8.6 18:41 21 12 14.6 20.1 16:33 9.5 06:22 3.7 0.0 0.00 2.2 24.5 00:12 65 13 16.2 21.1 16:55 11.0 03:39 2.1 0.0 0.00 1.4 22.0 01:19 90 14 17.1 22.2 17:55 12.1 08:05 1.3 0.0 0.00 0.1 19.4 16:29 206 15 15.6 18.8 14:34 11.9 16:11 2.8 0.0 0.36 0.0 0.0 01:00 N/A 16 15.2 20.7 17:49 9.7 06:04 3.2 0.0 0.00 0.0 0.0 01:00 N/A 17 15.1 18.3 16:09 9.8 21:39 3.2 0.0 3.60 0.0 0.0 01:00 N/A 18 11.0 14.6 15:11 9.0 07:15 7.3 0.0 2.16 0.0 1.1 15:29 N/A 19 11.8 14.3 14:04 8.7 07:19 6.5 0.0 0.60 0.6 13.3 14:26 199 20 15.7 22.0 15:20 9.9 03:48 2.6 0.0 0.12 0.7 15.8 11:50 166 21 13.7 18.4 16:03 9.9 06:51 4.7 0.0 0.00 0.0 0.0 01:00 N/A 22 14.0 18.9 16:33 9.7 06:03 4.3 0.0 0.00 0.0 0.0 01:00 N/A 23 7.7 11.9 01:05 5.4 14:49 10.6 0.0 1.92 11.3 51.5 14:36 172 24 9.7 14.1 14:33 6.1 02:08 8.6 0.0 3.42 27.1 91.8 07:54 161 25 9.3 12.5 18:45 7.3 08:00 9.0 0.0 0.24 21.4 54.0 03:42 173 26 12.3 18.1 18:27 7.4 06:48 6.1 0.0 0.00 0.4 12.2 11:51 202 27 15.8 21.9 18:03 9.5 04:33 2.5 0.0 0.00 0.0 0.0 01:00 N/A 28 19.8 24.9 16:25 15.3 07:38 0.0 1.5 0.00 0.6 12.2 21:23 107 29 21.1 25.6 16:56 17.6 05:34 0.0 2.8 0.00 0.0 8.6 17:11 175 30 22.0 26.6 16:26 17.3 07:15 0.0 3.6 0.00 0.0 12.2 18:39 45 --------------------------------------------------------------------------------------- 13.4 26.6 30 4.3 06 144.5 7.9 14.70 3.1 91.8 24 166