SEGURA DE TORO     Extremadura     España

29°C


Latitud: 40° 07.80 N Longitud: 5° 34.20 W Altitud: 630 metros
Idioma:  Español
Actualización18/07/2019 11:40
 

NOAA-Style Climate Reports

Select a Year or Month report
2019: Ene Feb Mar Abr May Jun Jul Ago Sep Oct Nov Dic
2018: Ene Feb Mar Abr May Jun Jul Ago Sep Oct Nov Dic
2017: Ene Feb Mar Abr May Jun Jul Ago Sep Oct Nov Dic

Report for 2019 Marzo
                   MONTHLY CLIMATOLOGICAL SUMMARY for mar 2019


NAME: Segura de Toro                  
ELEV: 630 meter    LAT: 40-13.45 N    LONG: 005-56.95 W


                   TEMPERATURE (°C), RAIN (mm), WIND SPEED (m/s)

                                         HEAT   COOL         AVG
      MEAN                               DEG    DEG          WIND                   DOM
DAY   TEMP   HIGH   TIME    LOW   TIME   DAYS   DAYS   RAIN  SPEED   HIGH   TIME    DIR
---------------------------------------------------------------------------------------
 01   15,0   19,4  15:35   11,7  08:34    3,4    0,0    0,0    0,3    3,7  13:21     90
 02   15,4   21,4  16:27   10,1  08:05    2,9    0,0    0,0    0,2    9,9  08:09     36
 03   14,5   18,6  14:36   11,3  07:55    3,8    0,0    0,0    0,5    8,8  17:58    174
 04   11,9   14,9  13:15   10,3  06:00    6,4    0,0    0,0    0,5    9,2  02:28    175
 05   11,9   15,2  18:45    8,5  07:05    6,4    0,0    3,6    1,1   17,0  18:39    147
 06   10,1   13,2  00:01    6,9  23:57    8,2    0,0   11,7    3,2   22,8  08:20    174
 07    7,6   10,3  15:05    4,1  07:50   10,7    0,0    3,0    0,0    0,3  23:28     90
 08   11,1   16,6  15:41    7,0  04:14    7,3    0,0    1,2    0,3    6,5  05:11     37
 09   14,4   19,5  15:50   10,5  07:30    4,0    0,0    0,0    0,0    0,3  18:28     90
 10   17,3   23,6  15:54   12,8  05:55    1,1    0,0    0,0    0,0    0,0  00:00     90
 11   16,8   22,4  15:45   11,8  07:49    1,6    0,0    0,0    0,0    0,0  00:01     90
 12   16,0   19,7  15:35   11,6  23:52    2,4    0,0    0,0    0,0    0,7  08:30     90
 13   11,7   14,5  15:44    7,5  07:40    6,6    0,0    0,0    0,2    7,8  20:20     38
 14   12,9   19,9  16:53    7,4  07:12    5,5    0,0    0,0    0,2    4,8  01:41     67
 15   16,3   21,8  16:26   10,9  01:10    2,0    0,0    0,0    0,2    3,1  01:23     77
 16   18,5   22,7  14:05   15,5  23:50    0,0    0,1    0,0    0,3    4,4  22:51    112
 17   14,2   18,0  14:23   11,1  08:07    4,2    0,0    0,0    1,9   10,2  10:51     26
 18   11,5   17,3  14:40    6,4  07:13    6,9    0,0    0,0    2,1   12,9  03:42     33
 19   12,0   17,0  14:33    7,0  07:12    6,3    0,0    0,0    1,7   12,2  16:42     31
 20   11,4   17,3  16:55    5,9  07:32    6,9    0,0    0,0    1,0    5,1  01:09    100
 21   12,3   16,6  16:45    8,2  07:35    6,0    0,0    0,0    0,9    7,8  19:24     99
 22   13,6   18,2  16:00    9,4  07:22    4,7    0,0    0,0    1,1    5,8  03:47     79
 23   15,6   20,4  15:43   11,1  05:56    2,8    0,0    0,0    0,7    6,1  20:31     94
 24   17,1   21,9  14:28   12,2  07:21    1,2    0,0    0,0    0,8    9,5  17:52     81
 25   16,8   22,0  13:49   12,9  07:22    1,5    0,0    0,0    2,0   11,9  19:21     43
 26   14,7   23,5  16:15    6,6  07:11    3,6    0,0    0,0    1,4   10,9  00:15     65
 27   13,1   15,2  00:45   11,4  02:40    5,3    0,0    0,0    1,5    7,1  00:52    113
 28
 29
 30
 31
---------------------------------------------------------------------------------------
      13,9   23,6     10    4,1     07  121,6    0,1   19,5    0,8   22,8     06     87