SEGURA DE TORO     Extremadura     España

6°C


Latitud: 40° 07.80 N Longitud: 5° 34.20 W Altitud: 630 metros
Idioma:  Español
Actualización15/11/2019 01:30
 

NOAA-Style Climate Reports

Select a Year or Month report
2019: Ene Feb Mar Abr May Jun Jul Ago Sep Oct Nov Dic
2018: Ene Feb Mar Abr May Jun Jul Ago Sep Oct Nov Dic
2017: Ene Feb Mar Abr May Jun Jul Ago Sep Oct Nov Dic

Report for 2019 Febrero
                   MONTHLY CLIMATOLOGICAL SUMMARY for feb 2019


NAME: Segura de Toro                  
ELEV: 630 meter    LAT: 40-13.45 N    LONG: 005-56.95 W


                   TEMPERATURE (°C), RAIN (mm), WIND SPEED (m/s)

                                         HEAT   COOL         AVG
      MEAN                               DEG    DEG          WIND                   DOM
DAY   TEMP   HIGH   TIME    LOW   TIME   DAYS   DAYS   RAIN  SPEED   HIGH   TIME    DIR
---------------------------------------------------------------------------------------
 01    6,5   10,1  00:00    5,2  15:34   11,8    0,0    2,7    1,9   13,6  00:30    173
 02    5,6    9,7  16:12    3,6  07:22   12,7    0,0    0,0    0,9    8,8  21:52     15
 03    5,7   10,7  15:55    2,7  06:03   12,6    0,0    0,0    1,7   12,2  02:47     21
 04    7,9   12,2  16:07    3,8  00:17   10,4    0,0    0,0    0,0    0,0  00:00     90
 05   10,9   15,2  16:02    7,2  09:08    7,4    0,0    0,0    0,0    0,0  00:00     90
 06   11,9   15,8  15:32    9,6  07:49    6,4    0,0    0,0    0,0    0,0  00:00     90
 07   12,6   17,1  13:50    9,7  05:22    5,8    0,0    0,0    0,0    0,7  09:45     90
 08   10,4   14,8  14:01    7,8  08:41    8,0    0,0    0,0    0,0    0,0  00:00     90
 09    9,3   11,2  13:06    6,6  07:51    9,0    0,0    0,0    0,0    0,0  00:00     90
 10    9,7   11,5  19:27    8,1  06:46    8,6    0,0    0,9    1,8   10,2  13:32    167
 11   10,2   15,2  16:15    6,0  06:38    8,1    0,0    0,3    0,0    0,0  00:00     90
 12   10,4   15,1  16:22    6,8  07:30    7,9    0,0    0,0    0,0    0,0  00:00     90
 13   12,2   16,4  16:31    9,4  08:33    6,2    0,0    0,0    0,0    0,0  00:00     90
 14   11,1   15,8  17:05    7,3  08:25    7,2    0,0    0,0    0,0    0,0  00:00     90
 15   12,1   17,4  16:06    8,5  07:33    6,2    0,0    0,0    0,0    0,0  00:00     90
 16   12,3   16,5  16:22    9,1  08:25    6,1    0,0    0,0    0,0    1,7  01:27     73
 17   11,4   16,7  15:10    7,5  08:35    6,9    0,0    0,0    0,0    3,7  16:40    135
 18   12,8   17,1  13:35   10,1  08:08    5,6    0,0    0,0    0,0    0,0  00:00     90
 19   10,7   13,2  16:05    8,8  09:19    7,6    0,0    0,0    0,0    0,0  00:00     90
 20   11,3   16,3  16:25    8,1  06:50    7,1    0,0    0,0    0,0    0,0  00:00     90
 21   13,7   17,9  15:05   10,5  06:08    4,6    0,0    0,0    0,0    1,0  20:14     80
 22   14,3   19,3  15:28    9,6  07:13    4,1    0,0    0,0    0,2    3,4  18:45     62
 23   16,3   20,5  15:18   12,9  06:44    2,0    0,0    0,0    0,7   10,9  20:55     11
 24   15,8   20,4  16:15   11,6  03:14    2,5    0,0    0,0    0,6    5,1  21:08     68
 25   15,9   20,5  16:16   11,5  07:30    2,5    0,0    0,0    0,6    3,4  00:34     71
 26   16,1   22,2  16:09   12,4  06:13    2,2    0,0    0,0    1,1   12,6  17:15     81
 27   13,6   17,4  13:22    9,4  07:31    4,8    0,0    0,0    0,9    4,8  15:29     57
 28   14,0   18,2  12:54   10,9  07:26    4,3    0,0    0,0    0,4    8,8  03:57     44
---------------------------------------------------------------------------------------
      11,6   22,2     26    2,7     03  188,5    0,0    3,9    0,4   13,6     01     81