SEGURA DE TORO     Extremadura     España

6°C


Latitud: 40° 07.80 N Longitud: 5° 34.20 W Altitud: 630 metros
Idioma:  Español
Actualización15/11/2019 01:30
 

NOAA-Style Climate Reports

Select a Year or Month report
2019: Ene Feb Mar Abr May Jun Jul Ago Sep Oct Nov Dic
2018: Ene Feb Mar Abr May Jun Jul Ago Sep Oct Nov Dic
2017: Ene Feb Mar Abr May Jun Jul Ago Sep Oct Nov Dic

Report for 2019 Enero
                   MONTHLY CLIMATOLOGICAL SUMMARY for ene 2019


NAME: Segura de Toro                  
ELEV: 630 meter    LAT: 40-13.45 N    LONG: 005-56.95 W


                   TEMPERATURE (°C), RAIN (mm), WIND SPEED (m/s)

                                         HEAT   COOL         AVG
      MEAN                               DEG    DEG          WIND                   DOM
DAY   TEMP   HIGH   TIME    LOW   TIME   DAYS   DAYS   RAIN  SPEED   HIGH   TIME    DIR
---------------------------------------------------------------------------------------
 01   12,4   15,3  16:06    9,3  23:54    5,9    0,0    0,0    0,3    3,1  20:17     81
 02   10,5   15,2  15:05    7,6  23:54    7,8    0,0    0,0    0,5    3,1  15:56     75
 03    9,3   13,5  16:25    6,6  07:20    9,1    0,0    0,0    0,1    2,7  14:10     90
 04    9,6   13,4  16:00    7,7  06:51    8,7    0,0    0,0    0,1    2,4  12:44    206
 05    9,4   13,1  15:40    6,2  10:11    8,9    0,0    0,0    0,1    1,7  09:40     68
 06   11,4   18,5  14:29    7,5  04:11    6,9    0,0    0,0    0,7    7,5  16:14     60
 07   12,3   18,1  15:06    8,4  06:46    6,1    0,0    0,0    1,2    9,9  15:47     45
 08   11,3   15,3  16:05    8,5  09:18    7,1    0,0    0,0    0,5    3,1  01:56     92
 09   11,7   17,3  14:46    8,6  23:58    6,6    0,0    0,0    0,3    6,8  16:34     70
 10    7,6   12,7  14:20    3,8  23:58   10,7    0,0    0,0    0,7    9,5  16:24     50
 11    5,0    9,5  13:54    1,9  05:07   13,3    0,0    0,0    1,3   10,5  16:18     30
 12    6,9   12,2  15:52    4,0  08:38   11,4    0,0    0,0    0,2    5,4  17:58     64
 13    9,0   14,3  15:39    5,7  04:36    9,4    0,0    0,0    0,0    2,0  01:30     57
 14    9,7   14,3  15:46    6,6  07:41    8,6    0,0    0,0    0,0    1,4  10:57    173
 15   10,5   15,0  16:18    7,3  08:00    7,8    0,0    0,0    0,0    1,4  11:06    225
 16    6,1    9,4  00:10    5,0  09:24   12,2    0,0    0,0    0,0    2,0  10:30    187
 17    7,2   10,4  11:55    5,1  03:22   11,1    0,0    0,0    0,2    7,8  05:30     34
 18    6,1    8,5  13:46    4,4  07:34   12,2    0,0    0,0    0,1    2,7  21:08     67
 19    4,6    6,9  23:57    3,3  08:10   13,7    0,0    5,7    0,3    5,1  01:20     79
 20    8,5   11,4  14:35    6,5  09:35    9,8    0,0    3,6    0,7   15,3  06:49     26
 21    7,8   11,1  14:25    4,7  04:50   10,5    0,0    0,0    0,0    0,0  00:00     90
 22    7,5    9,2  20:41    4,8  02:13   10,8    0,0    0,3    0,0    0,0  00:00     90
 23   10,4   13,5  14:26    7,7  02:08    7,9    0,0    0,0    0,0    0,0  00:00     90
 24   12,6   17,0  16:25   10,3  05:42    5,7    0,0    0,0    0,0    5,8  11:55     45
 25   13,5   18,4  15:22   10,2  08:05    4,8    0,0    0,0    0,0    0,0  00:00     90
 26   12,0   15,3  14:51    9,8  23:55    6,3    0,0    0,0    0,0    0,0  00:00     90
 27    9,7   11,9  01:05    7,2  23:38    8,7    0,0    0,0    0,0    3,7  17:35    350
 28    9,4   12,5  12:47    6,7  01:30    8,9    0,0    0,0    0,0    0,0  00:00     90
 29    8,6   10,4  15:24    6,6  10:02    9,7    0,0    2,1    0,1    3,7  22:39     92
 30    7,7    9,8  23:22    5,3  08:08   10,7    0,0    5,7    1,6   13,9  19:16    170
 31   10,3   11,3  21:38    9,3  08:07    8,0    0,0    7,5    8,1   20,1  20:29    171
---------------------------------------------------------------------------------------
       9,3   18,5     06    1,9     11  279,5    0,0   24,9    0,6   20,1     31    141