SEGURA DE TORO     Extremadura     España

6°C


Latitud: 40° 07.80 N Longitud: 5° 34.20 W Altitud: 630 metros
Idioma:  Español
Actualización15/11/2019 01:25
 

NOAA-Style Climate Reports

Select a Year or Month report
2019: Ene Feb Mar Abr May Jun Jul Ago Sep Oct Nov Dic
2018: Ene Feb Mar Abr May Jun Jul Ago Sep Oct Nov Dic
2017: Ene Feb Mar Abr May Jun Jul Ago Sep Oct Nov Dic

Report for 2019
                     CLIMATOLOGICAL SUMMARY for year 2019


NAME: Segura de Toro                  
ELEV: 630 meter    LAT: 40-13.45 N    LONG: 005-56.95 W


                                       TEMPERATURE (°C)

                              HEAT    COOL                              MAX    MAX    MIN    MIN
          MEAN   MEAN         DEG     DEG                                >=     <=     <=     <=
 YR  MO   MAX    MIN    MEAN  DAYS    DAYS      HI  DAY     LOW  DAY     30      0      0    -20
------------------------------------------------------------------------------------------------
2019 01   13,1    6,7    9,3  279,5    0,0    18,5   06     1,9   11      0      0      0      0
2019 02   15,9    8,4   11,6  188,5    0,0    22,2   26     2,7   03      0      0      0      0
2019 03   18,6    9,6   13,9  121,6    0,1    23,6   10     4,1   07      0      0      0      0
2019 04   17,4    9,3   13,4  144,5    7,9    26,6   30     4,3   06      0      0      0      0
2019 05   25,0   14,2   19,7   29,2   70,1    32,8   31     8,3   18      3      0      0      0
2019 06   26,8   16,0   21,5   13,6  107,1    36,9   28     9,4   06      7      0      0      0
2019 07   31,5   20,5   26,1    0,0  240,5    37,9   22    14,6   30     18      0      0      0
2019 08   31,0   20,6   25,8    0,0  231,7    35,4   15    14,8   12     23      0      0      0
2019 09   27,4   17,7   22,3    1,4  121,3    33,8   04    13,4   07      5      0      0      0
2019 10   22,1   14,0   17,7   71,5   50,5    31,2   07     8,6   20      2      0      0      0
2019 11   13,4    8,6   11,1  113,0    0,0    18,7   01     5,7   08      0      0      0      0
2019 12
------------------------------------------------------------------------------------------------
          22,6   13,6   18,0  962,8  829,3    37,9  jul     1,9  ene     58      0      0      0


                  PRECIPITATION (mm)

                  MAX         ---DAYS OF RAIN---
                  OBS.               OVER
 YR  MO  TOTAL    DAY  DATE   0.30   3.00  30.00
------------------------------------------------
2019 01   24,9    7,5    31      6      4      0
2019 02    3,9    2,7    01      3      0      0
2019 03   19,5   11,7    06      4      3      0
2019 04  147,0   36,0    17     13     11      2
2019 05    8,4    3,0    09      5      1      0
2019 06    1,2    1,2    06      1      0      0
2019 07    6,0    6,0    23      1      1      0
2019 08   24,0   13,9    09      4      2      0
2019 09   19,0    6,6    15      5      3      0
2019 10   72,4   32,8    14      9      5      1
2019 11    0,0    0,0    01      0      0      0
2019 12
------------------------------------------------
         326,3   36,0   abr     51     30      3


           WIND SPEED (m/s)

                                DOM
 YR  MO    AVG     HI   DATE    DIR
-----------------------------------
2019 01    0,6   20,1     31    141 
2019 02    0,4   13,6     01     81 
2019 03    0,8   22,8     06     87 
2019 04    0,9   25,5     24    166 
2019 05    0,9   14,3     08     73 
2019 06    1,9   17,7     06    174 
2019 07    1,7   16,0     30    141 
2019 08    2,3   16,0     25    157 
2019 09    1,9   16,3     10     68 
2019 10    1,3   18,7     14    129 
2019 11    1,0   12,9     04    182 
2019 12
-----------------------------------
           1,3   25,5    abr    138