SEGURA DE TORO     Extremadura     España

9°C


Latitud: 40° 07.80 N Longitud: 5° 34.20 W Altitud: 630 metros
Idioma:  Español
Actualización23/04/2019 13:10
 

NOAA-Style Climate Reports

Select a Year or Month report
2019: Ene Feb Mar Abr May Jun Jul Ago Sep Oct Nov Dic
2018: Ene Feb Mar Abr May Jun Jul Ago Sep Oct Nov Dic
2017: Ene Feb Mar Abr May Jun Jul Ago Sep Oct Nov Dic

Report for 2018 Diciembre
                   MONTHLY CLIMATOLOGICAL SUMMARY for dic 2018


NAME: Segura de Toro                  
ELEV: 630 meter    LAT: 40-13.45 N    LONG: 005-56.95 W


                   TEMPERATURE (°C), RAIN (mm), WIND SPEED (m/s)

                                         HEAT   COOL         AVG
      MEAN                               DEG    DEG          WIND                   DOM
DAY   TEMP   HIGH   TIME    LOW   TIME   DAYS   DAYS   RAIN  SPEED   HIGH   TIME    DIR
---------------------------------------------------------------------------------------
 01
 02
 03
 04
 05   14,7   15,2  22:53   12,7  20:00    3,6    0,0    0,0    2,1   10,9  20:55     28
 06   15,1   20,7  15:10   11,0  06:31    3,2    0,0    0,0    1,2    9,9  17:14     28
 07   14,7   18,6  14:04   11,3  07:56    3,7    0,0    0,0    0,3    9,5  08:52     32
 08   12,9   16,6  13:42   10,2  21:56    5,4    0,0    0,0    0,6   12,6  09:25    183
 09   14,4   18,3  12:03   11,1  07:55    3,9    0,0    0,0    0,1    2,4  05:20     84
 10   15,0   18,2  11:07   13,4  19:06    3,4    0,0    0,0    0,0    1,4  11:15    230
 11   12,2   14,1  02:08   10,0  23:39    6,2    0,0    0,0    0,2    3,1  20:17     98
 12    8,8   10,6  22:27    7,5  13:17    9,5    0,0    3,6    0,7    8,8  21:40    164
 13    8,8   12,6  03:39    7,0  23:39    9,5    0,0    4,5    2,2   21,1  03:49    144
 14    8,7   11,8  14:50    6,0  00:36    9,6    0,0    0,0    1,7   12,6  02:11     30
 15    9,4   11,1  23:57    7,2  07:27    8,9    0,0    0,0    0,1    6,5  14:27    182
 16   10,6   13,2  06:46    7,4  22:17    7,7    0,0    2,4    2,2   17,3  06:26    176
 17    7,5   11,1  15:34    4,7  06:59   10,8    0,0    0,3    0,0    0,7  10:34     90
 18    8,2   13,1  16:41    4,6  06:20   10,1    0,0    0,9    0,8   18,0  16:36    167
 19    7,0    8,9  20:02    5,1  05:57   11,4    0,0    0,3    0,1    3,7  10:28    206
 20    8,9   11,8  14:42    7,5  04:36    9,4    0,0    0,0    0,3    3,4  16:37    200
 21    9,9   11,5  14:12    8,9  06:25    8,4    0,0    0,0    0,0    0,3  00:01     90
 22    9,3   13,1  14:31    7,5  23:30    9,0    0,0    0,0    0,2    3,4  12:51    199
 23    7,6   10,9  22:44    5,2  08:48   10,8    0,0    0,0    0,0    2,0  19:10    193
 24   10,6   13,4  14:09    8,0  08:14    7,8    0,0    0,0    0,0    2,4  13:24    226
 25   11,7   14,4  15:07    9,9  05:04    6,7    0,0    0,0    0,1    2,0  18:47    100
 26   10,7   14,4  14:40    8,4  08:34    7,6    0,0    0,0    0,1    2,7  02:32     66
 27   10,2   13,2  14:52    8,2  09:35    8,1    0,0    0,0    0,0    1,7  17:18     68
 28   10,7   16,0  14:15    7,9  09:06    7,7    0,0    0,0    0,0    0,0  00:00     90
 29    9,6   14,0  14:33    6,8  05:33    8,7    0,0    0,0    0,2    4,1  17:28     60
 30   10,8   14,8  16:16    7,9  06:10    7,5    0,0    0,0    0,1    2,7  17:41     57
 31   12,7   16,0  16:00   10,7  00:30    5,6    0,0    0,0    0,3    4,1  19:50     63
---------------------------------------------------------------------------------------
      10,6   20,7     06    4,6     18  204,1    0,0   12,0    0,5   21,1     13    121