SEGURA DE TORO     Extremadura     España

10°C


Latitud: 40° 07.80 N Longitud: 5° 34.20 W Altitud: 630 metros
Idioma:  Español
Actualización16/02/2019 08:20
 

NOAA-Style Climate Reports

Select a Year or Month report
2019: Ene Feb Mar Abr May Jun Jul Ago Sep Oct Nov Dic
2018: Ene Feb Mar Abr May Jun Jul Ago Sep Oct Nov Dic
2017: Ene Feb Mar Abr May Jun Jul Ago Sep Oct Nov Dic

Report for 2018 Octubre
                   MONTHLY CLIMATOLOGICAL SUMMARY for oct 2018


NAME: Segura de Toro                  
ELEV: 630 meter    LAT: 40-13.45 N    LONG: 005-56.95 W


                   TEMPERATURE (°C), RAIN (mm), WIND SPEED (m/s)

                                         HEAT   COOL         AVG
      MEAN                               DEG    DEG          WIND                   DOM
DAY   TEMP   HIGH   TIME    LOW   TIME   DAYS   DAYS   RAIN  SPEED   HIGH   TIME    DIR
---------------------------------------------------------------------------------------
 01   21,7   26,6  13:36   15,8  06:51    0,0    3,3    0,0    2,4   10,2  00:20     38
 02   21,6   26,7  16:00   13,0  07:25    0,0    3,2    0,0    1,8    6,8  19:10     32
 03   23,0   29,1  16:10   18,5  06:35    0,0    4,7    0,0    1,1    4,1  13:00    155
 04   24,0   28,7  15:40   19,3  07:25    0,0    5,6    0,0    1,3    4,8  15:10    152
 05   23,5   27,7  14:50   19,2  06:50    0,0    5,2    0,0    1,7    6,8  15:00    147
 06   22,6   27,2  13:49   16,7  23:41    0,0    4,3    0,0    2,8   13,9  22:41    127
 07   16,5   22,5  14:23   11,5  06:40    1,8    0,0    0,0    4,1   13,6  01:40     32
 08   16,8   23,5  15:24   12,0  06:06    1,5    0,0    0,0    1,2    6,1  16:39     58
 09   17,2   20,5  13:44   13,7  05:55    1,1    0,0    0,0    2,0    9,9  21:56    118
 10   17,7   21,3  15:30   14,0  07:31    0,6    0,0    0,0    3,0   11,9  13:39    167
 11   17,4   19,4  15:33   15,2  06:29    1,0    0,0    0,3    4,4   12,6  05:47    181
 12   18,2   22,7  15:15   13,8  05:35    0,2    0,0    0,0    1,5   10,2  12:35    175
 13   20,9   25,9  14:51   15,9  05:38    0,0    2,6    0,3    3,3   18,0  22:51    126
 14   13,3   21,2  00:00   10,2  07:55    5,1    0,0    0,0    2,5   18,4  00:54    147
 15   11,2   14,0  15:15    9,0  04:35    7,1    0,0    0,0    0,7    4,8  05:14    202
 16   14,7   19,2  16:19   11,1  02:26    3,6    0,0    0,0    0,7    6,8  18:52     31
 17   16,9   20,3  14:44   13,9  07:06    1,4    0,0    0,0    1,4    7,8  13:51    190
 18   15,9   20,7  14:06   12,5  04:08    2,4    0,0    2,7    1,7    9,2  14:37     31
 19   16,3   19,2  16:11   15,1  06:54    2,0    0,0    0,0    1,2   10,2  04:27     30
 20   17,2   21,8  13:18   14,1  22:07    1,1    0,0    0,0    1,4   14,3  18:52     86
 21   18,8   21,2  12:48   17,3  01:42    0,0    0,5    0,0    0,7    8,8  12:51     88
 22   18,8   22,3  12:20   16,0  06:43    0,0    0,5    0,0    0,5    6,1  14:33     72
 23   17,5   21,4  15:47   14,1  06:31    0,8    0,0    0,0    0,5    3,7  11:49    106
 24   19,9   24,7  15:00   17,0  07:59    0,0    1,5    0,0    0,9    3,4  16:31    118
 25   18,9   22,9  15:45   15,8  07:22    0,0    0,6    0,0    0,9    4,8  13:22    130
 26   16,1   18,1  01:40   14,0  18:40    2,2    0,0    1,2    0,3    2,4  02:56     65
 27   10,8   15,1  00:33    5,7  20:32    7,5    0,0    0,0    1,8   12,2  09:54     27
 28    6,7    9,8  15:55    3,9  07:09   11,7    0,0    0,0    2,7   10,2  13:47     18
 29    7,4   12,0  14:17    3,7  07:06   11,0    0,0    0,0    2,9   10,9  04:58     72
 30    8,6   10,9  11:52    6,4  17:51    9,8    0,0    0,0    1,5   19,7  05:24    129
 31    8,8   12,5  14:11    6,9  00:12    9,5    0,0    0,0    0,5    4,1  22:45     74
---------------------------------------------------------------------------------------
      16,6   29,1     03    3,7     29   81,3   32,0    4,5    1,7   19,7     30    102