SEGURA DE TORO     Extremadura     España

9°C


Latitud: 40° 07.80 N Longitud: 5° 34.20 W Altitud: 630 metros
Idioma:  Español
Actualización23/04/2019 13:15
 

NOAA-Style Climate Reports

Select a Year or Month report
2019: Ene Feb Mar Abr May Jun Jul Ago Sep Oct Nov Dic
2018: Ene Feb Mar Abr May Jun Jul Ago Sep Oct Nov Dic
2017: Ene Feb Mar Abr May Jun Jul Ago Sep Oct Nov Dic

Report for 2018 Agosto
                   MONTHLY CLIMATOLOGICAL SUMMARY for ago 2018


NAME: Segura de Toro                  
ELEV: 630 meter    LAT: 40-13.45 N    LONG: 005-56.95 W


                   TEMPERATURE (°C), RAIN (mm), WIND SPEED (m/s)

                                         HEAT   COOL         AVG
      MEAN                               DEG    DEG          WIND                   DOM
DAY   TEMP   HIGH   TIME    LOW   TIME   DAYS   DAYS   RAIN  SPEED   HIGH   TIME    DIR
---------------------------------------------------------------------------------------
 01   30,3   36,3  18:05   23,9  06:35    0,0   12,0    0,0    1,8    7,5  01:15     96
 02   32,8   38,6  16:27   27,1  07:12    0,0   14,5    0,0    1,3    5,4  00:07    128
 03   34,8   40,6  15:47   31,0  05:53    0,0   16,5    0,0    1,6   12,6  19:14     32
 04   33,8   39,4  15:45   28,9  04:45    0,0   15,5    0,0    1,5    8,5  15:10     32
 05   32,7   37,7  16:15   28,1  05:10    0,0   14,4    0,0    1,8    8,8  11:49     22
 06   32,8   38,3  15:47   28,9  05:35    0,0   14,5    0,0    1,3    6,8  14:19    190
 07   27,1   32,1  16:43   20,9  05:51    0,0    8,8    0,0    1,9    8,8  21:06    352
 08   25,5   30,4  14:50   20,6  05:34    0,0    7,1    0,0    2,9   10,5  23:14    217
 09   22,8   29,1  16:07   16,2  06:35    0,0    4,4    0,0    3,8   13,3  05:21     20
 10   25,4   31,9  16:15   17,8  06:30    0,0    7,0    0,0    1,4    8,2  00:06    121
 11   28,5   33,4  16:42   23,5  06:42    0,0   10,2    0,0    1,5    9,5  13:35    183
 12   28,1   32,8  14:42   24,3  23:56    0,0    9,8    0,0    2,7   10,9  14:07    196
 13   25,9   32,1  17:43   19,8  05:54    0,0    7,5    0,0    2,7   10,2  03:00     29
 14   27,5   33,7  16:24   21,5  06:46    0,0    9,2    0,0    1,8   10,5  00:39     38
 15   28,0   33,6  16:34   21,5  06:02    0,0    9,7    0,0    1,4    7,8  22:00    208
 16   27,2   33,2  15:40   22,5  06:44    0,0    8,9    0,0    1,3    7,1  14:30    174
 17   26,1   31,9  15:26   20,7  06:35    0,0    7,8    0,0    2,0   10,5  22:20     24
 18   24,5   31,9  15:46   16,8  06:22    0,0    6,2    0,0    1,6    7,8  20:29     23
 19   27,4   33,6  17:15   21,2  05:20    0,0    9,1    0,0    1,3    6,5  20:22     34
 20   28,9   34,8  15:33   23,7  05:35    0,0   10,5    0,0    1,4    6,8  20:05    114
 21   27,9   33,8  15:05   23,9  23:25    0,0    9,6    0,3    1,6   11,6  18:55    177
 22   27,1   33,0  15:43   22,0  06:22    0,0    8,8    0,0    1,6    7,8  17:05    104
 23   28,2   33,2  15:48   24,0  05:48    0,0    9,9    0,0    1,6    8,2  14:43    168
 24   28,4   33,7  16:07   22,8  07:05    0,0   10,1    0,0    1,9    9,5  22:50     24
 25   27,1   31,9  15:49   22,2  06:29    0,0    8,7    0,0    1,9    7,5  21:15     18
 26   27,6   32,8  15:39   22,7  04:25    0,0    9,3    0,0    1,5    7,8  14:43    179
 27   29,5   34,4  16:35   25,8  05:33    0,0   11,2    0,0    1,7    8,5  23:50     97
 28   25,7   31,0  00:00   21,0  06:59    0,0    7,4    0,0    4,4   14,3  04:34    191
 29
 30
 31
---------------------------------------------------------------------------------------
      28,3   40,6     03   16,2     09    0,0  278,6    0,3    1,9   14,3     28     61