NOAA-Style Climate Reports
Select a Year or Month report
2024: Ene Feb Mar Abr May Jun Jul Ago Sep Oct Nov Dic
2023: Ene Feb Mar Abr May Jun Jul Ago Sep Oct Nov Dic
2022: Ene Feb Mar Abr May Jun Jul Ago Sep Oct Nov Dic
2021: Ene Feb Mar Abr May Jun Jul Ago Sep Oct Nov Dic
2020: Ene Feb Mar Abr May Jun Jul Ago Sep Oct Nov Dic
2019: Ene Feb Mar Abr May Jun Jul Ago Sep Oct Nov Dic
2018: Ene Feb Mar Abr May Jun Jul Ago Sep Oct Nov Dic
2024: Ene Feb Mar Abr May Jun Jul Ago Sep Oct Nov Dic
2023: Ene Feb Mar Abr May Jun Jul Ago Sep Oct Nov Dic
2022: Ene Feb Mar Abr May Jun Jul Ago Sep Oct Nov Dic
2021: Ene Feb Mar Abr May Jun Jul Ago Sep Oct Nov Dic
2020: Ene Feb Mar Abr May Jun Jul Ago Sep Oct Nov Dic
2019: Ene Feb Mar Abr May Jun Jul Ago Sep Oct Nov Dic
2018: Ene Feb Mar Abr May Jun Jul Ago Sep Oct Nov Dic
Report for 2018 Agosto
MONTHLY CLIMATOLOGICAL SUMMARY for Aug 2018 NAME: Segura de Toro ELEV: 630 meters LAT: 40-13.45 N LONG: 005-56.95 W TEMPERATURE (C), RAIN (cm), WIND SPEED (km/h) HEAT COOL AVG MEAN DEG DEG WIND DOM DAY TEMP HIGH TIME LOW TIME DAYS DAYS RAIN SPEED HIGH TIME DIR --------------------------------------------------------------------------------------- 01 30.3 36.3 19:05 23.9 07:35 0.0 12.0 0.00 6.4 27.0 02:15 96 02 32.8 38.6 17:27 27.1 08:12 0.0 14.5 0.00 4.6 19.4 01:07 128 03 34.8 40.6 16:47 31.0 06:53 0.0 16.5 0.00 5.8 45.4 20:14 32 04 33.8 39.4 16:45 28.9 05:45 0.0 15.5 0.00 5.5 30.6 16:10 32 05 32.7 37.7 17:15 28.1 06:10 0.0 14.4 0.00 6.5 31.7 12:49 22 06 32.8 38.3 16:47 28.9 06:35 0.0 14.5 0.00 4.7 24.5 15:19 190 07 27.1 32.1 17:43 20.9 06:51 0.0 8.8 0.00 6.8 31.7 22:06 352 08 25.5 30.4 15:50 20.6 06:34 0.0 7.1 0.00 10.3 37.8 00:14 217 09 22.8 29.1 17:07 16.2 07:35 0.0 4.4 0.00 13.7 47.9 06:21 20 10 25.4 31.9 17:15 17.8 07:30 0.0 7.0 0.00 5.0 29.5 01:06 121 11 28.5 33.4 17:42 23.5 07:42 0.0 10.2 0.00 5.4 34.2 14:35 183 12 28.1 32.8 15:42 24.3 00:56 0.0 9.8 0.00 9.7 39.2 15:07 196 13 25.9 32.1 18:43 19.8 06:54 0.0 7.5 0.00 9.6 36.7 04:00 29 14 27.5 33.7 17:24 21.5 07:46 0.0 9.2 0.00 6.6 37.8 01:39 38 15 28.0 33.6 17:34 21.5 07:02 0.0 9.7 0.00 5.2 28.1 23:00 208 16 27.2 33.2 16:40 22.5 07:44 0.0 8.9 0.00 4.8 25.6 15:30 174 17 26.1 31.9 16:26 20.7 07:35 0.0 7.8 0.00 7.1 37.8 23:20 24 18 24.5 31.9 16:46 16.8 07:22 0.0 6.2 0.00 5.7 28.1 21:29 23 19 27.4 33.6 18:15 21.2 06:20 0.0 9.1 0.00 4.7 23.4 21:22 34 20 28.9 34.8 16:33 23.7 06:35 0.0 10.5 0.00 5.1 24.5 21:05 114 21 27.9 33.8 16:05 23.9 00:25 0.0 9.6 0.03 5.6 41.8 19:55 177 22 27.1 33.0 16:43 22.0 07:22 0.0 8.8 0.00 5.8 28.1 18:05 104 23 28.2 33.2 16:48 24.0 06:48 0.0 9.9 0.00 5.6 29.5 15:43 168 24 28.4 33.7 17:07 22.8 08:05 0.0 10.1 0.00 6.9 34.2 23:50 24 25 27.1 31.9 16:49 22.2 07:29 0.0 8.7 0.00 6.9 27.0 22:15 18 26 27.6 32.8 16:39 22.7 05:25 0.0 9.3 0.00 5.4 28.1 15:43 179 27 29.5 34.4 17:35 25.8 06:33 0.0 11.2 0.00 6.2 30.6 00:50 97 28 25.9 31.0 01:00 21.0 07:59 0.0 7.5 0.00 13.3 51.5 05:34 189 29 24.6 30.8 17:30 17.9 07:30 0.0 6.3 0.00 6.1 37.8 00:05 75 30 27.2 32.8 17:15 20.6 07:45 0.0 8.8 0.00 5.7 24.5 01:05 146 31 29.1 34.1 16:25 24.4 08:05 0.0 10.8 0.00 5.5 23.4 20:40 119 --------------------------------------------------------------------------------------- 28.2 40.6 03 16.2 09 0.0 304.6 0.03 6.7 51.5 28 68