SEGURA DE TORO     Extremadura     España

24°C


Latitud: 40° 07.80 N Longitud: 5° 34.20 W Altitud: 630 metros
Idioma:  Español
Actualización18/09/2019 23:00
 

NOAA-Style Climate Reports

Select a Year or Month report
2019: Ene Feb Mar Abr May Jun Jul Ago Sep Oct Nov Dic
2018: Ene Feb Mar Abr May Jun Jul Ago Sep Oct Nov Dic
2017: Ene Feb Mar Abr May Jun Jul Ago Sep Oct Nov Dic

Report for 2018 Julio
                   MONTHLY CLIMATOLOGICAL SUMMARY for jul 2018


NAME: Segura de Toro                  
ELEV: 630 meter    LAT: 40-13.45 N    LONG: 005-56.95 W


                   TEMPERATURE (°C), RAIN (mm), WIND SPEED (m/s)

                                         HEAT   COOL         AVG
      MEAN                               DEG    DEG          WIND                   DOM
DAY   TEMP   HIGH   TIME    LOW   TIME   DAYS   DAYS   RAIN  SPEED   HIGH   TIME    DIR
---------------------------------------------------------------------------------------
 01   19,1   22,9  15:41   15,4  07:06    0,0    0,8    0,0    3,1   10,5  18:07    191
 02   18,6   22,4  17:08   15,4  04:57    0,0    0,3    0,9    1,7    7,5  11:31    205
 03   21,6   26,9  16:34   16,1  04:17    0,0    3,3    0,0    1,2    7,8  11:29    196
 04   19,7   24,7  16:05   14,5  05:49    0,0    1,4    0,0    1,2    7,8  11:18    199
 05   21,8   27,8  15:54   15,5  05:35    0,0    3,5    0,0    0,7    6,8  05:43     42
 06   24,4   30,1  16:48   19,0  05:35    0,0    6,1    0,0    0,8    9,2  03:20     93
 07   26,3   31,2  16:46   21,6  06:12    0,0    8,0    0,0    1,1    8,2  23:11     86
 08   26,8   31,9  16:35   21,0  05:19    0,0    8,4    0,0    1,2   10,5  14:27    189
 09   27,6   33,3  17:59   21,7  05:10    0,0    9,3    0,0    1,2    6,5  13:12    163
 10   28,2   33,5  15:43   23,2  06:19    0,0    9,9    0,0    1,4    8,2  21:14    185
 11   22,6   27,4  15:10   17,9  07:55    0,0    4,3    0,0    1,4   10,2  03:57    200
 12   25,3   30,5  16:06   19,9  05:59    0,0    7,0    0,0    1,4    7,1  11:41    173
 13   24,1   29,4  15:15   18,2  06:08    0,0    5,8    0,0    1,8    9,2  14:06    202
 14   23,7   28,8  16:50   18,8  06:36    0,0    5,4    0,0    2,4   11,6  12:08    178
 15   20,4   24,6  17:33   16,1  06:08    0,0    2,0    0,0    2,4    9,9  11:51    202
 16   23,6   29,7  16:37   17,6  06:11    0,0    5,2    0,0    1,8    6,8  23:28     23
 17   26,6   32,1  18:00   21,4  05:35    0,0    8,3    0,0    1,6    9,9  00:44    127
 18   24,7   29,4  15:46   19,4  06:21    0,0    6,4    0,0    2,3   10,9  13:37    198
 19   22,7   28,0  15:51   15,5  06:15    0,0    4,4    0,0    2,2   10,2  13:48    206
 20   23,7   29,0  15:18   18,9  06:15    0,0    5,4    0,0    2,1    9,9  02:56     23
 21   24,3   30,3  16:52   18,7  06:20    0,0    6,0    0,0    1,6    7,1  19:58    352
 22   26,4   32,2  18:05   20,3  05:30    0,0    8,1    0,0    1,4    6,5  00:22    174
 23   26,7   32,1  16:10   21,8  03:17    0,0    8,4    0,0    2,3   10,2  15:22    180
 24   24,0   29,0  15:38   17,7  06:08    0,0    5,6    0,0    2,1   10,2  13:08    204
 25   24,5   30,6  15:46   18,3  06:05    0,0    6,2    0,0    1,7    9,5  13:43    194
 26   23,7   29,8  16:54   17,0  05:54    0,0    5,4    0,0    1,6    8,5  14:15    205
 27   25,4   30,1  15:51   20,8  05:44    0,0    7,1    0,0    2,6    9,9  14:10    187
 28   23,8   29,5  15:46   17,7  05:58    0,0    5,5    0,0    2,4    9,9  15:18    188
 29   22,5   29,2  16:16   15,2  06:26    0,0    4,2    0,0    1,6    8,2  23:06    199
 30   25,3   31,2  16:04   19,0  04:50    0,0    6,9    0,0    2,1    9,2  23:06    149
 31   26,6   32,7  17:24   21,3  02:13    0,0    8,3    0,0    2,6   10,5  00:32     61
---------------------------------------------------------------------------------------
      24,0   33,5     10   14,5     04    0,0  177,0    0,9    1,8   11,6     14    188