SEGURA DE TORO     Extremadura     España

9°C


Latitud: 40° 07.80 N Longitud: 5° 34.20 W Altitud: 630 metros
Idioma:  Español
Actualización23/04/2019 13:10
 

NOAA-Style Climate Reports

Select a Year or Month report
2019: Ene Feb Mar Abr May Jun Jul Ago Sep Oct Nov Dic
2018: Ene Feb Mar Abr May Jun Jul Ago Sep Oct Nov Dic
2017: Ene Feb Mar Abr May Jun Jul Ago Sep Oct Nov Dic

Report for 2018 Junio
                   MONTHLY CLIMATOLOGICAL SUMMARY for jun 2018


NAME: Segura de Toro                  
ELEV: 630 meter    LAT: 40-13.45 N    LONG: 005-56.95 W


                   TEMPERATURE (°C), RAIN (mm), WIND SPEED (m/s)

                                         HEAT   COOL         AVG
      MEAN                               DEG    DEG          WIND                   DOM
DAY   TEMP   HIGH   TIME    LOW   TIME   DAYS   DAYS   RAIN  SPEED   HIGH   TIME    DIR
---------------------------------------------------------------------------------------
 01   15,5   20,2  13:06   11,6  06:27    2,8    0,0    0,0    1,8    9,9  12:52    191
 02   17,7   21,8  13:27   13,4  05:55    0,6    0,0    0,0    1,1    7,1  14:21    113
 03   17,2   21,2  16:34   12,6  23:54    1,1    0,0    0,0    2,6   12,2  15:42    198
 04   13,8   16,6  16:54   11,0  01:58    4,6    0,0    0,0    2,5   10,2  18:23    184
 05   13,4   17,2  14:08   10,7  06:28    4,9    0,0    0,0    0,7    4,4  05:32    213
 06   16,6   21,5  16:53   11,5  05:58    1,8    0,0    0,0    1,4    6,1  08:53     20
 07   15,8   19,4  15:13   13,3  06:58    2,6    0,0    0,3    1,5    7,1  11:48    197
 08   15,2   18,4  14:33   13,1  23:30    3,2    0,0    2,7    3,2   11,6  06:23    165
 09   14,7   18,2  16:59   11,6  04:20    3,6    0,0    0,3    1,9    8,5  15:14    176
 10   13,6   16,3  14:27   11,6  09:21    4,7    0,0    2,7    2,6    8,5  19:33    181
 11   15,2   19,6  17:50   11,3  04:23    3,2    0,0    0,0    0,8    7,1  21:27    136
 12   19,4   25,8  17:01   13,6  06:08    0,0    1,1    0,0    2,4    7,8  04:09     21
 13   20,8   25,4  14:05   15,7  05:45    0,0    2,5    0,0    1,6    7,5  17:50     23
 14   21,8   26,6  17:05   16,4  04:55    0,0    3,5    0,0    1,6    7,5  16:55     14
 15   24,8   30,6  17:16   19,5  05:29    0,0    6,4    0,0    1,4    8,8  22:36     40
 16   25,6   30,0  14:18   20,7  04:42    0,0    7,3    0,0    1,7    7,8  16:33     10
 17   26,7   31,4  13:33   22,5  04:18    0,0    8,4    0,0    1,6    7,8  21:43     19
 18   26,9   31,9  15:58   21,4  06:13    0,0    8,6    0,0    1,6    7,8  21:54     29
 19   26,6   32,6  17:10   20,5  04:20    0,0    8,3    0,0    1,2    5,1  23:05    154
 20   27,5   33,2  15:05   24,5  21:50    0,0    9,2    0,0    1,6   13,3  23:40     68
 21   26,8   32,6  15:05   22,5  06:05    0,0    8,5    0,6    2,4   11,9  00:40     29
 22   26,8   32,9  16:50   20,7  06:10    0,0    8,5    0,0    1,6    5,4  12:45     72
 23   29,0   34,4  17:06   22,2  05:24    0,0   10,7    0,0    1,6    6,5  04:38    109
 24   29,9   35,9  17:35   24,9  07:09    0,0   11,6    0,0    1,0    4,8  00:11    150
 25   25,8   31,3  16:06   20,2  05:03    0,0    7,4    0,0    1,4    6,5  10:08    199
 26   23,9   29,7  16:26   18,0  07:15    0,0    5,6    0,0    1,9    8,2  16:35    200
 27   22,4   28,9  18:12   15,3  06:14    0,0    4,1    0,0    1,5    7,8  12:42    211
 28   24,2   28,8  14:40   18,8  06:21    0,0    5,8    0,0    1,9    8,5  22:41    148
 29   24,0   29,2  17:11   18,0  05:11    0,0    5,7    0,3    1,6    8,2  12:20    169
 30   20,1   22,3  01:34   17,1  11:20    0,0    1,8    0,3    2,4   11,6  17:35    152
---------------------------------------------------------------------------------------
      21,4   35,9     24   10,7     05   33,1  124,7    7,2    1,7   13,3     20    148