SEGURA DE TORO     Extremadura     España

10°C


Latitud: 40° 07.80 N Longitud: 5° 34.20 W Altitud: 630 metros
Idioma:  Español
Actualización16/02/2019 08:25
 

NOAA-Style Climate Reports

Select a Year or Month report
2019: Ene Feb Mar Abr May Jun Jul Ago Sep Oct Nov Dic
2018: Ene Feb Mar Abr May Jun Jul Ago Sep Oct Nov Dic
2017: Ene Feb Mar Abr May Jun Jul Ago Sep Oct Nov Dic

Report for 2018 Mayo
                   MONTHLY CLIMATOLOGICAL SUMMARY for may 2018


NAME: Segura de Toro                  
ELEV: 630 meter    LAT: 40-13.45 N    LONG: 005-56.95 W


                   TEMPERATURE (°C), RAIN (mm), WIND SPEED (m/s)

                                         HEAT   COOL         AVG
      MEAN                               DEG    DEG          WIND                   DOM
DAY   TEMP   HIGH   TIME    LOW   TIME   DAYS   DAYS   RAIN  SPEED   HIGH   TIME    DIR
---------------------------------------------------------------------------------------
 01   12,0   17,2  15:47    6,4  05:52    6,4    0,0    0,0    1,2    5,1  13:32    201
 02   14,6   19,2  14:42   11,0  05:27    3,7    0,0    0,0    3,7   11,9  21:42     11
 03   13,9   20,6  15:52    6,4  04:57    4,4    0,0    0,0    2,9    9,2  23:37     27
 04   17,3   23,6  15:27   11,6  04:27    1,1    0,0    0,0    1,5    7,8  22:02    168
 05   18,2   22,4  17:08   15,3  06:12    0,1    0,0    7,5    1,2    6,8  12:33     90
 06   19,2   22,0  12:46   16,5  05:31    0,0    0,9    0,0    1,4    6,1  13:51    115
 07   20,1   24,6  14:06   15,7  02:36    0,0    1,7    1,2    2,1   11,6  23:06    133
 08   19,7   24,2  15:01   15,9  05:46    0,0    1,3    0,0    1,7    7,5  21:46    191
 09   18,6   24,5  15:36   13,0  05:31    0,0    0,3    0,0    2,8   11,9  02:41     29
 10   18,5   21,9  17:06   15,2  05:36    0,0    0,1    0,3    2,4    8,5  16:31    191
 11   14,5   17,7  16:23   10,6  06:56    3,8    0,0    0,0    2,2    9,9  09:51    354
 12   10,7   12,3  20:03    9,1  23:54    7,7    0,0    0,0    3,3    8,5  23:49     21
 13   12,2   18,1  16:24    7,2  03:44    6,1    0,0    0,0    3,2    9,2  00:14     16
 14   14,8   20,2  17:49   10,3  03:39    3,5    0,0    0,0    2,9    9,9  02:49     23
 15   17,8   24,4  16:00   10,9  05:29    0,5    0,0    0,0    1,6    6,8  16:11     18
 16   19,7   25,4  15:26   13,2  05:41    0,0    1,4    0,0    1,1    4,8  12:56    140
 17   19,1   25,7  14:11   13,9  23:26    0,0    0,8    0,6    2,0    8,8  15:16     93
 18   15,6   18,5  15:26   13,4  04:16    2,7    0,0    0,0    1,0    5,8  16:51    158
 19   17,4   22,6  15:01   12,8  02:31    1,0    0,0    0,0    1,2    8,2  12:51    116
 20   17,1   20,6  14:51   13,8  22:51    1,3    0,0    6,3    1,8    9,9  13:41    126
 21   16,9   20,9  19:01   12,3  04:26    1,4    0,0    0,0    1,4    7,8  12:06    178
 22   19,3   24,2  16:31   13,7  06:06    0,0    0,9    0,0    2,0    8,5  14:06    195
 23   20,2   24,2  13:41   16,1  05:31    0,0    1,9    0,0    1,5    7,5  16:01    192
 24   18,2   22,8  14:46   13,9  23:58    0,1    0,0    1,5    2,0   10,2  18:11    105
 25   14,4   17,8  17:11   12,4  05:14    3,9    0,0    0,0    1,0    5,8  13:36    203
 26   16,0   19,8  15:03   11,6  02:45    2,3    0,0    0,0    1,3    6,5  14:35    174
 27   18,6   22,5  13:11   15,8  05:44    0,0    0,3    0,0    1,4    6,8  19:51    110
 28   16,1   20,6  16:08   13,4  22:42    2,2    0,0    5,1    1,7    8,5  05:10     81
 29   14,0   17,9  14:52   12,0  08:57    4,3    0,0    3,0    1,3    7,5  17:57    177
 30   15,2   18,5  11:22   11,6  05:17    3,1    0,0    0,0    1,3    7,1  14:47    188
 31   15,6   20,5  18:09   10,8  05:47    2,8    0,0    0,0    1,3    5,8  22:21    183
---------------------------------------------------------------------------------------
      16,8   25,7     17    6,4     02   62,4    9,7   25,5    1,8   11,9     03     95