SEGURA DE TORO     Extremadura     España

10°C


Latitud: 40° 07.80 N Longitud: 5° 34.20 W Altitud: 630 metros
Idioma:  Español
Actualización16/02/2019 08:25
 

NOAA-Style Climate Reports

Select a Year or Month report
2019: Ene Feb Mar Abr May Jun Jul Ago Sep Oct Nov Dic
2018: Ene Feb Mar Abr May Jun Jul Ago Sep Oct Nov Dic
2017: Ene Feb Mar Abr May Jun Jul Ago Sep Oct Nov Dic

Report for 2018 Abril
                   MONTHLY CLIMATOLOGICAL SUMMARY for abr 2018


NAME: Segura de Toro                  
ELEV: 630 meter    LAT: 40-13.45 N    LONG: 005-56.95 W


                   TEMPERATURE (°C), RAIN (mm), WIND SPEED (m/s)

                                         HEAT   COOL         AVG
      MEAN                               DEG    DEG          WIND                   DOM
DAY   TEMP   HIGH   TIME    LOW   TIME   DAYS   DAYS   RAIN  SPEED   HIGH   TIME    DIR
---------------------------------------------------------------------------------------
 01   13,4   19,0  14:48    8,7  07:22    4,9    0,0    0,0    1,8   10,5  19:52    113
 02   13,4   16,6  12:31   10,2  06:59    5,0    0,0    0,0    5,1   14,3  12:33    168
 03   10,7   13,3  11:33    7,9  19:12    7,7    0,0    5,4    7,7   17,7  15:36    176
 04   10,2   14,4  17:03    8,0  05:29    8,1    0,0    4,5    5,5   13,9  03:16    174
 05   13,4   19,8  15:44    8,0  06:26    5,0    0,0    0,0    1,6   13,9  21:55     62
 06   11,3   18,9  13:44    6,9  05:23    7,0    0,0    5,4    2,8   18,0  15:19    181
 07    8,8   12,6  15:49    4,9  21:10    9,6    0,0    6,0    2,5   12,9  17:01    181
 08    5,1    7,5  20:23    2,8  05:29   13,3    0,0   13,5    3,4   10,9  01:58    179
 09    7,0    8,7  13:50    5,4  21:55   11,3    0,0   11,1    4,6   19,0  06:54    175
 10    7,3   11,3  14:07    4,1  07:37   11,1    0,0    0,0    2,2    9,2  03:14    340
 11    7,6    9,2  17:16    6,2  05:29   10,7    0,0    0,6    2,7   15,0  13:43    146
 12    8,9   14,2  17:36    5,9  04:24    9,5    0,0    1,5    0,8    6,5  15:41    200
 13   12,9   17,1  16:30    8,6  06:51    5,4    0,0    0,0    2,3    9,2  13:16    180
 14   11,1   14,2  15:53    8,5  21:24    7,2    0,0    8,4    2,1   13,3  18:33    180
 15   11,8   16,9  16:20    7,8  05:21    6,6    0,0    0,0    1,8    6,1  05:48    160
 16   15,0   20,4  17:40    9,8  05:50    3,4    0,0    0,0    1,3    5,4  12:15    204
 17   19,3   26,4  16:20   14,5  05:20    0,0    0,9    0,0    1,3    9,9  14:55    102
 18   19,8   25,4  15:15   14,7  06:35    0,0    1,4    0,0    2,2   10,5  17:35    132
 19   19,1   23,8  15:45   14,9  07:00    0,0    0,8    0,0    3,6   13,6  23:35    100
 20   15,7   19,0  22:00   13,0  08:35    2,6    0,0    0,0    1,9    9,5  22:10    107
 21   16,3   20,9  14:55   12,7  04:30    2,0    0,0    1,2    2,5   12,9  08:20    100
 22   19,5   25,0  15:45   14,2  06:00    0,0    1,2    0,0    1,2    5,8  23:50    187
 23   21,6   26,1  15:21   17,9  05:41    0,0    3,2    0,0    1,0    4,4  14:06    151
 24   22,6   28,5  16:16   17,8  05:41    0,0    4,3    0,0    1,6    8,8  17:31     60
 25   20,9   24,7  15:36   16,1  06:21    0,0    2,6    0,0    1,9    7,5  21:51    192
 26   18,0   21,1  14:11   13,4  21:56    0,4    0,0    0,0    3,3    9,5  16:26    190
 27   10,4   14,6  14:53    6,1  05:46    8,0    0,0    0,0    2,9   13,3  20:32    192
 28    7,2   10,7  14:36    5,0  07:01   11,1    0,0    3,3    4,2   14,6  13:06    179
 29    8,5   13,1  15:17    5,0  05:22    9,8    0,0    0,3    1,8    7,5  20:42    173
 30   11,2   17,3  15:57    6,5  04:17    7,2    0,0    0,0    1,6    8,2  22:17    181
---------------------------------------------------------------------------------------
      13,2   28,5     25    2,8     09  166,7   14,4   61,2    2,6   19,0     10    169