NOAA-Style Climate Reports
Select a Year or Month report
2024: Ene Feb Mar Abr May Jun Jul Ago Sep Oct Nov Dic
2023: Ene Feb Mar Abr May Jun Jul Ago Sep Oct Nov Dic
2022: Ene Feb Mar Abr May Jun Jul Ago Sep Oct Nov Dic
2021: Ene Feb Mar Abr May Jun Jul Ago Sep Oct Nov Dic
2020: Ene Feb Mar Abr May Jun Jul Ago Sep Oct Nov Dic
2019: Ene Feb Mar Abr May Jun Jul Ago Sep Oct Nov Dic
2018: Ene Feb Mar Abr May Jun Jul Ago Sep Oct Nov Dic
2024: Ene Feb Mar Abr May Jun Jul Ago Sep Oct Nov Dic
2023: Ene Feb Mar Abr May Jun Jul Ago Sep Oct Nov Dic
2022: Ene Feb Mar Abr May Jun Jul Ago Sep Oct Nov Dic
2021: Ene Feb Mar Abr May Jun Jul Ago Sep Oct Nov Dic
2020: Ene Feb Mar Abr May Jun Jul Ago Sep Oct Nov Dic
2019: Ene Feb Mar Abr May Jun Jul Ago Sep Oct Nov Dic
2018: Ene Feb Mar Abr May Jun Jul Ago Sep Oct Nov Dic
Report for 2018 Abril
MONTHLY CLIMATOLOGICAL SUMMARY for Apr 2018 NAME: Segura de Toro ELEV: 630 meters LAT: 40-13.45 N LONG: 005-56.95 W TEMPERATURE (C), RAIN (cm), WIND SPEED (km/h) HEAT COOL AVG MEAN DEG DEG WIND DOM DAY TEMP HIGH TIME LOW TIME DAYS DAYS RAIN SPEED HIGH TIME DIR --------------------------------------------------------------------------------------- 01 13.4 19.0 15:48 8.7 08:22 4.9 0.0 0.00 6.5 37.8 20:52 113 02 13.4 16.6 13:31 10.2 07:59 5.0 0.0 0.00 18.5 51.5 13:33 168 03 10.7 13.3 12:33 7.9 20:12 7.7 0.0 0.54 27.9 63.7 16:36 176 04 10.2 14.4 18:03 8.0 06:29 8.1 0.0 0.45 19.7 50.0 04:16 174 05 13.4 19.8 16:44 8.0 07:26 5.0 0.0 0.00 5.7 50.0 22:55 62 06 11.3 18.9 14:44 6.9 06:23 7.0 0.0 0.54 10.0 64.8 16:19 181 07 8.8 12.6 16:49 4.9 22:10 9.6 0.0 0.60 8.9 46.4 18:01 181 08 5.1 7.5 21:23 2.8 06:29 13.3 0.0 1.35 12.1 39.2 02:58 179 09 7.0 8.7 14:50 5.4 22:55 11.3 0.0 1.11 16.6 68.4 07:54 175 10 7.3 11.3 15:07 4.1 08:37 11.1 0.0 0.00 7.8 33.1 04:14 340 11 7.6 9.2 18:16 6.2 06:29 10.7 0.0 0.06 9.8 54.0 14:43 146 12 8.9 14.2 18:36 5.9 05:24 9.5 0.0 0.15 2.9 23.4 16:41 200 13 12.9 17.1 17:30 8.6 07:51 5.4 0.0 0.00 8.4 33.1 14:16 180 14 11.1 14.2 16:53 8.5 22:24 7.2 0.0 0.84 7.7 47.9 19:33 180 15 11.8 16.9 17:20 7.8 06:21 6.6 0.0 0.00 6.4 22.0 06:48 160 16 15.0 20.4 18:40 9.8 06:50 3.4 0.0 0.00 4.8 19.4 13:15 204 17 19.3 26.4 17:20 14.5 06:20 0.0 0.9 0.00 4.7 35.6 15:55 102 18 19.8 25.4 16:15 14.7 07:35 0.0 1.4 0.00 8.0 37.8 18:35 132 19 19.1 23.8 16:45 14.9 08:00 0.0 0.8 0.00 12.8 49.0 00:35 100 20 15.7 19.0 23:00 13.0 09:35 2.6 0.0 0.00 6.8 34.2 23:10 107 21 16.3 20.9 15:55 12.7 05:30 2.0 0.0 0.12 8.8 46.4 09:20 100 22 19.5 25.0 16:45 14.2 07:00 0.0 1.2 0.00 4.5 20.9 00:50 187 23 21.6 26.1 16:21 17.9 06:41 0.0 3.2 0.00 3.7 15.8 15:06 151 24 22.6 28.5 17:16 17.8 06:41 0.0 4.3 0.00 5.6 31.7 18:31 60 25 20.9 24.7 16:36 16.1 07:21 0.0 2.6 0.00 6.9 27.0 22:51 192 26 18.0 21.1 15:11 13.4 22:56 0.4 0.0 0.00 11.8 34.2 17:26 190 27 10.4 14.6 15:53 6.1 06:46 8.0 0.0 0.00 10.5 47.9 21:32 192 28 7.2 10.7 15:36 5.0 08:01 11.1 0.0 0.33 15.0 52.6 14:06 179 29 8.5 13.1 16:17 5.0 06:22 9.8 0.0 0.03 6.5 27.0 21:42 173 30 11.2 17.3 16:57 6.5 05:17 7.2 0.0 0.00 5.9 29.5 23:17 181 --------------------------------------------------------------------------------------- 13.2 28.5 25 2.8 09 166.7 14.4 6.12 9.5 68.4 10 169