SEGURA DE TORO     Extremadura     España

9°C


Latitud: 40° 07.80 N Longitud: 5° 34.20 W Altitud: 630 metros
Idioma:  Español
Actualización23/04/2019 13:05
 

NOAA-Style Climate Reports

Select a Year or Month report
2019: Ene Feb Mar Abr May Jun Jul Ago Sep Oct Nov Dic
2018: Ene Feb Mar Abr May Jun Jul Ago Sep Oct Nov Dic
2017: Ene Feb Mar Abr May Jun Jul Ago Sep Oct Nov Dic

Report for 2018 Marzo
                   MONTHLY CLIMATOLOGICAL SUMMARY for mar 2018


NAME: Segura de Toro                  
ELEV: 630 meter    LAT: 40-13.45 N    LONG: 005-56.95 W


                   TEMPERATURE (°C), RAIN (mm), WIND SPEED (m/s)

                                         HEAT   COOL         AVG
      MEAN                               DEG    DEG          WIND                   DOM
DAY   TEMP   HIGH   TIME    LOW   TIME   DAYS   DAYS   RAIN  SPEED   HIGH   TIME    DIR
---------------------------------------------------------------------------------------
 01    9,9   12,1  13:11    6,0  22:46    8,5    0,0   15,0    8,2   21,4  16:11    163
 02    8,7   13,3  13:47    5,3  04:11    9,7    0,0    5,1    6,5   25,8  13:32    165
 03    9,0   10,9  20:08    6,1  00:33    9,3    0,0   12,3    8,3   17,0  06:53    171
 04    9,1   11,7  13:38    6,6  07:23    9,3    0,0    9,3    4,6   16,7  00:03    173
 05    7,0    8,6  16:43    5,3  08:48   11,3    0,0    9,9    4,5   17,3  08:23    176
 06    7,0   10,4  14:48    5,2  23:43   11,4    0,0    7,2    3,6   11,6  03:53    168
 07    7,3   11,2  14:48    4,3  07:53   11,0    0,0    1,2    2,1   15,3  21:03    114
 08    8,5   12,1  23:58    5,5  02:18    9,9    0,0    0,6    1,6   10,2  23:08    181
 09   13,1   14,4  20:03   11,5  02:23    5,3    0,0   28,2   10,0   20,4  12:38    141
 10   11,6   14,1  00:18    8,7  14:03    6,7    0,0   11,1    8,4   22,8  03:18    166
 11    7,5    9,2  01:33    6,2  12:14   10,8    0,0    3,9    8,8   20,4  03:23    174
 12    9,1   12,5  15:14    6,3  07:08    9,3    0,0    0,6    4,7   13,6  23:13    170
 13   11,2   14,3  15:22    7,8  03:44    7,1    0,0    3,9    3,0   11,9  00:12    172
 14   11,2   13,2  06:39    8,2  23:55    7,1    0,0   20,1    9,1   26,2  13:30    158
 15    7,5    9,9  14:05    6,1  20:47   10,8    0,0    4,2    5,4   17,7  02:03    172
 16    6,6    9,3  12:39    5,0  04:11   11,7    0,0    2,4    3,4    9,9  20:23    174
 17    7,2    9,9  13:47    4,9  08:00   11,1    0,0    9,6    2,9   15,0  04:43    179
 18    8,3   11,9  15:11    5,7  06:30   10,0    0,0    0,0    1,6    7,5  14:53    350
 19    6,9   11,3  15:43    4,6  05:25   11,4    0,0    6,0    3,8   13,3  09:39    124
 20    6,2   10,0  17:41    3,4  08:50   12,1    0,0    0,0    3,7   12,6  23:41     20
 21    7,5   11,5  15:57    3,4  01:39   10,8    0,0    0,0    4,9   16,0  01:54     23
 22    9,5   16,2  15:11    2,0  07:06    8,8    0,0    0,0    2,2    8,8  00:50     16
 23    8,8   10,6  17:55    6,0  10:18    9,5    0,0    6,9    2,8   15,6  20:17    172
 24    7,2   11,9  15:35    4,4  05:09   11,1    0,0    0,6    2,0    9,2  15:22    249
 25    8,7   14,4  17:07    4,7  05:40    9,6    0,0    0,9    2,3   10,9  10:48     11
 26   11,5   16,2  14:22    6,3  06:06    6,8    0,0    0,0    3,3   11,6  05:30     20
 27   16,0   21,6  16:28    9,7  05:15    2,4    0,0    0,0    2,9    9,5  13:55     26
 28   15,6   20,0  15:20   11,4  00:00    2,7    0,0    0,0    2,6    9,9  15:25    162
 29   10,0   13,1  13:55    6,8  07:07    8,3    0,0    0,0    4,4   16,0  22:16    184
 30    6,5    9,3  13:12    4,2  06:33   11,9    0,0    2,4    4,5   15,6  16:52    181
 31    8,8   13,9  16:25    4,6  01:11    9,5    0,0    0,6    2,5    7,5  00:18    177
---------------------------------------------------------------------------------------
       9,1   21,6     27    2,0     22  285,2    0,0  162,0    4,5   26,2     14    161