SEGURA DE TORO     Extremadura     España

29°C


Latitud: 40° 07.80 N Longitud: 5° 34.20 W Altitud: 630 metros
Idioma:  Español
Actualización18/07/2019 11:40
 

NOAA-Style Climate Reports

Select a Year or Month report
2019: Ene Feb Mar Abr May Jun Jul Ago Sep Oct Nov Dic
2018: Ene Feb Mar Abr May Jun Jul Ago Sep Oct Nov Dic
2017: Ene Feb Mar Abr May Jun Jul Ago Sep Oct Nov Dic

Report for 2018 Enero
                   MONTHLY CLIMATOLOGICAL SUMMARY for ene 2018


NAME: Segura de Toro                  
ELEV: 630 meter    LAT: 40-13.45 N    LONG: 005-56.95 W


                   TEMPERATURE (°C), RAIN (mm), WIND SPEED (km/h)

                                         HEAT   COOL         AVG
      MEAN                               DEG    DEG          WIND                   DOM
DAY   TEMP   HIGH   TIME    LOW   TIME   DAYS   DAYS   RAIN  SPEED   HIGH   TIME    DIR
---------------------------------------------------------------------------------------
 01
 02
 03
 04
 05
 06
 07
 08
 09
 10    6,3    7,3  19:54    5,1  23:51   12,1    0,0    0,0    4,4   17,3  21:35     34
 11    6,8   10,1  17:19    5,1  00:00   11,6    0,0    0,0    6,1   29,5  13:35     47
 12    5,8    7,8  14:06    3,9  06:43   12,6    0,0    0,0    3,4   35,6  02:25     67
 13    4,9    9,4  12:10    3,3  05:10   13,4    0,0    0,0    3,9   52,6  12:00    138
 14    5,4    7,7  12:34    3,8  08:22   13,0    0,0    8,4    4,3   23,4  20:40     47
 15    6,9   11,1  16:11    3,7  04:06   11,5    0,0    0,0    2,7   12,2  15:10    134
 16   11,4   16,3  16:49    6,6  10:14    6,9    0,0    0,0    5,0   30,6  06:54     34
 17   13,3   19,9  16:49   10,5  10:49    5,1    0,0    0,0   10,5   40,3  05:14     37
 18   11,3   15,6  17:24    8,0  09:49    7,1    0,0    0,0    2,4   18,4  23:24     99
 19   12,7   17,4  14:59    8,4  10:09    5,6    0,0    0,0    9,2   33,1  02:44     40
 20   13,1   17,6  17:39    9,7  02:49    5,3    0,0    0,0    6,7   35,6  22:49     40
 21   12,2   18,0  16:29    9,9  03:54    6,1    0,0    0,0    9,4   39,2  01:19     28
 22   12,9   19,8  17:29    8,6  05:44    5,4    0,0    0,0    5,1   40,3  19:44     59
 23   11,5   15,1  14:44    8,4  08:59    6,9    0,0    0,0    2,2   24,5  00:39    192
 24   10,6   14,3  14:39    7,3  09:54    7,8    0,0    0,0    1,9    9,7  11:14     47
 25    6,5    9,0  01:24    5,0  23:43   11,8    0,0    8,7    4,9   37,8  19:59     12
 26    6,0    9,3  14:47    4,2  03:40   12,3    0,0    1,2   11,9   41,8  02:10     40
 27    7,2   10,6  15:14    4,0  08:45   11,2    0,0    0,0   10,8   49,0  15:55     22
 28    9,0   15,0  15:13    4,2  03:08    9,3    0,0    0,0    5,6   37,8  22:00     51
 29   11,9   17,5  17:07    8,5  04:23    6,5    0,0    0,0    3,3   23,4  00:40    102
 30   11,1   15,4  17:02    7,8  08:38    7,2    0,0    0,0    2,7   13,3  15:00    139
 31   11,0   15,0  16:53    8,1  08:50    7,3    0,0    0,0    2,9   20,9  19:55    150
---------------------------------------------------------------------------------------
       9,6   19,9     17    3,3     13  195,8    0,0   18,3    5,5   52,6     13     42