SEGURA DE TORO     Extremadura     España

9°C


Latitud: 40° 07.80 N Longitud: 5° 34.20 W Altitud: 630 metros
Idioma:  Español
Actualización23/04/2019 12:55
 

NOAA-Style Climate Reports

Select a Year or Month report
2019: Ene Feb Mar Abr May Jun Jul Ago Sep Oct Nov Dic
2018: Ene Feb Mar Abr May Jun Jul Ago Sep Oct Nov Dic
2017: Ene Feb Mar Abr May Jun Jul Ago Sep Oct Nov Dic

Report for 2018
                     CLIMATOLOGICAL SUMMARY for year 2018


NAME: Segura de Toro                  
ELEV: 630 meter    LAT: 40-13.45 N    LONG: 005-56.95 W


                                       TEMPERATURE (°C)

                              HEAT    COOL                              MAX    MAX    MIN    MIN
          MEAN   MEAN         DEG     DEG                                >=     <=     <=     <=
 YR  MO   MAX    MIN    MEAN  DAYS    DAYS      HI  DAY     LOW  DAY     30      0      0    -20
------------------------------------------------------------------------------------------------
2018 01
2018 02   14,6    7,2   10,6   30,5    0,0    18,0   26     4,0   27      0      0      0      0
2018 03   12,5    6,0    9,1  285,2    0,0    21,6   27     2,0   22      0      0      0      0
2018 04   17,5    9,5   13,2  166,7   14,4    28,5   25     2,8   09      0      0      0      0
2018 05   21,1   12,4   16,8   62,4    9,7    25,7   17     6,4   02      0      0      0      0
2018 06   26,1   16,8   21,4   33,1  124,7    35,9   24    10,7   05     11      0      0      0
2018 07   29,4   18,5   24,0    0,0  177,0    33,5   10    14,5   04     14      0      0      0
2018 08   33,8   22,8   28,2    0,0  304,6    40,6   03    16,2   09     30      0      0      0
2018 09   30,3   20,8   25,3    0,0  210,1    35,0   01    16,8   06     20      0      0      0
2018 10   20,9   13,1   16,6   81,3   32,0    29,1   03     3,7   29      0      0      0      0
2018 11   14,8    9,2   11,6  187,0    0,0    20,9   03     6,3   09      0      0      0      0
2018 12   14,0    8,4   10,6  204,1    0,0    20,7   06     4,6   18      0      0      0      0
------------------------------------------------------------------------------------------------
          22,1   13,8   17,8 1050,3  872,4    40,6  ago     2,0  mar     75      0      0      0


                  PRECIPITATION (mm)

                  MAX         ---DAYS OF RAIN---
                  OBS.               OVER
 YR  MO  TOTAL    DAY  DATE   0.30   3.00  30.00
------------------------------------------------
2018 01
2018 02   33,0   21,3    28      2      2      0
2018 03  162,0   28,2    09     23     15      0
2018 04   61,2   13,5    09     13      8      0
2018 05   25,5    7,5    06      8      4      0
2018 06    7,2    2,7    08      7      0      0
2018 07    0,9    0,9    02      1      0      0
2018 08    0,3    0,3    21      1      0      0
2018 09    1,2    0,9    14      2      0      0
2018 10    4,5    2,7    18      4      0      0
2018 11   76,2   12,0    11     17     11      0
2018 12   12,0    4,5    13      6      2      0
------------------------------------------------
         384,0   28,2   mar     84     42      0


           WIND SPEED (m/s)

                                DOM
 YR  MO    AVG     HI   DATE    DIR
-----------------------------------
2018 01
2018 02    3,4   21,4     28    168 
2018 03    4,5   26,2     14    161 
2018 04    2,6   19,0     10    169 
2018 05    1,8   11,9     03     95 
2018 06    1,7   13,3     20    148 
2018 07    1,8   11,6     14    188 
2018 08    1,8   14,3     28     68 
2018 09    1,6   13,3     14    128 
2018 10    1,7   19,7     30    102 
2018 11    1,2   19,7     10    151 
2018 12    0,5   21,1     13    121 
-----------------------------------
           2,0   26,2    mar    154