SEGURA DE TORO     Extremadura     España

10°C


Latitud: 40° 07.80 N Longitud: 5° 34.20 W Altitud: 630 metros
Idioma:  Español
Actualización16/02/2019 08:15
 

NOAA-Style Climate Reports

Select a Year or Month report
2019: Ene Feb Mar Abr May Jun Jul Ago Sep Oct Nov Dic
2018: Ene Feb Mar Abr May Jun Jul Ago Sep Oct Nov Dic
2017: Ene Feb Mar Abr May Jun Jul Ago Sep Oct Nov Dic

Report for 2017 Diciembre
                   MONTHLY CLIMATOLOGICAL SUMMARY for dic 2017


NAME: Segura de Toro                  
ELEV: 630 meter    LAT: 40-13.45 N    LONG: 005-56.95 W


                   TEMPERATURE (°C), RAIN (mm), WIND SPEED (km/h)

                                         HEAT   COOL         AVG
      MEAN                               DEG    DEG          WIND                   DOM
DAY   TEMP   HIGH   TIME    LOW   TIME   DAYS   DAYS   RAIN  SPEED   HIGH   TIME    DIR
---------------------------------------------------------------------------------------
 01
 02    6,6   11,7  19:08    5,3  23:43   11,8    0,0    0,0    6,5   23,4  22:10     43
 03    6,0   12,0  15:21    3,2  02:41   12,3    0,0    0,0    6,2   30,6  17:00     81
 04    7,5   13,6  16:41    4,7  05:22   10,8    0,0    0,0    2,7   13,3  18:20     86
 05    8,1   12,9  16:45    5,8  09:03   10,2    0,0    0,0    2,2   12,2  14:20    135
 06    8,1   12,0  16:49    5,9  08:24   10,3    0,0    0,0    2,3   11,2  14:00    111
 07    8,5   12,4  15:24    6,0  09:56    9,8    0,0    0,0    2,2   13,3  14:45    205
 08
 09
 10
 11
 12
 13
 14
 15
 16    6,9    8,0  18:17    5,7  23:47   11,5    0,0    0,0    6,5   25,6  21:40    322
 17    6,4   11,7  16:29    3,4  07:06   12,0    0,0    0,0    3,2   18,4  16:45     67
 18    8,7   13,5  15:05    4,7  05:33    9,7    0,0    0,0    4,7   37,8  22:00     65
 19   11,6   15,5  16:30    8,0  22:57    6,8    0,0    0,0    9,9   42,8  02:25     42
 20   10,0   14,3  17:05    7,7  07:17    8,4    0,0    0,0    2,7   17,3  22:55    100
 21   10,4   14,7  17:13    7,5  09:44    8,0    0,0    0,0    2,4   13,3  15:05    168
 22   11,7   17,9  16:32    9,1  07:28    6,6    0,0    0,0    2,9   18,4  16:45    101
 23   10,6   14,3  16:14    8,3  23:22    7,7    0,0    0,0    3,2   14,8  12:45     95
 24    9,1   13,0  16:29    7,0  06:19    9,2    0,0    0,0    2,8   13,3  14:25     92
 25    8,4   10,3  20:55    5,5  09:20    9,9    0,0    0,0   11,1   49,0  22:30    179
 26    7,4    8,9  23:07    5,3  08:52   10,9    0,0    0,0   14,8   64,8  22:35    172
 27    8,3   10,0  02:54    6,7  09:27   10,0    0,0    0,0    6,1   41,8  00:05    200
 28   10,5   13,3  20:06    6,6  00:07    7,8    0,0    0,0    5,1   27,0  20:45    145
 29   11,9   14,6  16:28    9,7  08:13    6,5    0,0    0,0    4,3   19,4  05:15    154
 30   11,7   12,4  00:00   11,0  07:20    6,6    0,0    0,0    4,7   17,3  00:25    188
 31
---------------------------------------------------------------------------------------
       9,1   17,9     22    3,2     03  196,6    0,0    0,0    5,0   64,8     26    140