SEGURA DE TORO     Extremadura     España

6°C


Latitud: 40° 07.80 N Longitud: 5° 34.20 W Altitud: 630 metros
Idioma:  Español
Actualización15/11/2019 01:30
 

NOAA-Style Climate Reports

Select a Year or Month report
2019: Ene Feb Mar Abr May Jun Jul Ago Sep Oct Nov Dic
2018: Ene Feb Mar Abr May Jun Jul Ago Sep Oct Nov Dic
2017: Ene Feb Mar Abr May Jun Jul Ago Sep Oct Nov Dic

Report for 2017 Octubre
                   MONTHLY CLIMATOLOGICAL SUMMARY for oct 2017


NAME: Segura de Toro                  
ELEV: 630 meter    LAT: 40-13.45 N    LONG: 005-56.95 W


                   TEMPERATURE (°C), RAIN (mm), WIND SPEED (km/h)

                                         HEAT   COOL         AVG
      MEAN                               DEG    DEG          WIND                   DOM
DAY   TEMP   HIGH   TIME    LOW   TIME   DAYS   DAYS   RAIN  SPEED   HIGH   TIME    DIR
---------------------------------------------------------------------------------------
 01   23,9   29,5  18:15   19,0  08:08    0,0    5,6    0,0    9,0   40,3  02:40     58
 02   25,3   31,8  17:46   21,2  04:55    0,0    7,0    0,0    5,5   23,4  00:10    157
 03   26,7   31,6  17:11   23,1  08:14    0,0    8,3    0,0    5,7   23,4  13:55    184
 04   26,3   30,7  15:48   21,8  09:28    0,0    8,0    0,0    5,8   27,0  17:15    199
 05   26,1   31,1  17:57   21,9  08:58    0,0    7,8    0,0    5,2   22,0  15:25    194
 06   25,9   31,0  14:52   22,0  08:45    0,0    7,5    0,0    8,2   30,6  20:55     67
 07   23,2   28,2  17:06   17,0  09:07    0,0    4,9    0,0    4,6   28,1  00:10    199
 08   23,6   29,1  16:52   19,2  09:08    0,0    5,2    0,0    5,0   19,4  18:20    186
 09   24,4   29,1  16:48   21,0  05:47    0,0    6,1    0,0    5,6   19,4  14:45    170
 10   23,8   28,6  16:42   20,5  09:33    0,0    5,5    0,0    5,3   25,6  17:25    195
 11   23,2   27,2  17:16   19,3  09:30    0,0    4,8    0,0    6,1   27,0  16:10    181
 12   24,8   30,0  15:06   21,3  08:56    0,0    6,5    0,0    7,6   39,2  15:40    165
 13   23,4   27,9  17:16   19,2  09:41    0,0    5,0    0,0    6,1   33,1  14:55    212
 14   23,3   27,7  15:55   19,4  07:38    0,0    4,9    0,0    3,2   14,8  15:40    155
 15   26,4   30,1  13:54   21,3  08:08    0,0    8,0    0,0    9,5   50,0  15:35    146
 16   23,8   26,9  16:14   19,9  05:56    0,0    5,4    0,0   12,4   46,4  03:10    150
 17   19,5   21,9  01:38   17,8  06:30    0,0    1,2    0,6    7,2   41,8  08:20    159
 18
 19
 20
 21
 22
 23
 24
 25
 26
 27
 28   21,6   26,0  14:46   17,8  23:16    0,0    3,3    0,0   10,2   35,6  16:00     60
 29   18,5   25,5  16:18   14,2  07:28    0,0    0,2    0,0    5,0   34,2  17:55     80
 30   16,2   21,0  15:39   10,8  08:41    2,1    0,0    0,0    6,3   27,0  17:00     83
 31   16,6   22,3  15:37   11,9  08:13    1,7    0,0    0,0    4,8   25,6  15:40    180
---------------------------------------------------------------------------------------
      23,3   31,8     02   10,8     30    3,8  105,3    0,6    6,5   50,0     15    141