SEGURA DE TORO     Extremadura     España

10°C


Latitud: 40° 07.80 N Longitud: 5° 34.20 W Altitud: 630 metros
Idioma:  Español
Actualización16/02/2019 08:25
 

NOAA-Style Climate Reports

Select a Year or Month report
2019: Ene Feb Mar Abr May Jun Jul Ago Sep Oct Nov Dic
2018: Ene Feb Mar Abr May Jun Jul Ago Sep Oct Nov Dic
2017: Ene Feb Mar Abr May Jun Jul Ago Sep Oct Nov Dic

Report for 2017 Septiembre
                   MONTHLY CLIMATOLOGICAL SUMMARY for sep 2017


NAME: Segura de Toro                  
ELEV: 630 meter    LAT: 40-13.45 N    LONG: 005-56.95 W


                   TEMPERATURE (°C), RAIN (mm), WIND SPEED (km/h)

                                         HEAT   COOL         AVG
      MEAN                               DEG    DEG          WIND                   DOM
DAY   TEMP   HIGH   TIME    LOW   TIME   DAYS   DAYS   RAIN  SPEED   HIGH   TIME    DIR
---------------------------------------------------------------------------------------
 01
 02   26,8   29,2  18:26   24,3  23:36    0,0    8,5    0,0    5,8   14,8  17:16    145
 03   26,0   31,2  17:15   21,0  09:16    0,0    7,6    0,0    8,2   31,7  21:40    195
 04   24,8   32,4  18:23   18,0  08:25    0,0    6,5    0,0   11,0   40,3  10:15     47
 05   26,6   32,6  17:59   21,2  06:57    0,0    8,2    0,0    6,3   23,4  14:10    209
 06   27,9   33,6  17:38   22,7  08:51    0,0    9,6    0,0    8,7   36,7  01:55     59
 07   25,8   32,1  16:13   18,9  09:00    0,0    7,4    0,0    7,9   35,6  02:25     50
 08   26,0   31,1  16:58   22,0  07:31    0,0    7,7    0,0    6,1   23,4  18:55    178
 09   20,5   23,8  00:41   16,6  07:25    0,0    2,2    0,0   14,0   46,4  07:45     34
 10   19,0   26,2  18:11   12,5  06:39    0,0    0,6    0,0   10,7   41,8  02:15     48
 11   24,0   30,5  17:49   18,7  04:28    0,0    5,7    0,0   10,9   33,1  05:40     33
 12   22,9   29,1  17:48   16,8  08:47    0,0    4,6    0,0   12,2   46,4  07:55     46
 13   25,1   30,9  18:11   20,4  06:36    0,0    6,8    0,0    8,0   34,2  00:40    178
 14   24,5   29,6  17:25   19,9  08:15    0,0    6,1    0,0   11,5   47,9  08:10     44
 15   18,2   22,6  16:40   12,8  06:55    0,1    0,0    0,0   18,5   52,6  06:45     48
 16   17,3   23,4  17:16   11,7  08:33    1,0    0,0    0,0    4,9   30,6  00:10     42
 17   18,5   23,8  18:33   13,6  07:59    0,0    0,2    0,0    7,4   27,0  15:30    181
 18   19,3   25,0  17:53   15,1  05:04    0,0    1,0    0,0    7,8   28,1  05:40     41
 19   21,2   27,7  18:54   15,7  05:11    0,0    2,8    0,0    6,6   30,6  03:05    106
 20   23,2   28,2  17:34   18,4  09:16    0,0    4,9    0,0    5,7   28,1  16:30    197
 21   22,9   26,2  14:55   18,5  07:08    0,0    4,5    0,0    6,5   29,5  14:00    201
 22   22,8   27,9  17:53   18,3  05:13    0,0    4,5    0,0    7,5   25,6  04:18    200
 23   23,0   28,1  16:23   18,4  08:21    0,0    4,7    0,0    6,4   29,5  16:20    210
 24   23,5   27,9  18:05   18,9  07:45    0,0    5,2    0,0    8,3   33,1  14:35    214
 25   21,5   26,6  16:48   16,4  09:21    0,0    3,2    0,0   10,1   43,9  09:25     47
 26   21,6   27,5  18:46   16,9  06:08    0,0    3,3    0,0    5,6   28,1  04:50    172
 27   22,7   27,4  17:37   19,4  09:21    0,0    4,4    0,0    6,1   27,0  15:40    199
 28   23,3   28,2  16:24   19,3  07:04    0,0    5,0    0,0    6,7   33,1  15:20    211
 29   24,7   29,3  16:35   21,1  08:27    0,0    6,3    0,0    7,3   30,6  17:20    203
 30   23,7   28,4  17:51   19,1  08:59    0,0    5,3    0,0    6,8   28,1  22:55     58
---------------------------------------------------------------------------------------
      22,9   33,6     06   11,7     16    1,2  136,9    0,0    8,5   52,6     15     59