SEGURA DE TORO     Extremadura     España

10°C


Latitud: 40° 07.80 N Longitud: 5° 34.20 W Altitud: 630 metros
Idioma:  Español
Actualización16/02/2019 08:25
 

NOAA-Style Climate Reports

Select a Year or Month report
2019: Ene Feb Mar Abr May Jun Jul Ago Sep Oct Nov Dic
2018: Ene Feb Mar Abr May Jun Jul Ago Sep Oct Nov Dic
2017: Ene Feb Mar Abr May Jun Jul Ago Sep Oct Nov Dic

Report for 2017 Agosto
                   MONTHLY CLIMATOLOGICAL SUMMARY for ago 2017


NAME: Segura de Toro                  
ELEV: 630 meter    LAT: 40-13.45 N    LONG: 005-56.95 W


                   TEMPERATURE (°C), RAIN (mm), WIND SPEED (km/h)

                                         HEAT   COOL         AVG
      MEAN                               DEG    DEG          WIND                   DOM
DAY   TEMP   HIGH   TIME    LOW   TIME   DAYS   DAYS   RAIN  SPEED   HIGH   TIME    DIR
---------------------------------------------------------------------------------------
 01   23,7   29,3  18:29   17,4  07:55    0,0    5,4    0,0    7,9   31,7  01:15    218
 02   26,8   32,9  18:32   20,4  07:42    0,0    8,5    0,0    7,0   30,6  02:40    224
 03   28,9   34,8  19:04   23,2  08:30    0,0   10,6    0,0    8,3   28,1  04:40     65
 04   30,8   37,4  17:59   24,8  05:11    0,0   12,5    0,0   10,8   42,8  04:30     46
 05   31,4   36,3  17:42   26,4  08:07    0,0   13,0    0,0   10,4   37,8  02:35    137
 06   27,0   33,7  18:36   18,3  08:11    0,0    8,6    0,0    9,6   42,8  02:10     20
 07   26,2   31,8  17:35   19,3  08:15    0,0    7,9    0,0    9,7   46,4  17:40    218
 08   22,7   29,6  18:06   15,5  08:23    0,0    4,3    0,0   13,6   43,9  07:15     43
 09   21,6   26,2  16:07   15,7  08:25    0,0    3,3    0,0   18,2   49,0  21:55     46
 10   20,9   29,0  18:36   13,3  08:18    0,0    2,5    0,0    9,0   45,4  00:15     53
 11   24,3   31,3  16:41   17,8  07:50    0,0    6,0    0,0    6,8   28,1  00:05     54
 12   27,1   33,6  19:06   21,8  08:44    0,0    8,8    0,0    5,5   22,0  16:30    202
 13   29,2   34,3  18:30   24,8  07:35    0,0   10,9    0,0    7,5   34,2  16:20    203
 14   29,6   34,1  17:07   25,1  08:34    0,0   11,3    0,0    7,9   45,4  15:22    208
 15   27,6   32,5  18:17   22,5  07:41    0,0    9,2    0,0    7,8   34,2  18:55    208
 16   27,2   34,6  18:39   20,5  08:50    0,0    8,9    0,0   11,3   40,3  02:55     58
 17   30,0   36,0  17:05   23,8  08:33    0,0   11,7    0,0    9,1   41,8  02:20     65
 18   30,6   36,0  18:13   25,0  07:21    0,0   12,3    0,0   10,4   42,8  07:25     52
 19   29,1   35,6  17:19   22,5  06:59    0,0   10,8    0,0    8,3   34,2  01:35     55
 20   30,6   37,1  18:44   23,8  08:48    0,0   12,3    0,0    7,0   30,6  01:30    182
 21   31,3   35,5  15:18   24,5  09:07    0,0   13,0    0,0    8,9   37,8  16:30    204
 22   30,4   35,2  18:43   25,1  09:06    0,0   12,1    0,0    6,5   27,0  15:35    225
 23   30,0   35,4  17:25   24,9  06:49    0,0   11,6    0,0   10,1   36,7  18:35    215
 24   26,0   30,5  17:34   19,4  08:31    0,0    7,6    0,0    9,9   37,8  13:30    219
 25   25,6   31,8  17:16   20,1  08:45    0,0    7,2    0,0    6,8   29,5  15:10    228
 26   26,3   30,4  17:49   22,3  08:37    0,0    7,9    0,0   11,6   60,1  14:45    157
 27   26,4   29,1  00:50   19,5  05:00    0,0    8,1    0,6   11,9   41,8  01:20    156
 28
 29
 30
 31
---------------------------------------------------------------------------------------
      27,5   37,4     04   13,3     10    0,0  246,3    0,6    9,3   60,1     26    125