SEGURA DE TORO     Extremadura     España

29°C


Latitud: 40° 07.80 N Longitud: 5° 34.20 W Altitud: 630 metros
Idioma:  Español
Actualización18/07/2019 11:40
 

NOAA-Style Climate Reports

Select a Year or Month report
2019: Ene Feb Mar Abr May Jun Jul Ago Sep Oct Nov Dic
2018: Ene Feb Mar Abr May Jun Jul Ago Sep Oct Nov Dic
2017: Ene Feb Mar Abr May Jun Jul Ago Sep Oct Nov Dic

Report for 2017 Julio
                   MONTHLY CLIMATOLOGICAL SUMMARY for jul 2017


NAME: Segura de Toro                  
ELEV: 630 meter    LAT: 40-13.45 N    LONG: 005-56.95 W


                   TEMPERATURE (°C), RAIN (mm), WIND SPEED (km/h)

                                         HEAT   COOL         AVG
      MEAN                               DEG    DEG          WIND                   DOM
DAY   TEMP   HIGH   TIME    LOW   TIME   DAYS   DAYS   RAIN  SPEED   HIGH   TIME    DIR
---------------------------------------------------------------------------------------
 01   19,0   25,9  17:06   12,0  07:08    0,0    0,6    0,0   13,9   43,9  02:20     37
 02   24,5   32,1  16:19   17,2  07:48    0,0    6,2    0,0    6,7   35,6  19:25     37
 03   28,4   34,0  18:06   22,0  07:35    0,0   10,0    0,0    7,2   25,6  18:10    157
 04   29,1   34,0  15:47   24,1  07:47    0,0   10,8    0,0    9,4   37,8  16:25    167
 05   25,4   29,2  17:49   20,3  07:55    0,0    7,0    0,0    9,4   39,2  13:10    208
 06   19,8   24,6  00:00   16,6  12:27    0,0    1,5   12,0    3,9   24,5  12:15    183
 07   20,2   24,0  17:07   15,3  07:55    0,0    1,9    2,4    7,4   40,3  14:40    175
 08   22,1   28,5  18:44   16,3  07:34    0,0    3,8    0,0    5,2   24,5  16:55    163
 09   24,8   29,9  17:20   18,7  07:20    0,0    6,4    0,0    9,0   36,7  18:10    223
 10   23,5   30,0  19:33   16,8  06:16    0,0    5,1    0,0    7,3   35,6  02:50    158
 11   27,3   33,2  17:09   21,4  07:17    0,0    8,9    0,0    7,2   35,6  06:40    117
 12   30,1   36,6  19:34   24,3  04:58    0,0   11,8    0,0    6,6   27,0  17:45    168
 13   32,5   38,8  19:17   27,5  04:17    0,0   14,1    0,0    5,8   24,5  15:05    165
 14   32,4   37,4  18:13   26,0  07:38    0,0   14,1    0,0    8,0   36,7  06:10    173
 15   30,8   36,6  19:35   24,7  06:07    0,0   12,5    0,0    4,5   19,4  00:20    188
 16   31,0   36,1  18:35   25,8  08:10    0,0   12,6    0,0    6,7   27,0  17:55    204
 17   29,6   34,3  17:27   24,4  08:05    0,0   11,3    0,0    9,4   33,1  22:25    177
 18   27,7   32,4  17:17   23,0  10:50    0,0    9,4    0,0   11,2   50,0  18:25    212
 19   23,2   28,6  18:53   16,8  08:24    0,0    4,9    0,0    9,4   35,6  19:45    216
 20   22,8   28,8  17:55   16,8  06:50    0,0    4,5    0,0   11,2   36,7  03:35    139
 21   23,7   29,3  19:52   18,4  08:20    0,0    5,4    0,0   10,0   39,2  04:25     99
 22   24,4   30,9  20:06   18,5  05:53    0,0    6,1    0,0    9,4   36,7  02:50     57
 23   26,8   33,1  20:02   21,0  06:34    0,0    8,5    0,0    9,6   35,6  03:15     71
 24   26,4   32,2  19:00   19,9  08:00    0,0    8,1    0,0   14,2   36,7  06:05     58
 25   26,4   31,9  17:40   19,4  07:50    0,0    8,0    0,0    7,3   33,1  19:30     44
 26   28,4   34,6  18:35   22,4  07:51    0,0   10,0    0,0    6,6   29,5  00:55    201
 27   30,1   35,2  18:07   24,7  07:23    0,0   11,8    0,3    8,4   33,1  03:30    165
 28   29,5   34,5  18:41   23,2  05:43    0,0   11,2    2,7   12,0   43,9  05:30     80
 29   29,0   34,4  18:05   22,9  08:27    0,0   10,7    0,0    8,8   33,1  03:45    167
 30   28,1   32,9  17:54   22,4  06:55    0,0    9,8    0,0    8,0   35,6  19:00    210
 31   24,0   29,0  16:50   17,4  08:40    0,0    5,7    0,0    8,4   34,2  15:40    207
---------------------------------------------------------------------------------------
      26,6   38,8     13   12,0     01    0,0  252,6   17,4    8,5   50,0     18    165