SEGURA DE TORO     Extremadura     España

6°C


Latitud: 40° 07.80 N Longitud: 5° 34.20 W Altitud: 630 metros
Idioma:  Español
Actualización15/11/2019 01:30
 

NOAA-Style Climate Reports

Select a Year or Month report
2019: Ene Feb Mar Abr May Jun Jul Ago Sep Oct Nov Dic
2018: Ene Feb Mar Abr May Jun Jul Ago Sep Oct Nov Dic
2017: Ene Feb Mar Abr May Jun Jul Ago Sep Oct Nov Dic

Report for 2017 Junio
                   MONTHLY CLIMATOLOGICAL SUMMARY for jun 2017


NAME: Segura de Toro                  
ELEV: 630 meter    LAT: 40-13.45 N    LONG: 005-56.95 W


                   TEMPERATURE (°C), RAIN (mm), WIND SPEED (km/h)

                                         HEAT   COOL         AVG
      MEAN                               DEG    DEG          WIND                   DOM
DAY   TEMP   HIGH   TIME    LOW   TIME   DAYS   DAYS   RAIN  SPEED   HIGH   TIME    DIR
---------------------------------------------------------------------------------------
 01   25,5   30,8  18:28   20,8  07:34    0,0    7,1    0,0    5,0   24,5  17:10    161
 02   25,9   29,6  17:21   22,3  04:52    0,0    7,6    0,0    7,7   30,6  14:45    195
 03   23,1   28,2  18:16   17,8  08:05    0,0    4,8    0,0    7,0   34,2  03:35     33
 04   20,8   25,5  16:06   15,5  07:48    0,0    2,5    0,6   10,5   41,8  04:15     22
 05   19,9   26,3  18:31   13,2  07:01    0,0    1,5    0,0    6,3   23,4  18:06    212
 06   21,7   28,7  18:36   16,2  06:21    0,0    3,4    0,0    8,9   25,6  09:16     37
 07   25,5   32,4  17:41   19,1  05:36    0,0    7,1    0,0    6,1   28,1  04:01     82
 08   27,0   30,4  16:16   22,9  07:26    0,0    8,7    0,0    7,0   30,6  14:41    138
 09   24,8   30,0  18:16   19,5  07:31    0,0    6,5    0,0    6,5   22,0  16:21    181
 10   27,5   33,5  18:14   21,8  05:59    0,0    9,1    0,0    7,6   34,2  01:40    126
 11   29,7   35,4  19:43   24,7  08:07    0,0   11,4    0,0    6,7   33,1  02:35    166
 12   31,1   36,3  19:56   25,8  07:24    0,0   12,8    0,0    7,2   34,2  01:25    117
 13   29,3   33,8  20:05   24,8  09:17    0,0   11,0    0,3    7,9   37,8  00:15    175
 14   28,6   34,2  20:00   22,1  08:00    0,0   10,3    0,0    6,3   29,5  15:10    204
 15   30,3   37,0  20:06   23,8  07:17    0,0   11,9    0,0    5,5   24,5  16:15    217
 16   31,5   37,7  19:30   25,3  07:15    0,0   13,2    0,0    5,1   20,9  02:15    189
 17   31,8   38,2  16:21   27,4  08:12    0,0   13,5    0,0    5,3   58,7  17:30    157
 18   32,3   38,7  18:48   27,8  08:34    0,0   14,0    0,0    7,9   35,6  00:00    141
 19   30,3   36,4  17:06   26,9  08:14    0,0   12,0    0,0    7,4   28,1  16:00    148
 20   13,7   13,7  17:50   13,7  17:50    4,6    0,0    2,7    0,0    0,0  17:50     90
 21
 22
 23   28,0   28,2  23:25   27,7  23:55    0,0    9,6    0,0   12,2   17,3  23:55    135
 24   26,3   31,6  17:16   20,3  08:15    0,0    8,0    0,0    8,7   37,8  19:20    209
 25   23,7   29,5  16:30   18,9  21:34    0,0    5,4    0,3    4,9   42,8  18:00    173
 26   22,7   28,6  19:12   17,4  06:15    0,0    4,4    0,0    9,1   37,8  16:15    216
 27   20,8   25,5  16:34   15,4  07:37    0,0    2,5    0,6    8,5   33,1  15:35    235
 28   18,2   24,0  17:59   14,6  07:22    0,2    0,0    0,6   13,7   50,0  15:15    205
 29   15,8   20,8  15:29   12,2  07:57    2,5    0,0    0,0   10,7   37,8  18:25      3
 30   16,3   22,5  18:28   11,7  07:14    2,0    0,0    0,0   11,0   35,6  12:10     29
---------------------------------------------------------------------------------------
      24,9   38,7     18   11,7     30    9,3  198,2    5,1    7,7   58,7     17    178