SEGURA DE TORO     Extremadura     España

10°C


Latitud: 40° 07.80 N Longitud: 5° 34.20 W Altitud: 630 metros
Idioma:  Español
Actualización16/02/2019 08:15
 

NOAA-Style Climate Reports

Select a Year or Month report
2019: Ene Feb Mar Abr May Jun Jul Ago Sep Oct Nov Dic
2018: Ene Feb Mar Abr May Jun Jul Ago Sep Oct Nov Dic
2017: Ene Feb Mar Abr May Jun Jul Ago Sep Oct Nov Dic

Report for 2017 Mayo
                   MONTHLY CLIMATOLOGICAL SUMMARY for may 2017


NAME: Segura de Toro                  
ELEV: 630 meter    LAT: 40-13.45 N    LONG: 005-56.95 W


                   TEMPERATURE (°C), RAIN (mm), WIND SPEED (km/h)

                                         HEAT   COOL         AVG
      MEAN                               DEG    DEG          WIND                   DOM
DAY   TEMP   HIGH   TIME    LOW   TIME   DAYS   DAYS   RAIN  SPEED   HIGH   TIME    DIR
---------------------------------------------------------------------------------------
 01   12,6   20,3  17:40    5,3  07:54    5,8    0,0    0,0    8,3   35,6  02:45     42
 02   18,3   24,3  18:59   13,0  05:48    0,1    0,0    0,0    5,0   22,0  13:50    206
 03   19,9   25,6  15:27   17,2  07:26    0,0    1,6    0,0    5,5   34,2  15:00    172
 04
 05
 06
 07
 08
 09
 10
 11
 12
 13
 14
 15
 16
 17
 18
 19   18,6   22,4  19:45   16,1  23:45    0,0    0,3    0,0    8,7   20,9  21:05     62
 20   19,9   27,7  17:30   13,5  04:25    0,0    1,6    0,0    5,1   22,0  02:40    100
 21   23,1   27,6  14:11   18,7  09:20    0,0    4,8    0,0   14,7   70,9  19:05    137
 22   21,0   26,8  18:48   14,8  07:45    0,0    2,7    0,0    6,1   34,2  00:10    183
 23   25,2   32,4  17:55   19,3  06:37    0,0    6,9    0,0    5,2   29,5  18:55    131
 24   26,4   31,7  17:45   21,0  07:35    0,0    8,1    0,0    7,2   35,6  02:35    153
 25   27,0   32,5  18:33   21,7  08:00    0,0    8,6    0,0    6,1   31,7  02:40    157
 26   25,2   28,0  01:08   21,0  08:13    0,0    6,8    0,0    9,7   35,6  14:30    176
 27   22,3   27,9  17:39   17,1  07:10    0,0    4,0    0,0    7,5   46,4  13:35    198
 28   20,1   22,0  00:04   17,7  08:14    0,0    1,8    0,0   11,3   33,1  09:19    182
 29   19,0   24,3  18:41   14,5  09:56    0,0    0,7    0,0    8,1   24,5  15:15    208
 30   21,6   28,4  18:34   16,1  06:45    0,0    3,2    0,0    7,4   35,6  04:50     68
 31   23,8   29,9  18:34   18,3  06:45    0,0    5,5    0,0    4,9   22,0  17:25    162
---------------------------------------------------------------------------------------
      21,7   32,5     25    5,3     01    5,8   56,5    0,0    7,6   70,9     21    163