SEGURA DE TORO     Extremadura     España

29°C


Latitud: 40° 07.80 N Longitud: 5° 34.20 W Altitud: 630 metros
Idioma:  Español
Actualización18/07/2019 11:40
 

NOAA-Style Climate Reports

Select a Year or Month report
2019: Ene Feb Mar Abr May Jun Jul Ago Sep Oct Nov Dic
2018: Ene Feb Mar Abr May Jun Jul Ago Sep Oct Nov Dic
2017: Ene Feb Mar Abr May Jun Jul Ago Sep Oct Nov Dic

Report for 2017 Marzo
                   MONTHLY CLIMATOLOGICAL SUMMARY for mar 2017


NAME: Segura de Toro                  
ELEV: 630 meter    LAT: 40-13.45 N    LONG: 005-56.95 W


                   TEMPERATURE (°C), RAIN (mm), WIND SPEED (km/h)

                                         HEAT   COOL         AVG
      MEAN                               DEG    DEG          WIND                   DOM
DAY   TEMP   HIGH   TIME    LOW   TIME   DAYS   DAYS   RAIN  SPEED   HIGH   TIME    DIR
---------------------------------------------------------------------------------------
 01
 02
 03
 04    7,8    8,0  19:24    7,6  19:37   10,5    0,0    0,0    7,9   17,3  19:40    160
 05    9,8   12,9  16:50    6,4  05:11    8,5    0,0    0,0    6,2   29,5  02:35    183
 06   13,2   18,7  17:00    9,6  08:19    5,1    0,0    0,0    5,2   22,0  18:25     54
 07   15,4   21,5  16:15    9,9  08:07    2,9    0,0    0,0    8,9   37,8  22:50     21
 08   16,8   23,4  16:53   11,6  08:19    1,5    0,0    0,0    3,3   27,0  00:15    136
 09   19,9   26,1  17:19   15,9  08:47    0,0    1,6    0,0    3,6   13,3  03:05    123
 10   21,0   25,5  15:53   17,9  05:50    0,0    2,6    0,0    4,9   33,1  15:40    204
 11   17,7   20,6  15:54   12,9  23:57    0,6    0,0    0,0    7,2   40,3  22:10     74
 12   12,1   16,3  13:35    7,1  23:52    6,2    0,0    1,8   16,6   52,6  04:10     13
 13    8,8   12,6  17:01    5,2  04:52    9,6    0,0    0,0   23,0   73,4  10:45     22
 14   13,5   17,5  17:36    9,5  08:17    4,9    0,0    0,3    7,7   51,5  00:15     39
 15   15,7   22,7  15:41   10,6  07:35    2,6    0,0    0,0    7,3   47,9  21:30     79
 16   16,0   21,9  16:18   11,7  07:24    2,3    0,0    0,0    8,0   39,2  05:40    111
 17   15,3   20,6  17:14   10,8  07:24    3,0    0,0    0,3    7,8   49,0  00:50    101
 18   16,2   21,3  17:12   12,3  07:25    2,2    0,0    0,0    4,4   17,3  14:40    175
 19   18,1   23,2  16:34   14,1  07:12    0,2    0,0    0,0    4,8   18,4  14:15    162
 20   18,0   22,5  17:19   13,3  23:57    0,3    0,0    0,0    6,0   25,6  16:45    165
 21   12,1   16,8  17:14    8,6  07:06    6,2    0,0    0,0    8,3   39,2  07:25      4
 22    6,6    9,4  00:05    3,0  23:58   11,8    0,0    0,0   10,4   41,8  13:20    169
 23    3,7    9,3  16:57    0,9  06:22   14,6    0,0    0,0    3,8   19,4  18:10    173
 24    5,4    9,8  17:50    2,8  01:37   12,9    0,0    0,0    2,3   17,3  21:38    298
 25    7,5   11,7  15:15    2,6  06:31   10,8    0,0    1,2   12,3   51,5  15:00    115
 26    9,0   11,7  20:24    7,0  06:11    9,3    0,0   34,2   21,2   91,8  21:10    116
 27
 28
 29
 30
 31
---------------------------------------------------------------------------------------
      13,2   26,1     09    0,9     23  126,2    4,2   37,8    8,3   91,8     26     76