SEGURA DE TORO     Extremadura     España

9°C


Latitud: 40° 07.80 N Longitud: 5° 34.20 W Altitud: 630 metros
Idioma:  Español
Actualización23/04/2019 13:00
 

NOAA-Style Climate Reports

Select a Year or Month report
2019: Ene Feb Mar Abr May Jun Jul Ago Sep Oct Nov Dic
2018: Ene Feb Mar Abr May Jun Jul Ago Sep Oct Nov Dic
2017: Ene Feb Mar Abr May Jun Jul Ago Sep Oct Nov Dic

Report for 2017 Febrero
                   MONTHLY CLIMATOLOGICAL SUMMARY for feb 2017


NAME: Segura de Toro                  
ELEV: 630 meter    LAT: 40-07.80 N    LONG: 005-34.20 W


                   TEMPERATURE (°C), RAIN (mm), WIND SPEED (m/s)

                                         HEAT   COOL         AVG
      MEAN                               DEG    DEG          WIND                   DOM
DAY   TEMP   HIGH   TIME    LOW   TIME   DAYS   DAYS   RAIN  SPEED   HIGH   TIME    DIR
---------------------------------------------------------------------------------------
 01   10,6   13,4  12:09    9,2  21:48    7,8    0,0    6,6    0,9    5,1  13:00    204
 02   11,2   13,7  13:05    9,1  23:23    7,1    0,0    0,0    1,5    6,8  15:45    190
 03   12,1   14,1  13:28   11,0  01:53    6,3    0,0   12,3    1,4    6,5  01:45    194
 04    9,8   12,4  14:13    6,3  22:56    8,6    0,0    1,8    1,2    5,8  13:35    217
 05    9,4   14,9  15:38    5,2  04:05    9,0    0,0    0,0    0,4    3,4  15:40    205
 06   11,2   15,3  14:30    8,3  22:58    7,2    0,0    0,0    0,6    3,7  22:25    208
 07    7,6   11,9  16:09    4,3  08:08   10,8    0,0    0,0    0,3    3,1  05:25    209
 08    7,8   12,4  13:57    3,4  06:32   10,5    0,0    0,0    0,2    2,7  22:30     90
 09    7,2   10,5  13:57    4,6  03:57   11,1    0,0    0,0    0,4    4,4  17:35     81
 10    8,4   11,6  12:58    5,8  07:59   10,0    0,0    0,0    0,8    4,4  15:55     76
 11    9,4   12,1  14:32    7,6  00:43    8,9    0,0   19,8    0,8    4,4  06:25     60
 12    9,2   12,6  15:02    7,4  22:54    9,1    0,0   22,2    0,3    4,1  16:30    196
 13   10,2   14,1  13:56    7,0  01:46    8,1    0,0    1,2    0,2    2,7  09:50     70
 14   10,8   14,5  13:05    7,4  07:53    7,6    0,0    0,3    0,4    3,1  11:45     86
 15   11,0   14,8  14:47    7,6  07:34    7,4    0,0    0,0    0,6    4,8  12:35    135
 16   10,2   15,1  16:55    6,6  07:14    8,1    0,0    0,0    0,1    2,0  10:55    155
 17    9,8   14,2  15:39    6,5  07:10    8,6    0,0    5,4    0,1    4,1  16:30    239
 18    9,3   14,0  16:56    5,2  06:13    9,0    0,0    0,3    0,7    4,8  14:55    133
 19   10,2   15,5  16:50    5,7  07:06    8,1    0,0    0,0    0,8    4,8  12:55    141
 20   11,3   15,8  15:00    7,3  03:45    7,0    0,0    0,0    1,3    5,4  08:10    134
 21   13,1   23,1  17:30    8,6  05:08    5,2    0,0    0,0    0,4    4,1  11:15    142
 22   13,0   16,3  15:16   10,9  08:31    5,3    0,0    0,0    0,3    2,7  11:50    127
 23   12,4   18,6  16:46    8,7  07:25    5,9    0,0    0,0    0,1    1,4  12:15    277
 24   11,9   19,2  16:45    6,7  07:17    6,4    0,0    0,0    0,2    2,7  14:00    266
 25    9,7   12,0  15:19    7,9  06:05    8,6    0,0    0,0    0,1    2,0  01:10    270
 26   11,0   15,7  16:46    8,5  03:03    7,3    0,0    0,0    0,4    2,7  12:25    272
 27
 28
---------------------------------------------------------------------------------------
      10,3   23,1     22    3,4     09  208,9    0,0   69,9    0,6    6,8     03    163