SEGURA DE TORO     Extremadura     España

9°C


Latitud: 40° 07.80 N Longitud: 5° 34.20 W Altitud: 630 metros
Idioma:  Español
Actualización16/02/2019 09:15
 

NOAA-Style Climate Reports

Select a Year or Month report
2019: Ene Feb Mar Abr May Jun Jul Ago Sep Oct Nov Dic
2018: Ene Feb Mar Abr May Jun Jul Ago Sep Oct Nov Dic
2017: Ene Feb Mar Abr May Jun Jul Ago Sep Oct Nov Dic

Report for 2017
                     CLIMATOLOGICAL SUMMARY for year 2017


NAME: Segura de Toro                  
ELEV: 630 meter    LAT: 40-13.45 N    LONG: 005-56.95 W


                                       TEMPERATURE (°C)

                              HEAT    COOL                              MAX    MAX    MIN    MIN
          MEAN   MEAN         DEG     DEG                                >=     <=     <=     <=
 YR  MO   MAX    MIN    MEAN  DAYS    DAYS      HI  DAY     LOW  DAY     30      0      0    -20
------------------------------------------------------------------------------------------------
2017 01
2017 02
2017 03
2017 04   14,1   10,3   11,0   12,4    0,0    14,2   30     8,0   30      0      0      0      0
2017 05   27,0   16,6   21,7    5,8   56,5    32,5   25     5,3   01      3      0      0      0
2017 06   30,3   20,3   24,9    9,3  198,2    38,7   18    11,7   30     15      0      0      0
2017 07   32,0   20,7   26,6    0,0  252,6    38,8   13    12,0   01     21      0      0      0
2017 08   33,1   21,4   27,5    0,0  246,3    37,4   04    13,3   10     22      0      0      0
2017 09   28,3   18,2   22,9    1,2  136,9    33,6   06    11,7   16      8      0      0      0
2017 10   28,0   19,0   23,3    3,8  105,3    31,8   02    10,8   30      7      0      0      0
2017 11   19,5   12,6   15,7   21,7    0,0    21,5   01    10,2   22      0      0      0      0
2017 12   12,7    6,5    9,1  196,6    0,0    17,9   22     3,2   03      0      0      0      0
------------------------------------------------------------------------------------------------
          27,5   17,7   22,6  250,9  995,9    38,8  jul     3,2  dic     76      0      0      0


                  PRECIPITATION (mm)

                  MAX         ---DAYS OF RAIN---
                  OBS.               OVER
 YR  MO  TOTAL    DAY  DATE   0.30   3.00  30.00
------------------------------------------------
2017 01
2017 02
2017 03
2017 04    3,0    3,0    30      1      1      0
2017 05    0,0    0,0    01      0      0      0
2017 06    5,1    2,7    20      6      0      0
2017 07   17,4   12,0    06      4      1      0
2017 08    0,6    0,6    27      1      0      0
2017 09    0,0    0,0    01      0      0      0
2017 10    0,6    0,6    17      1      0      0
2017 11    0,0    0,0    01      0      0      0
2017 12    0,0    0,0    02      0      0      0
------------------------------------------------
          26,7   12,0   jul     13      2      0


           WIND SPEED (km/h)

                                DOM
 YR  MO    AVG     HI   DATE    DIR
-----------------------------------
2017 01
2017 02
2017 03
2017 04   20,9   63,7     30    186 
2017 05    7,6   70,9     21    163 
2017 06    7,7   58,7     17    178 
2017 07    8,5   50,0     18    165 
2017 08    9,3   60,1     26    125 
2017 09    8,5   52,6     15     59 
2017 10    6,5   50,0     15    141 
2017 11    8,2   62,3     23    161 
2017 12    5,0   64,8     26    140 
-----------------------------------
           7,9   70,9    may    142