NOAA-Style Climate Reports
Select a Year or Month report
2024: Ene Feb Mar Abr May Jun Jul Ago Sep Oct Nov Dic
2023: Ene Feb Mar Abr May Jun Jul Ago Sep Oct Nov Dic
2022: Ene Feb Mar Abr May Jun Jul Ago Sep Oct Nov Dic
2021: Ene Feb Mar Abr May Jun Jul Ago Sep Oct Nov Dic
2020: Ene Feb Mar Abr May Jun Jul Ago Sep Oct Nov Dic
2019: Ene Feb Mar Abr May Jun Jul Ago Sep Oct Nov Dic
2018: Ene Feb Mar Abr May Jun Jul Ago Sep Oct Nov Dic
2024: Ene Feb Mar Abr May Jun Jul Ago Sep Oct Nov Dic
2023: Ene Feb Mar Abr May Jun Jul Ago Sep Oct Nov Dic
2022: Ene Feb Mar Abr May Jun Jul Ago Sep Oct Nov Dic
2021: Ene Feb Mar Abr May Jun Jul Ago Sep Oct Nov Dic
2020: Ene Feb Mar Abr May Jun Jul Ago Sep Oct Nov Dic
2019: Ene Feb Mar Abr May Jun Jul Ago Sep Oct Nov Dic
2018: Ene Feb Mar Abr May Jun Jul Ago Sep Oct Nov Dic
Report for 2024 Marzo
MONTHLY CLIMATOLOGICAL SUMMARY for Mar 2024 NAME: Segura de Toro ELEV: 630 meters LAT: 40-13.45 N LONG: 005-56.95 W TEMPERATURE (C), RAIN (cm), WIND SPEED (km/h) HEAT COOL AVG MEAN DEG DEG WIND DOM DAY TEMP HIGH TIME LOW TIME DAYS DAYS RAIN SPEED HIGH TIME DIR --------------------------------------------------------------------------------------- 01 8.4 12.4 13:28 5.1 04:42 10.0 0.0 0.00 0.0 0.0 00:00 N/A 02 7.0 9.3 14:32 5.1 22:43 11.3 0.0 0.36 0.0 3.6 09:52 N/A 03 7.3 10.3 13:59 4.0 03:41 11.0 0.0 0.03 0.0 0.0 00:00 N/A 04 9.6 13.3 14:50 7.4 22:03 8.8 0.0 0.27 0.0 1.1 12:35 N/A 05 9.9 14.9 13:23 6.5 03:37 8.4 0.0 0.00 0.0 1.1 00:10 N/A 06 11.0 15.7 13:44 7.0 04:47 7.3 0.0 0.00 0.0 1.1 06:37 N/A 07 8.4 11.3 00:05 5.2 13:34 10.0 0.0 2.73 0.0 1.1 14:49 N/A 08 7.5 10.2 15:00 5.6 03:15 10.8 0.0 1.77 0.2 66.2 21:48 165 09 6.2 8.5 00:00 4.3 12:03 12.2 0.0 0.24 0.0 19.4 00:13 112 10 8.0 10.3 14:25 6.1 00:42 10.3 0.0 0.87 0.0 0.0 00:00 N/A 11 10.0 13.6 15:40 7.0 06:39 8.3 0.0 0.00 0.0 0.0 00:00 N/A 12 12.0 17.5 15:50 8.4 01:26 6.3 0.0 0.00 0.0 1.1 22:04 N/A 13 14.7 20.9 15:43 10.8 03:34 3.6 0.0 0.00 0.0 1.1 00:16 N/A 14 12.6 15.5 16:42 10.9 07:24 5.8 0.0 0.00 0.0 1.1 06:32 N/A 15 14.2 18.0 15:53 11.6 07:41 4.1 0.0 0.00 0.0 1.1 01:28 N/A 16 15.3 20.3 14:11 11.8 06:22 3.1 0.0 0.00 0.0 1.1 00:29 N/A 17 17.7 23.7 15:22 14.3 06:39 0.6 0.0 0.00 0.0 1.1 07:26 N/A 18 18.0 21.5 14:24 15.5 00:25 0.3 0.0 0.00 0.0 0.0 00:00 N/A 19 15.9 17.6 08:59 14.5 05:22 2.4 0.0 0.00 0.0 0.0 00:00 N/A 20 21 22 23 24 25 26 27 28 29 30 31 --------------------------------------------------------------------------------------- 11.1 23.7 17 4.0 03 134.5 0.0 6.27 0.0 66.2 08 164