SEGURA DE TORO Cáceres España

28°C


Latitud: 40° 07.80 N Longitud: 5° 34.20 W Altitud: 630 metros
Idioma:  Español
Actualización22/09/2018 22:40 
 

NOAA-Style Climate Reports

Select a Year or Month report
2018: Ene Feb Mar Abr May Jun Jul Ago Sep Oct Nov Dic
2017: Ene Feb Mar Abr May Jun Jul Ago Sep Oct Nov Dic

Report for 2018 Septiembre
                   MONTHLY CLIMATOLOGICAL SUMMARY for sep 2018


NAME: Segura de Toro                  
ELEV: 630 meter    LAT: 40-13.45 N    LONG: 005-56.95 W


                   TEMPERATURE (°C), RAIN (mm), WIND SPEED (m/s)

                                         HEAT   COOL         AVG
      MEAN                               DEG    DEG          WIND                   DOM
DAY   TEMP   HIGH   TIME    LOW   TIME   DAYS   DAYS   RAIN  SPEED   HIGH   TIME    DIR
---------------------------------------------------------------------------------------
 01   29,4   35,0  16:15   24,4  06:20    0,0   11,1    0,0    1,4    5,8  22:15    144
 02   29,9   34,4  16:10   25,2  06:00    0,0   11,6    0,0    1,6    6,5  16:00    144
 03   24,5   28,2  15:20   21,1  08:55    0,0    6,2    0,0    1,9    9,5  17:05    193
 04   22,2   27,3  16:10   17,4  07:10    0,0    3,9    0,0    2,0    8,8  15:20    188
 05   20,4   24,1  15:55   17,4  05:25    0,0    2,1    0,0    1,8    6,1  09:05    192
 06   21,0   26,5  13:45   16,8  05:05    0,0    2,7    0,0    1,4    7,1  17:55     83
 07   23,7   29,7  14:55   18,0  05:05    0,0    5,3    0,0    1,4   10,5  20:50    115
 08   21,8   26,3  14:00   17,3  08:36    0,0    3,5    0,3    2,4   12,6  19:36    102
 09   22,4   28,3  16:05   18,1  04:58    0,0    4,1    0,0    1,3    6,1  12:08     85
 10   24,6   30,1  15:40   18,9  06:09    0,0    6,3    0,0    1,4    6,1  01:33     81
 11   25,1   29,6  16:17   20,9  05:21    0,0    6,7    0,0    1,6    9,2  15:54    128
 12   26,0   31,1  16:21   21,5  05:28    0,0    7,7    0,0    1,4    6,1  15:24    160
 13   27,8   32,5  15:23   24,0  05:40    0,0    9,5    0,0    1,6    6,1  00:08    125
 14   26,9   31,9  13:17   20,0  23:55    0,0    8,5    0,9    1,7   13,3  21:12     95
 15   24,3   30,6  14:44   19,3  00:38    0,0    5,9    0,0    1,2   10,5  15:50    100
 16   25,2   30,3  14:38   20,3  06:20    0,0    6,9    0,0    1,4    8,8  18:24    109
 17   26,2   30,5  16:05   22,7  23:53    0,0    7,9    0,0    1,4    6,5  14:50    168
 18   24,8   29,4  15:51   20,8  06:49    0,0    6,5    0,0    1,4    6,5  13:15    162
 19   25,7   30,6  15:14   21,1  05:05    0,0    7,3    0,0    1,4    6,8  13:47    178
 20   26,7   30,8  14:44   23,0  07:20    0,0    8,4    0,0    1,6    7,5  13:06    177
 21   25,9   30,5  14:53   20,3  05:29    0,0    7,5    0,0    2,1    9,2  03:20     58
 22   27,8   32,4  16:53   23,7  04:35    0,0    9,5    0,0    1,2    6,5  14:52    142
 23
 24
 25
 26
 27
 28
 29
 30
---------------------------------------------------------------------------------------
      25,1   35,0     01   16,8     06    0,0  149,1    1,2    1,6   13,3     14    137