SEGURA DE TORO     Extremadura     España

21°C


Latitud: 40° 07.80 N Longitud: 5° 34.20 W Altitud: 630 metros
Idioma:  Español
Actualización11/08/2020 07:05
 

NOAA-Style Climate Reports

Select a Year or Month report
2020: Ene Feb Mar Abr May Jun Jul Ago Sep Oct Nov Dic
2019: Ene Feb Mar Abr May Jun Jul Ago Sep Oct Nov Dic
2018: Ene Feb Mar Abr May Jun Jul Ago Sep Oct Nov Dic
2017: Ene Feb Mar Abr May Jun Jul Ago Sep Oct Nov Dic

Report for 2020 Agosto
                   MONTHLY CLIMATOLOGICAL SUMMARY for ago 2020


NAME: Segura de Toro                  
ELEV: 630 meter    LAT: 40-13.45 N    LONG: 005-56.95 W


                   TEMPERATURE (°C), RAIN (mm), WIND SPEED (m/s)

                                         HEAT   COOL         AVG
      MEAN                               DEG    DEG          WIND                   DOM
DAY   TEMP   HIGH   TIME    LOW   TIME   DAYS   DAYS   RAIN  SPEED   HIGH   TIME    DIR
---------------------------------------------------------------------------------------
 01   29,5   35,8  15:48   23,1  04:51    0,0   11,2    0,0    2,0    9,5  05:59    188
 02   27,5   33,2  14:37   22,0  04:58    0,0    9,2    0,0    3,2   10,2  01:05     38
 03   26,1   31,3  16:09   19,8  06:37    0,0    7,8    0,0    2,7   10,5  02:59     41
 04   27,8   34,4  15:20   21,0  06:31    0,0    9,4    0,0    1,9    8,2  00:56    115
 05   30,6   36,4  16:07   25,1  06:33    0,0   12,3    0,0    1,7    6,1  14:37    152
 06   32,6   37,7  16:11   28,7  03:20    0,0   14,2    0,0    1,9   10,9  11:30    166
 07   30,6   35,9  14:59   25,3  06:20    0,0   12,3    0,0    1,5    7,1  13:56    217
 08   29,5   33,9  12:55   24,3  06:18    0,0   11,1    0,0    1,7   10,2  11:54    202
 09   29,3   34,8  15:26   24,3  05:29    0,0   11,0    0,0    1,9    9,2  15:59    212
 10   27,6   34,2  16:20   20,4  05:49    0,0    9,3    0,0    1,6   10,9  12:19    193
 11   23,4   25,5  00:00   21,3  05:58    0,0    5,1    0,0    0,3    2,0  01:06    118
 12
 13
 14
 15
 16
 17
 18
 19
 20
 21
 22
 23
 24
 25
 26
 27
 28
 29
 30
 31
---------------------------------------------------------------------------------------
      29,0   37,7     06   19,8     03    0,0  112,8    0,0    2,0   10,9     06    154