SEGURA DE TORO     Extremadura     España

9°C


Latitud: 40° 07.80 N Longitud: 5° 34.20 W Altitud: 630 metros
Idioma:  Español
Actualización28/02/2021 06:55
 

NOAA-Style Climate Reports

Select a Year or Month report
2021: Ene Feb Mar Abr May Jun Jul Ago Sep Oct Nov Dic
2020: Ene Feb Mar Abr May Jun Jul Ago Sep Oct Nov Dic
2019: Ene Feb Mar Abr May Jun Jul Ago Sep Oct Nov Dic
2018: Ene Feb Mar Abr May Jun Jul Ago Sep Oct Nov Dic
2017: Ene Feb Mar Abr May Jun Jul Ago Sep Oct Nov Dic

Report for 2021 Febrero
                   MONTHLY CLIMATOLOGICAL SUMMARY for feb 2021


NAME: Segura de Toro                  
ELEV: 630 meter    LAT: 40-13.45 N    LONG: 005-56.95 W


                   TEMPERATURE (°C), RAIN (mm), WIND SPEED (m/s)

                                         HEAT   COOL         AVG
      MEAN                               DEG    DEG          WIND                   DOM
DAY   TEMP   HIGH   TIME    LOW   TIME   DAYS   DAYS   RAIN  SPEED   HIGH   TIME    DIR
---------------------------------------------------------------------------------------
 01   11,5   15,3  15:02    9,0  05:13    6,9    0,0    0,0    0,0    1,4  01:45    180
 02   11,0   11,9  15:55   10,2  10:29    7,3    0,0    2,1    0,0    0,3  11:07     90
 03   11,7   15,1  15:10    9,8  17:50    6,6    0,0    6,2    0,0    0,0  00:00     90
 04    8,9   10,8  00:43    7,6  12:52    9,4    0,0   36,9    0,0    0,0  00:00     90
 05   10,2   13,2  04:12    7,8  02:18    8,2    0,0   19,3    0,0    1,0  20:59     90
 06    8,4    9,9  12:52    7,1  23:32    9,9    0,0   22,1    0,1    3,4  12:56    239
 07    7,5   10,5  12:33    5,0  07:59   10,8    0,0    6,2    0,0    1,7  05:26     85
 08    8,5   10,1  14:04    6,9  07:22    9,8    0,0   11,0    0,0    0,0  00:00     90
 09    8,9   10,4  10:44    7,6  12:44    9,5    0,0   57,6    0,0    0,0  00:00     90
 10   10,4   14,4  15:24    7,6  05:34    8,0    0,0    2,8    0,4    6,8  04:07    162
 11   12,3   15,2  15:55    9,8  00:55    6,1    0,0    1,4    0,0    0,0  00:00     90
 12   11,6   14,6  16:03    9,2  07:57    6,8    0,0    7,6    0,0    0,0  00:00     90
 13   12,2   17,5  15:22    8,1  03:43    6,1    0,0    0,0    0,0    0,0  00:00     90
 14   12,7   17,9  15:55   10,0  04:39    5,6    0,0    0,0    0,0    0,0  00:00     90
 15   11,9   17,2  15:21    7,5  07:03    6,4    0,0    0,0    0,0    0,0  00:00     90
 16   12,3   15,7  02:58    7,6  08:22    6,1    0,0    0,0    0,0    0,0  00:00     90
 17   12,7   16,2  15:17    9,5  07:33    5,6    0,0    0,0    0,0    0,0  00:00     90
 18   12,0   15,0  14:07    8,9  07:30    6,3    0,0    0,0    0,0    0,0  00:00     90
 19   13,2   17,6  13:14    8,8  07:51    5,1    0,0    0,0    1,3   16,7  22:17    159
 20   13,5   15,2  21:14   11,8  07:07    4,8    0,0    4,5    3,6   18,4  04:51    145
 21    9,4   15,5  01:06    5,0  13:17    9,0    0,0   39,3    0,0    0,0  00:00     90
 22    8,8   13,3  15:30    5,4  06:07    9,5    0,0    0,0    0,0    0,0  00:00     90
 23   10,7   16,1  16:56    6,1  07:56    7,7    0,0    0,0    0,0    0,0  00:00     90
 24   13,6   18,0  14:50    8,8  08:00    4,7    0,0    0,0    0,0    0,0  00:00     90
 25   12,2   14,3  23:20    9,9  08:30    6,1    0,0    0,0    0,0    0,0  00:00     90
 26   12,8   15,5  15:29   10,6  08:00    5,5    0,0    0,0    0,0    0,0  00:00     90
 27   14,5   19,3  15:00   11,2  06:22    3,9    0,0    0,0    0,0    0,0  00:00     90
 28   12,2   13,8  01:25    9,1  05:52    6,1    0,0    0,0    0,0    0,0  00:00     90
---------------------------------------------------------------------------------------
      11,2   19,3     27    5,0     07  197,7    0,0  217,0    0,2   18,4     20    150